{"id":7098,"date":"2024-01-17T16:38:30","date_gmt":"2024-01-17T15:38:30","guid":{"rendered":"https:\/\/preview.efk.admin.ch\/prufung\/difetti-di-costruzione-del-tratto-raron-gampel-della-a9-ufficio-federale-delle-strade\/"},"modified":"2024-02-12T18:00:30","modified_gmt":"2024-02-12T17:00:30","slug":"difetti-di-costruzione-del-tratto-raron-gampel-della-a9-ufficio-federale-delle-strade","status":"publish","type":"audit","link":"https:\/\/www.efk.admin.ch\/it\/verifica\/difetti-di-costruzione-del-tratto-raron-gampel-della-a9-ufficio-federale-delle-strade\/","title":{"rendered":"Difetti di costruzione del tratto Raron-Gampel della A9"},"content":{"rendered":"\n<p>Con l\u2019attuazione della nuova impostazione della perequazione finanziaria e della ripartizione dei compiti tra la Confederazione e i Cantoni (NPC) nel 2008, \u00e8 stato sancito il passaggio di propriet\u00e0 delle strade nazionali dai Cantoni alla Confederazione. Il Cantone del Vallese, in qualit\u00e0 di committente, completer\u00e0 la costruzione dei restanti tratti dell\u2019autostrada A9, dopodich\u00e9 avverr\u00e0 il passaggio all\u2019Ufficio federale delle strade (USTRA). La Confederazione finanzia il completamento della rete con una quota del 96\u00a0%. Per quanto riguarda il Cantone, la realizzazione dell\u2019opera \u00e8 affidata al \u00abDienststelle f\u00fcr Nationalstrassenbau\u00bb, il Servizio deputato alla costruzione delle strade nazionali. Il costo totale del completamento della A9 tra Sierre Est e Visp Est \u00e8 stimato in circa 4,4\u00a0miliardi di franchi svizzeri (stato\u00a02019).<\/p>\n","protected":false},"featured_media":0,"menu_order":0,"template":"","audit_category":[134],"audit_type":[53],"class_list":["post-7098","audit","type-audit","status-publish","hentry","audit_category-trasporti-e-ambiete","audit_type-verifica"],"acf":{"audit_lang":[{"lang":"d"},{"lang":"f"}],"audit_numbers":[{"audit_number":"22302"}],"audit_office":22560,"audit_office_text":"","audit_date":"20230222","bgo":false,"keywords":"nuova impostazione della perequazione finanziaria, ripartizione dei compiti tra la Confederazione e i Cantoni (NPC), dei restanti tratti dell\u2019autostrada, \u00abDienststelle f\u00fcr Nationalstrassenbau\u00bb","audit_office_local":""},"yoast_head":"<!-- This site is optimized with the Yoast SEO Premium plugin v27.4 (Yoast SEO v27.4) - https:\/\/yoast.com\/product\/yoast-seo-premium-wordpress\/ -->\n<title>Difetti di costruzione del tratto Raron-Gampel della A9 - Controllo federale delle finanze (CDF)<\/title>\n<meta name=\"description\" content=\"Difetti di costruzione del tratto Raron-Gampel della A9\" \/>\n<meta name=\"robots\" content=\"index, follow, max-snippet:-1, max-image-preview:large, max-video-preview:-1\" \/>\n<link rel=\"canonical\" href=\"https:\/\/www.efk.admin.ch\/it\/verifica\/difetti-di-costruzione-del-tratto-raron-gampel-della-a9-ufficio-federale-delle-strade\/\" \/>\n<meta property=\"og:locale\" content=\"it_IT\" \/>\n<meta property=\"og:type\" content=\"article\" \/>\n<meta property=\"og:title\" content=\"Difetti di costruzione del tratto Raron-Gampel della A9\" \/>\n<meta property=\"og:description\" content=\"Difetti di costruzione del tratto Raron-Gampel della A9\" \/>\n<meta property=\"og:url\" content=\"https:\/\/www.efk.admin.ch\/it\/verifica\/difetti-di-costruzione-del-tratto-raron-gampel-della-a9-ufficio-federale-delle-strade\/\" \/>\n<meta property=\"og:site_name\" content=\"Controllo federale delle finanze (CDF)\" \/>\n<meta property=\"article:modified_time\" content=\"2024-02-12T17:00:30+00:00\" \/>\n<meta property=\"og:image\" content=\"https:\/\/www.efk.admin.ch\/wp-content\/uploads\/test\/palais.jpg\" \/>\n\t<meta property=\"og:image:width\" content=\"750\" \/>\n\t<meta property=\"og:image:height\" content=\"500\" \/>\n\t<meta property=\"og:image:type\" content=\"image\/jpeg\" \/>\n<meta name=\"twitter:card\" content=\"summary_large_image\" \/>\n<meta name=\"twitter:label1\" content=\"Est. reading time\" \/>\n\t<meta name=\"twitter:data1\" content=\"1 minute\" \/>\n<script type=\"application\/ld+json\" class=\"yoast-schema-graph\">{\"@context\":\"https:\\\/\\\/schema.org\",\"@graph\":[{\"@type\":\"WebPage\",\"@id\":\"https:\\\/\\\/www.efk.admin.ch\\\/it\\\/verifica\\\/difetti-di-costruzione-del-tratto-raron-gampel-della-a9-ufficio-federale-delle-strade\\\/\",\"url\":\"https:\\\/\\\/www.efk.admin.ch\\\/it\\\/verifica\\\/difetti-di-costruzione-del-tratto-raron-gampel-della-a9-ufficio-federale-delle-strade\\\/\",\"name\":\"Difetti di costruzione del tratto Raron-Gampel della A9 - Controllo federale delle finanze (CDF)\",\"isPartOf\":{\"@id\":\"https:\\\/\\\/www.efk.admin.ch\\\/it\\\/#website\"},\"datePublished\":\"2024-01-17T15:38:30+00:00\",\"dateModified\":\"2024-02-12T17:00:30+00:00\",\"description\":\"Difetti di costruzione del tratto Raron-Gampel della A9\",\"breadcrumb\":{\"@id\":\"https:\\\/\\\/www.efk.admin.ch\\\/it\\\/verifica\\\/difetti-di-costruzione-del-tratto-raron-gampel-della-a9-ufficio-federale-delle-strade\\\/#breadcrumb\"},\"inLanguage\":\"it-IT\",\"potentialAction\":[{\"@type\":\"ReadAction\",\"target\":[\"https:\\\/\\\/www.efk.admin.ch\\\/it\\\/verifica\\\/difetti-di-costruzione-del-tratto-raron-gampel-della-a9-ufficio-federale-delle-strade\\\/\"]}]},{\"@type\":\"BreadcrumbList\",\"@id\":\"https:\\\/\\\/www.efk.admin.ch\\\/it\\\/verifica\\\/difetti-di-costruzione-del-tratto-raron-gampel-della-a9-ufficio-federale-delle-strade\\\/#breadcrumb\",\"itemListElement\":[{\"@type\":\"ListItem\",\"position\":1,\"name\":\"Home\",\"item\":\"https:\\\/\\\/www.efk.admin.ch\\\/it\\\/\"},{\"@type\":\"ListItem\",\"position\":2,\"name\":\"Rapporto\",\"item\":\"https:\\\/\\\/www.efk.admin.ch\\\/it\\\/verifica\\\/\"},{\"@type\":\"ListItem\",\"position\":3,\"name\":\"Difetti di costruzione del tratto Raron-Gampel della A9\"}]},{\"@type\":\"WebSite\",\"@id\":\"https:\\\/\\\/www.efk.admin.ch\\\/it\\\/#website\",\"url\":\"https:\\\/\\\/www.efk.admin.ch\\\/it\\\/\",\"name\":\"Informationen \u00fcber das oberste Finanzaufsichtsorgan der Schweiz\",\"description\":\"Il Controllo federale delle finanze (CDF) \u00e8 l'organo supremo di vigilanza finanziaria della Confederazione svizzera.\",\"publisher\":{\"@id\":\"https:\\\/\\\/www.efk.admin.ch\\\/it\\\/#organization\"},\"alternateName\":\"EFK\",\"potentialAction\":[{\"@type\":\"SearchAction\",\"target\":{\"@type\":\"EntryPoint\",\"urlTemplate\":\"https:\\\/\\\/www.efk.admin.ch\\\/it\\\/?s={search_term_string}\"},\"query-input\":{\"@type\":\"PropertyValueSpecification\",\"valueRequired\":true,\"valueName\":\"search_term_string\"}}],\"inLanguage\":\"it-IT\"},{\"@type\":\"Organization\",\"@id\":\"https:\\\/\\\/www.efk.admin.ch\\\/it\\\/#organization\",\"name\":\"Controllo federale delle finanze (CDF)\",\"alternateName\":\"EFK\",\"url\":\"https:\\\/\\\/www.efk.admin.ch\\\/it\\\/\",\"logo\":{\"@type\":\"ImageObject\",\"inLanguage\":\"it-IT\",\"@id\":\"https:\\\/\\\/www.efk.admin.ch\\\/it\\\/#\\\/schema\\\/logo\\\/image\\\/\",\"url\":\"https:\\\/\\\/www.efk.admin.ch\\\/wp-content\\\/uploads\\\/efk_cdf_logo_ohne_claim.png\",\"contentUrl\":\"https:\\\/\\\/www.efk.admin.ch\\\/wp-content\\\/uploads\\\/efk_cdf_logo_ohne_claim.png\",\"width\":268,\"height\":258,\"caption\":\"Controllo federale delle finanze (CDF)\"},\"image\":{\"@id\":\"https:\\\/\\\/www.efk.admin.ch\\\/it\\\/#\\\/schema\\\/logo\\\/image\\\/\"},\"sameAs\":[\"https:\\\/\\\/www.instagram.com\\\/efk_cdf_sfao\\\/\",\"https:\\\/\\\/www.youtube.com\\\/channel\\\/UCm-bXj227VE5sJzhB-ihdvw\\\/featured\",\"https:\\\/\\\/www.linkedin.com\\\/company\\\/11081578\\\/\"]}]}<\/script>\n<!-- \/ Yoast SEO Premium plugin. -->","yoast_head_json":{"title":"Difetti di costruzione del tratto Raron-Gampel della A9 - Controllo federale delle finanze (CDF)","description":"Difetti di costruzione del tratto Raron-Gampel della A9","robots":{"index":"index","follow":"follow","max-snippet":"max-snippet:-1","max-image-preview":"max-image-preview:large","max-video-preview":"max-video-preview:-1"},"canonical":"https:\/\/www.efk.admin.ch\/it\/verifica\/difetti-di-costruzione-del-tratto-raron-gampel-della-a9-ufficio-federale-delle-strade\/","og_locale":"it_IT","og_type":"article","og_title":"Difetti di costruzione del tratto Raron-Gampel della A9","og_description":"Difetti di costruzione del tratto Raron-Gampel della A9","og_url":"https:\/\/www.efk.admin.ch\/it\/verifica\/difetti-di-costruzione-del-tratto-raron-gampel-della-a9-ufficio-federale-delle-strade\/","og_site_name":"Controllo federale delle finanze (CDF)","article_modified_time":"2024-02-12T17:00:30+00:00","og_image":[{"width":750,"height":500,"url":"https:\/\/www.efk.admin.ch\/wp-content\/uploads\/test\/palais.jpg","type":"image\/jpeg"}],"twitter_card":"summary_large_image","twitter_misc":{"Est. reading time":"1 minute"},"schema":{"@context":"https:\/\/schema.org","@graph":[{"@type":"WebPage","@id":"https:\/\/www.efk.admin.ch\/it\/verifica\/difetti-di-costruzione-del-tratto-raron-gampel-della-a9-ufficio-federale-delle-strade\/","url":"https:\/\/www.efk.admin.ch\/it\/verifica\/difetti-di-costruzione-del-tratto-raron-gampel-della-a9-ufficio-federale-delle-strade\/","name":"Difetti di costruzione del tratto Raron-Gampel della A9 - Controllo federale delle finanze (CDF)","isPartOf":{"@id":"https:\/\/www.efk.admin.ch\/it\/#website"},"datePublished":"2024-01-17T15:38:30+00:00","dateModified":"2024-02-12T17:00:30+00:00","description":"Difetti di costruzione del tratto Raron-Gampel della A9","breadcrumb":{"@id":"https:\/\/www.efk.admin.ch\/it\/verifica\/difetti-di-costruzione-del-tratto-raron-gampel-della-a9-ufficio-federale-delle-strade\/#breadcrumb"},"inLanguage":"it-IT","potentialAction":[{"@type":"ReadAction","target":["https:\/\/www.efk.admin.ch\/it\/verifica\/difetti-di-costruzione-del-tratto-raron-gampel-della-a9-ufficio-federale-delle-strade\/"]}]},{"@type":"BreadcrumbList","@id":"https:\/\/www.efk.admin.ch\/it\/verifica\/difetti-di-costruzione-del-tratto-raron-gampel-della-a9-ufficio-federale-delle-strade\/#breadcrumb","itemListElement":[{"@type":"ListItem","position":1,"name":"Home","item":"https:\/\/www.efk.admin.ch\/it\/"},{"@type":"ListItem","position":2,"name":"Rapporto","item":"https:\/\/www.efk.admin.ch\/it\/verifica\/"},{"@type":"ListItem","position":3,"name":"Difetti di costruzione del tratto Raron-Gampel della A9"}]},{"@type":"WebSite","@id":"https:\/\/www.efk.admin.ch\/it\/#website","url":"https:\/\/www.efk.admin.ch\/it\/","name":"Informationen \u00fcber das oberste Finanzaufsichtsorgan der Schweiz","description":"Il Controllo federale delle finanze (CDF) \u00e8 l'organo supremo di vigilanza finanziaria della Confederazione svizzera.","publisher":{"@id":"https:\/\/www.efk.admin.ch\/it\/#organization"},"alternateName":"EFK","potentialAction":[{"@type":"SearchAction","target":{"@type":"EntryPoint","urlTemplate":"https:\/\/www.efk.admin.ch\/it\/?s={search_term_string}"},"query-input":{"@type":"PropertyValueSpecification","valueRequired":true,"valueName":"search_term_string"}}],"inLanguage":"it-IT"},{"@type":"Organization","@id":"https:\/\/www.efk.admin.ch\/it\/#organization","name":"Controllo federale delle finanze (CDF)","alternateName":"EFK","url":"https:\/\/www.efk.admin.ch\/it\/","logo":{"@type":"ImageObject","inLanguage":"it-IT","@id":"https:\/\/www.efk.admin.ch\/it\/#\/schema\/logo\/image\/","url":"https:\/\/www.efk.admin.ch\/wp-content\/uploads\/efk_cdf_logo_ohne_claim.png","contentUrl":"https:\/\/www.efk.admin.ch\/wp-content\/uploads\/efk_cdf_logo_ohne_claim.png","width":268,"height":258,"caption":"Controllo federale delle finanze (CDF)"},"image":{"@id":"https:\/\/www.efk.admin.ch\/it\/#\/schema\/logo\/image\/"},"sameAs":["https:\/\/www.instagram.com\/efk_cdf_sfao\/","https:\/\/www.youtube.com\/channel\/UCm-bXj227VE5sJzhB-ihdvw\/featured","https:\/\/www.linkedin.com\/company\/11081578\/"]}]}},"_links":{"self":[{"href":"https:\/\/www.efk.admin.ch\/it\/wp-json\/wp\/v2\/audit\/7098","targetHints":{"allow":["GET"]}}],"collection":[{"href":"https:\/\/www.efk.admin.ch\/it\/wp-json\/wp\/v2\/audit"}],"about":[{"href":"https:\/\/www.efk.admin.ch\/it\/wp-json\/wp\/v2\/types\/audit"}],"acf:post":[{"embeddable":true,"href":"https:\/\/www.efk.admin.ch\/it\/wp-json\/wp\/v2\/office\/22560"}],"wp:attachment":[{"href":"https:\/\/www.efk.admin.ch\/it\/wp-json\/wp\/v2\/media?parent=7098"}],"wp:term":[{"taxonomy":"audit_category","embeddable":true,"href":"https:\/\/www.efk.admin.ch\/it\/wp-json\/wp\/v2\/audit_category?post=7098"},{"taxonomy":"audit_type","embeddable":true,"href":"https:\/\/www.efk.admin.ch\/it\/wp-json\/wp\/v2\/audit_type?post=7098"}],"curies":[{"name":"wp","href":"https:\/\/api.w.org\/{rel}","templated":true}]}}

<p>Con l’attuazione della nuova impostazione della perequazione finanziaria e della ripartizione dei compiti tra la Confederazione e i Cantoni (NPC) nel 2008, è stato sancito il passaggio di proprietà delle strade nazionali dai Cantoni alla Confederazione. Il Cantone del Vallese, in qualità di committente, completerà la costruzione dei restanti tratti dell’autostrada A9, dopodiché avverrà il passaggio all’Ufficio federale delle strade (USTRA). La Confederazione finanzia il completamento della rete con una quota del 96 %. Per quanto riguarda il Cantone, la realizzazione dell’opera è affidata al «Dienststelle für Nationalstrassenbau», il Servizio deputato alla costruzione delle strade nazionali. Il costo totale del completamento della A9 tra Sierre Est e Visp Est è stimato in circa 4,4 miliardi di franchi svizzeri (stato 2019).</p>

nuova impostazione della perequazione finanziaria, ripartizione dei compiti tra la Confederazione e i Cantoni (NPC), dei restanti tratti dell’autostrada, «Dienststelle für Nationalstrassenbau»

<!-- This site is optimized with the Yoast SEO Premium plugin v27.4 (Yoast SEO v27.4) - https://yoast.com/product/yoast-seo-premium-wordpress/ -->
<title>Difetti di costruzione del tratto Raron-Gampel della A9 - Controllo federale delle finanze (CDF)</title>
<meta name="description" content="Difetti di costruzione del tratto Raron-Gampel della A9" />
<meta name="robots" content="index, follow, max-snippet:-1, max-image-preview:large, max-video-preview:-1" />
<link rel="canonical" href="https://www.efk.admin.ch/it/verifica/difetti-di-costruzione-del-tratto-raron-gampel-della-a9-ufficio-federale-delle-strade/" />
<meta property="og:locale" content="it_IT" />
<meta property="og:type" content="article" />
<meta property="og:title" content="Difetti di costruzione del tratto Raron-Gampel della A9" />
<meta property="og:description" content="Difetti di costruzione del tratto Raron-Gampel della A9" />
<meta property="og:url" content="https://www.efk.admin.ch/it/verifica/difetti-di-costruzione-del-tratto-raron-gampel-della-a9-ufficio-federale-delle-strade/" />
<meta property="og:site_name" content="Controllo federale delle finanze (CDF)" />
<meta property="article:modified_time" content="2024-02-12T17:00:30+00:00" />
<meta property="og:image" content="https://www.efk.admin.ch/wp-content/uploads/test/palais.jpg" />
	<meta property="og:image:width" content="750" />
	<meta property="og:image:height" content="500" />
	<meta property="og:image:type" content="image/jpeg" />
<meta name="twitter:card" content="summary_large_image" />
<meta name="twitter:label1" content="Est. reading time" />
	<meta name="twitter:data1" content="1 minute" />
<script type="application/ld+json" class="yoast-schema-graph">{"@context":"https:\/\/schema.org","@graph":[{"@type":"WebPage","@id":"https:\/\/www.efk.admin.ch\/it\/verifica\/difetti-di-costruzione-del-tratto-raron-gampel-della-a9-ufficio-federale-delle-strade\/","url":"https:\/\/www.efk.admin.ch\/it\/verifica\/difetti-di-costruzione-del-tratto-raron-gampel-della-a9-ufficio-federale-delle-strade\/","name":"Difetti di costruzione del tratto Raron-Gampel della A9 - Controllo federale delle finanze (CDF)","isPartOf":{"@id":"https:\/\/www.efk.admin.ch\/it\/#website"},"datePublished":"2024-01-17T15:38:30+00:00","dateModified":"2024-02-12T17:00:30+00:00","description":"Difetti di costruzione del tratto Raron-Gampel della A9","breadcrumb":{"@id":"https:\/\/www.efk.admin.ch\/it\/verifica\/difetti-di-costruzione-del-tratto-raron-gampel-della-a9-ufficio-federale-delle-strade\/#breadcrumb"},"inLanguage":"it-IT","potentialAction":[{"@type":"ReadAction","target":["https:\/\/www.efk.admin.ch\/it\/verifica\/difetti-di-costruzione-del-tratto-raron-gampel-della-a9-ufficio-federale-delle-strade\/"]}]},{"@type":"BreadcrumbList","@id":"https:\/\/www.efk.admin.ch\/it\/verifica\/difetti-di-costruzione-del-tratto-raron-gampel-della-a9-ufficio-federale-delle-strade\/#breadcrumb","itemListElement":[{"@type":"ListItem","position":1,"name":"Home","item":"https:\/\/www.efk.admin.ch\/it\/"},{"@type":"ListItem","position":2,"name":"Rapporto","item":"https:\/\/www.efk.admin.ch\/it\/verifica\/"},{"@type":"ListItem","position":3,"name":"Difetti di costruzione del tratto Raron-Gampel della A9"}]},{"@type":"WebSite","@id":"https:\/\/www.efk.admin.ch\/it\/#website","url":"https:\/\/www.efk.admin.ch\/it\/","name":"Informationen über das oberste Finanzaufsichtsorgan der Schweiz","description":"Il Controllo federale delle finanze (CDF) è l'organo supremo di vigilanza finanziaria della Confederazione svizzera.","publisher":{"@id":"https:\/\/www.efk.admin.ch\/it\/#organization"},"alternateName":"EFK","potentialAction":[{"@type":"SearchAction","target":{"@type":"EntryPoint","urlTemplate":"https:\/\/www.efk.admin.ch\/it\/?s={search_term_string}"},"query-input":{"@type":"PropertyValueSpecification","valueRequired":true,"valueName":"search_term_string"}}],"inLanguage":"it-IT"},{"@type":"Organization","@id":"https:\/\/www.efk.admin.ch\/it\/#organization","name":"Controllo federale delle finanze (CDF)","alternateName":"EFK","url":"https:\/\/www.efk.admin.ch\/it\/","logo":{"@type":"ImageObject","inLanguage":"it-IT","@id":"https:\/\/www.efk.admin.ch\/it\/#\/schema\/logo\/image\/","url":"https:\/\/www.efk.admin.ch\/wp-content\/uploads\/efk_cdf_logo_ohne_claim.png","contentUrl":"https:\/\/www.efk.admin.ch\/wp-content\/uploads\/efk_cdf_logo_ohne_claim.png","width":268,"height":258,"caption":"Controllo federale delle finanze (CDF)"},"image":{"@id":"https:\/\/www.efk.admin.ch\/it\/#\/schema\/logo\/image\/"},"sameAs":["https:\/\/www.instagram.com\/efk_cdf_sfao\/","https:\/\/www.youtube.com\/channel\/UCm-bXj227VE5sJzhB-ihdvw\/featured","https:\/\/www.linkedin.com\/company\/11081578\/"]}]}</script>
<!-- / Yoast SEO Premium plugin. -->

Informationen über das oberste Finanzaufsichtsorgan der Schweiz

Il Controllo federale delle finanze (CDF) è l'organo supremo di vigilanza finanziaria della Confederazione svizzera.
