{"id":7077,"date":"2024-01-17T16:38:24","date_gmt":"2024-01-17T15:38:24","guid":{"rendered":"https:\/\/preview.efk.admin.ch\/prufung\/7077\/"},"modified":"2024-03-08T12:09:58","modified_gmt":"2024-03-08T11:09:58","slug":"7077","status":"publish","type":"audit","link":"https:\/\/www.efk.admin.ch\/it\/verifica\/7077\/","title":{"rendered":"P\u00e9r\u00e9quation des ressources et compensation des charges &#8211; Audit aupr\u00e8s des cantons et des offices f\u00e9d\u00e9raux"},"content":{"rendered":"\n<p>Le CDF constate une am\u00e9lioration g\u00e9n\u00e9rale de la qualit\u00e9 des travaux. L\u2019erreur survenue \u00e0 Saint-Gall aura certainement une influence positive sur l\u2019engagement des diff\u00e9rents partenaires et contribuera \u00e0 les sensibiliser aux risques ainsi qu\u2019aux exigences de qualit\u00e9 et de contr\u00f4le interne. Les nouvelles instructions du D\u00e9partement f\u00e9d\u00e9ral des finances (DFF) adopt\u00e9es en d\u00e9cembre 2008 permettront d\u2019autre part de corriger une grande partie des erreurs et faiblesses relev\u00e9es dans ce rapport.<\/p>\n","protected":false},"featured_media":0,"menu_order":0,"template":"","audit_category":[44],"audit_type":[53],"class_list":["post-7077","audit","type-audit","status-publish","hentry","audit_category-finanze-pubbliche-e-imposte","audit_type-verifica"],"acf":{"audit_lang":[{"lang":"f"}],"audit_numbers":[{"audit_number":"8332"}],"audit_office":null,"audit_office_text":"","audit_date":"20081209","bgo":false,"keywords":"","audit_office_local":""},"yoast_head":"<!-- This site is optimized with the Yoast SEO Premium plugin v27.4 (Yoast SEO v27.4) - https:\/\/yoast.com\/product\/yoast-seo-premium-wordpress\/ -->\n<title>P\u00e9r\u00e9quation des ressources et compensation des charges - Audit aupr\u00e8s des cantons et des offices f\u00e9d\u00e9raux - Controllo federale delle finanze (CDF)<\/title>\n<meta name=\"description\" content=\"P\u00e9r\u00e9quation des ressources et compensation des charges - Audit aupr\u00e8s des cantons et des offices f\u00e9d\u00e9raux\" \/>\n<meta name=\"robots\" content=\"index, follow, max-snippet:-1, max-image-preview:large, max-video-preview:-1\" \/>\n<link rel=\"canonical\" href=\"https:\/\/www.efk.admin.ch\/it\/verifica\/7077\/\" \/>\n<meta property=\"og:locale\" content=\"it_IT\" \/>\n<meta property=\"og:type\" content=\"article\" \/>\n<meta property=\"og:title\" content=\"P\u00e9r\u00e9quation des ressources et compensation des charges - Audit aupr\u00e8s des cantons et des offices f\u00e9d\u00e9raux\" \/>\n<meta property=\"og:description\" content=\"P\u00e9r\u00e9quation des ressources et compensation des charges - Audit aupr\u00e8s des cantons et des offices f\u00e9d\u00e9raux\" \/>\n<meta property=\"og:url\" content=\"https:\/\/www.efk.admin.ch\/it\/verifica\/7077\/\" \/>\n<meta property=\"og:site_name\" content=\"Controllo federale delle finanze (CDF)\" \/>\n<meta property=\"article:modified_time\" content=\"2024-03-08T11:09:58+00:00\" \/>\n<meta property=\"og:image\" content=\"https:\/\/www.efk.admin.ch\/wp-content\/uploads\/test\/palais.jpg\" \/>\n\t<meta property=\"og:image:width\" content=\"750\" \/>\n\t<meta property=\"og:image:height\" content=\"500\" \/>\n\t<meta property=\"og:image:type\" content=\"image\/jpeg\" \/>\n<meta name=\"twitter:card\" content=\"summary_large_image\" \/>\n<script type=\"application\/ld+json\" class=\"yoast-schema-graph\">{\"@context\":\"https:\\\/\\\/schema.org\",\"@graph\":[{\"@type\":\"WebPage\",\"@id\":\"https:\\\/\\\/www.efk.admin.ch\\\/it\\\/verifica\\\/7077\\\/\",\"url\":\"https:\\\/\\\/www.efk.admin.ch\\\/it\\\/verifica\\\/7077\\\/\",\"name\":\"P\u00e9r\u00e9quation des ressources et compensation des charges - Audit aupr\u00e8s des cantons et des offices f\u00e9d\u00e9raux - Controllo federale delle finanze (CDF)\",\"isPartOf\":{\"@id\":\"https:\\\/\\\/www.efk.admin.ch\\\/it\\\/#website\"},\"datePublished\":\"2024-01-17T15:38:24+00:00\",\"dateModified\":\"2024-03-08T11:09:58+00:00\",\"description\":\"P\u00e9r\u00e9quation des ressources et compensation des charges - Audit aupr\u00e8s des cantons et des offices f\u00e9d\u00e9raux\",\"breadcrumb\":{\"@id\":\"https:\\\/\\\/www.efk.admin.ch\\\/it\\\/verifica\\\/7077\\\/#breadcrumb\"},\"inLanguage\":\"it-IT\",\"potentialAction\":[{\"@type\":\"ReadAction\",\"target\":[\"https:\\\/\\\/www.efk.admin.ch\\\/it\\\/verifica\\\/7077\\\/\"]}]},{\"@type\":\"BreadcrumbList\",\"@id\":\"https:\\\/\\\/www.efk.admin.ch\\\/it\\\/verifica\\\/7077\\\/#breadcrumb\",\"itemListElement\":[{\"@type\":\"ListItem\",\"position\":1,\"name\":\"Home\",\"item\":\"https:\\\/\\\/www.efk.admin.ch\\\/it\\\/\"},{\"@type\":\"ListItem\",\"position\":2,\"name\":\"Rapporto\",\"item\":\"https:\\\/\\\/www.efk.admin.ch\\\/it\\\/verifica\\\/\"},{\"@type\":\"ListItem\",\"position\":3,\"name\":\"P\u00e9r\u00e9quation des ressources et compensation des charges &#8211; Audit aupr\u00e8s des cantons et des offices f\u00e9d\u00e9raux\"}]},{\"@type\":\"WebSite\",\"@id\":\"https:\\\/\\\/www.efk.admin.ch\\\/it\\\/#website\",\"url\":\"https:\\\/\\\/www.efk.admin.ch\\\/it\\\/\",\"name\":\"Informationen \u00fcber das oberste Finanzaufsichtsorgan der Schweiz\",\"description\":\"Il Controllo federale delle finanze (CDF) \u00e8 l'organo supremo di vigilanza finanziaria della Confederazione svizzera.\",\"publisher\":{\"@id\":\"https:\\\/\\\/www.efk.admin.ch\\\/it\\\/#organization\"},\"alternateName\":\"EFK\",\"potentialAction\":[{\"@type\":\"SearchAction\",\"target\":{\"@type\":\"EntryPoint\",\"urlTemplate\":\"https:\\\/\\\/www.efk.admin.ch\\\/it\\\/?s={search_term_string}\"},\"query-input\":{\"@type\":\"PropertyValueSpecification\",\"valueRequired\":true,\"valueName\":\"search_term_string\"}}],\"inLanguage\":\"it-IT\"},{\"@type\":\"Organization\",\"@id\":\"https:\\\/\\\/www.efk.admin.ch\\\/it\\\/#organization\",\"name\":\"Controllo federale delle finanze (CDF)\",\"alternateName\":\"EFK\",\"url\":\"https:\\\/\\\/www.efk.admin.ch\\\/it\\\/\",\"logo\":{\"@type\":\"ImageObject\",\"inLanguage\":\"it-IT\",\"@id\":\"https:\\\/\\\/www.efk.admin.ch\\\/it\\\/#\\\/schema\\\/logo\\\/image\\\/\",\"url\":\"https:\\\/\\\/www.efk.admin.ch\\\/wp-content\\\/uploads\\\/efk_cdf_logo_ohne_claim.png\",\"contentUrl\":\"https:\\\/\\\/www.efk.admin.ch\\\/wp-content\\\/uploads\\\/efk_cdf_logo_ohne_claim.png\",\"width\":268,\"height\":258,\"caption\":\"Controllo federale delle finanze (CDF)\"},\"image\":{\"@id\":\"https:\\\/\\\/www.efk.admin.ch\\\/it\\\/#\\\/schema\\\/logo\\\/image\\\/\"},\"sameAs\":[\"https:\\\/\\\/www.instagram.com\\\/efk_cdf_sfao\\\/\",\"https:\\\/\\\/www.youtube.com\\\/channel\\\/UCm-bXj227VE5sJzhB-ihdvw\\\/featured\",\"https:\\\/\\\/www.linkedin.com\\\/company\\\/11081578\\\/\"]}]}<\/script>\n<!-- \/ Yoast SEO Premium plugin. -->","yoast_head_json":{"title":"P\u00e9r\u00e9quation des ressources et compensation des charges - Audit aupr\u00e8s des cantons et des offices f\u00e9d\u00e9raux - Controllo federale delle finanze (CDF)","description":"P\u00e9r\u00e9quation des ressources et compensation des charges - Audit aupr\u00e8s des cantons et des offices f\u00e9d\u00e9raux","robots":{"index":"index","follow":"follow","max-snippet":"max-snippet:-1","max-image-preview":"max-image-preview:large","max-video-preview":"max-video-preview:-1"},"canonical":"https:\/\/www.efk.admin.ch\/it\/verifica\/7077\/","og_locale":"it_IT","og_type":"article","og_title":"P\u00e9r\u00e9quation des ressources et compensation des charges - Audit aupr\u00e8s des cantons et des offices f\u00e9d\u00e9raux","og_description":"P\u00e9r\u00e9quation des ressources et compensation des charges - Audit aupr\u00e8s des cantons et des offices f\u00e9d\u00e9raux","og_url":"https:\/\/www.efk.admin.ch\/it\/verifica\/7077\/","og_site_name":"Controllo federale delle finanze (CDF)","article_modified_time":"2024-03-08T11:09:58+00:00","og_image":[{"width":750,"height":500,"url":"https:\/\/www.efk.admin.ch\/wp-content\/uploads\/test\/palais.jpg","type":"image\/jpeg"}],"twitter_card":"summary_large_image","schema":{"@context":"https:\/\/schema.org","@graph":[{"@type":"WebPage","@id":"https:\/\/www.efk.admin.ch\/it\/verifica\/7077\/","url":"https:\/\/www.efk.admin.ch\/it\/verifica\/7077\/","name":"P\u00e9r\u00e9quation des ressources et compensation des charges - Audit aupr\u00e8s des cantons et des offices f\u00e9d\u00e9raux - Controllo federale delle finanze (CDF)","isPartOf":{"@id":"https:\/\/www.efk.admin.ch\/it\/#website"},"datePublished":"2024-01-17T15:38:24+00:00","dateModified":"2024-03-08T11:09:58+00:00","description":"P\u00e9r\u00e9quation des ressources et compensation des charges - Audit aupr\u00e8s des cantons et des offices f\u00e9d\u00e9raux","breadcrumb":{"@id":"https:\/\/www.efk.admin.ch\/it\/verifica\/7077\/#breadcrumb"},"inLanguage":"it-IT","potentialAction":[{"@type":"ReadAction","target":["https:\/\/www.efk.admin.ch\/it\/verifica\/7077\/"]}]},{"@type":"BreadcrumbList","@id":"https:\/\/www.efk.admin.ch\/it\/verifica\/7077\/#breadcrumb","itemListElement":[{"@type":"ListItem","position":1,"name":"Home","item":"https:\/\/www.efk.admin.ch\/it\/"},{"@type":"ListItem","position":2,"name":"Rapporto","item":"https:\/\/www.efk.admin.ch\/it\/verifica\/"},{"@type":"ListItem","position":3,"name":"P\u00e9r\u00e9quation des ressources et compensation des charges &#8211; Audit aupr\u00e8s des cantons et des offices f\u00e9d\u00e9raux"}]},{"@type":"WebSite","@id":"https:\/\/www.efk.admin.ch\/it\/#website","url":"https:\/\/www.efk.admin.ch\/it\/","name":"Informationen \u00fcber das oberste Finanzaufsichtsorgan der Schweiz","description":"Il Controllo federale delle finanze (CDF) \u00e8 l'organo supremo di vigilanza finanziaria della Confederazione svizzera.","publisher":{"@id":"https:\/\/www.efk.admin.ch\/it\/#organization"},"alternateName":"EFK","potentialAction":[{"@type":"SearchAction","target":{"@type":"EntryPoint","urlTemplate":"https:\/\/www.efk.admin.ch\/it\/?s={search_term_string}"},"query-input":{"@type":"PropertyValueSpecification","valueRequired":true,"valueName":"search_term_string"}}],"inLanguage":"it-IT"},{"@type":"Organization","@id":"https:\/\/www.efk.admin.ch\/it\/#organization","name":"Controllo federale delle finanze (CDF)","alternateName":"EFK","url":"https:\/\/www.efk.admin.ch\/it\/","logo":{"@type":"ImageObject","inLanguage":"it-IT","@id":"https:\/\/www.efk.admin.ch\/it\/#\/schema\/logo\/image\/","url":"https:\/\/www.efk.admin.ch\/wp-content\/uploads\/efk_cdf_logo_ohne_claim.png","contentUrl":"https:\/\/www.efk.admin.ch\/wp-content\/uploads\/efk_cdf_logo_ohne_claim.png","width":268,"height":258,"caption":"Controllo federale delle finanze (CDF)"},"image":{"@id":"https:\/\/www.efk.admin.ch\/it\/#\/schema\/logo\/image\/"},"sameAs":["https:\/\/www.instagram.com\/efk_cdf_sfao\/","https:\/\/www.youtube.com\/channel\/UCm-bXj227VE5sJzhB-ihdvw\/featured","https:\/\/www.linkedin.com\/company\/11081578\/"]}]}},"_links":{"self":[{"href":"https:\/\/www.efk.admin.ch\/it\/wp-json\/wp\/v2\/audit\/7077","targetHints":{"allow":["GET"]}}],"collection":[{"href":"https:\/\/www.efk.admin.ch\/it\/wp-json\/wp\/v2\/audit"}],"about":[{"href":"https:\/\/www.efk.admin.ch\/it\/wp-json\/wp\/v2\/types\/audit"}],"wp:attachment":[{"href":"https:\/\/www.efk.admin.ch\/it\/wp-json\/wp\/v2\/media?parent=7077"}],"wp:term":[{"taxonomy":"audit_category","embeddable":true,"href":"https:\/\/www.efk.admin.ch\/it\/wp-json\/wp\/v2\/audit_category?post=7077"},{"taxonomy":"audit_type","embeddable":true,"href":"https:\/\/www.efk.admin.ch\/it\/wp-json\/wp\/v2\/audit_type?post=7077"}],"curies":[{"name":"wp","href":"https:\/\/api.w.org\/{rel}","templated":true}]}}

Péréquation des ressources et compensation des charges &#8211; Audit auprès des cantons et des offices fédéraux

<p>Le CDF constate une amélioration générale de la qualité des travaux. L’erreur survenue à Saint-Gall aura certainement une influence positive sur l’engagement des différents partenaires et contribuera à les sensibiliser aux risques ainsi qu’aux exigences de qualité et de contrôle interne. Les nouvelles instructions du Département fédéral des finances (DFF) adoptées en décembre 2008 permettront d’autre part de corriger une grande partie des erreurs et faiblesses relevées dans ce rapport.</p>

<!-- This site is optimized with the Yoast SEO Premium plugin v27.4 (Yoast SEO v27.4) - https://yoast.com/product/yoast-seo-premium-wordpress/ -->
<title>Péréquation des ressources et compensation des charges - Audit auprès des cantons et des offices fédéraux - Controllo federale delle finanze (CDF)</title>
<meta name="description" content="Péréquation des ressources et compensation des charges - Audit auprès des cantons et des offices fédéraux" />
<meta name="robots" content="index, follow, max-snippet:-1, max-image-preview:large, max-video-preview:-1" />
<link rel="canonical" href="https://www.efk.admin.ch/it/verifica/7077/" />
<meta property="og:locale" content="it_IT" />
<meta property="og:type" content="article" />
<meta property="og:title" content="Péréquation des ressources et compensation des charges - Audit auprès des cantons et des offices fédéraux" />
<meta property="og:description" content="Péréquation des ressources et compensation des charges - Audit auprès des cantons et des offices fédéraux" />
<meta property="og:url" content="https://www.efk.admin.ch/it/verifica/7077/" />
<meta property="og:site_name" content="Controllo federale delle finanze (CDF)" />
<meta property="article:modified_time" content="2024-03-08T11:09:58+00:00" />
<meta property="og:image" content="https://www.efk.admin.ch/wp-content/uploads/test/palais.jpg" />
	<meta property="og:image:width" content="750" />
	<meta property="og:image:height" content="500" />
	<meta property="og:image:type" content="image/jpeg" />
<meta name="twitter:card" content="summary_large_image" />
<script type="application/ld+json" class="yoast-schema-graph">{"@context":"https:\/\/schema.org","@graph":[{"@type":"WebPage","@id":"https:\/\/www.efk.admin.ch\/it\/verifica\/7077\/","url":"https:\/\/www.efk.admin.ch\/it\/verifica\/7077\/","name":"Péréquation des ressources et compensation des charges - Audit auprès des cantons et des offices fédéraux - Controllo federale delle finanze (CDF)","isPartOf":{"@id":"https:\/\/www.efk.admin.ch\/it\/#website"},"datePublished":"2024-01-17T15:38:24+00:00","dateModified":"2024-03-08T11:09:58+00:00","description":"Péréquation des ressources et compensation des charges - Audit auprès des cantons et des offices fédéraux","breadcrumb":{"@id":"https:\/\/www.efk.admin.ch\/it\/verifica\/7077\/#breadcrumb"},"inLanguage":"it-IT","potentialAction":[{"@type":"ReadAction","target":["https:\/\/www.efk.admin.ch\/it\/verifica\/7077\/"]}]},{"@type":"BreadcrumbList","@id":"https:\/\/www.efk.admin.ch\/it\/verifica\/7077\/#breadcrumb","itemListElement":[{"@type":"ListItem","position":1,"name":"Home","item":"https:\/\/www.efk.admin.ch\/it\/"},{"@type":"ListItem","position":2,"name":"Rapporto","item":"https:\/\/www.efk.admin.ch\/it\/verifica\/"},{"@type":"ListItem","position":3,"name":"Péréquation des ressources et compensation des charges &#8211; Audit auprès des cantons et des offices fédéraux"}]},{"@type":"WebSite","@id":"https:\/\/www.efk.admin.ch\/it\/#website","url":"https:\/\/www.efk.admin.ch\/it\/","name":"Informationen über das oberste Finanzaufsichtsorgan der Schweiz","description":"Il Controllo federale delle finanze (CDF) è l'organo supremo di vigilanza finanziaria della Confederazione svizzera.","publisher":{"@id":"https:\/\/www.efk.admin.ch\/it\/#organization"},"alternateName":"EFK","potentialAction":[{"@type":"SearchAction","target":{"@type":"EntryPoint","urlTemplate":"https:\/\/www.efk.admin.ch\/it\/?s={search_term_string}"},"query-input":{"@type":"PropertyValueSpecification","valueRequired":true,"valueName":"search_term_string"}}],"inLanguage":"it-IT"},{"@type":"Organization","@id":"https:\/\/www.efk.admin.ch\/it\/#organization","name":"Controllo federale delle finanze (CDF)","alternateName":"EFK","url":"https:\/\/www.efk.admin.ch\/it\/","logo":{"@type":"ImageObject","inLanguage":"it-IT","@id":"https:\/\/www.efk.admin.ch\/it\/#\/schema\/logo\/image\/","url":"https:\/\/www.efk.admin.ch\/wp-content\/uploads\/efk_cdf_logo_ohne_claim.png","contentUrl":"https:\/\/www.efk.admin.ch\/wp-content\/uploads\/efk_cdf_logo_ohne_claim.png","width":268,"height":258,"caption":"Controllo federale delle finanze (CDF)"},"image":{"@id":"https:\/\/www.efk.admin.ch\/it\/#\/schema\/logo\/image\/"},"sameAs":["https:\/\/www.instagram.com\/efk_cdf_sfao\/","https:\/\/www.youtube.com\/channel\/UCm-bXj227VE5sJzhB-ihdvw\/featured","https:\/\/www.linkedin.com\/company\/11081578\/"]}]}</script>
<!-- / Yoast SEO Premium plugin. -->

Péréquation des ressources et compensation des charges - Audit auprès des cantons et des offices fédéraux - Controllo federale delle finanze (CDF)

Péréquation des ressources et compensation des charges - Audit auprès des cantons et des offices fédéraux

Informationen über das oberste Finanzaufsichtsorgan der Schweiz

Il Controllo federale delle finanze (CDF) è l'organo supremo di vigilanza finanziaria della Confederazione svizzera.
