{"id":6958,"date":"2024-01-17T16:37:50","date_gmt":"2024-01-17T15:37:50","guid":{"rendered":"https:\/\/preview.efk.admin.ch\/prufung\/6958\/"},"modified":"2024-03-11T12:04:54","modified_gmt":"2024-03-11T11:04:54","slug":"6958","status":"publish","type":"audit","link":"https:\/\/www.efk.admin.ch\/it\/verifica\/6958\/","title":{"rendered":"Politique d&#8217;octroi de moyens auxiliaires aux personnes handicap\u00e9es : attribution de moyens auditifs \u00e0 l&#8217;AI et \u00e0 l&#8217;AVS"},"content":{"rendered":"\n<p>En vertu de la loi f\u00e9d\u00e9rale sur l\u2019assurance-invalidit\u00e9 (LAI), les moyens auxiliaires remis aux assur\u00e9s doivent \u00eatre des mod\u00e8les simples et ad\u00e9quats. Les co\u00fbts suppl\u00e9mentaires li\u00e9s \u00e0 d\u2019autres mod\u00e8les sont pris en charge par l\u2019assur\u00e9.<\/p>\n\n\n\n<p>Dans l\u2019AI, les assur\u00e9s remplissant les crit\u00e8res m\u00e9dicaux requis se voient attribuer des appareils acoustiques dont le prix varie de 1570 francs (fourniture monaurale simple) \u00e0 4065 francs (fourniture binaurale complexe). Ces montants comprennent les appareils eux-m\u00eames et les prestations fournies par les audioproth\u00e9sistes (six \u00e0 huit consultations). S\u2019y ajoutent les d\u00e9penses de l\u2019assurance sociale li\u00e9es aux deux expertises m\u00e9dicales obligatoires, qui s\u2019\u00e9l\u00e8vent \u00e0 environ 750 francs par expertise. Quant aux enfants, ils b\u00e9n\u00e9ficient de prestations plus \u00e9tendues. Le syst\u00e8me suisse constitue probablement l&#8217;un des syst\u00e8mes d\u2019appareillage les plus performants et les plus g\u00e9n\u00e9reux du monde (tant sur le plan m\u00e9dical que technique).<\/p>\n","protected":false},"featured_media":0,"menu_order":0,"template":"","audit_category":[132],"audit_type":[133],"class_list":["post-6958","audit","type-audit","status-publish","hentry","audit_category-assicurazioni-sociali-e-previdenza-per-la-vecchiaia","audit_type-valutazione"],"acf":{"audit_lang":[{"lang":"d"}],"audit_numbers":[{"audit_number":"5153"}],"audit_office":null,"audit_office_text":"","audit_date":"20070731","bgo":false,"keywords":"","audit_office_local":""},"yoast_head":"<!-- This site is optimized with the Yoast SEO Premium plugin v27.4 (Yoast SEO v27.4) - https:\/\/yoast.com\/product\/yoast-seo-premium-wordpress\/ -->\n<title>Politique d&#039;octroi de moyens auxiliaires aux personnes handicap\u00e9es : attribution de moyens auditifs \u00e0 l&#039;AI et \u00e0 l&#039;AVS - Controllo federale delle finanze (CDF)<\/title>\n<meta name=\"description\" content=\"Politique d&#039;octroi de moyens auxiliaires aux personnes handicap\u00e9es : attribution de moyens auditifs \u00e0 l&#039;AI et \u00e0 l&#039;AVS\" \/>\n<meta name=\"robots\" content=\"index, follow, max-snippet:-1, max-image-preview:large, max-video-preview:-1\" \/>\n<link rel=\"canonical\" href=\"https:\/\/www.efk.admin.ch\/it\/verifica\/6958\/\" \/>\n<meta property=\"og:locale\" content=\"it_IT\" \/>\n<meta property=\"og:type\" content=\"article\" \/>\n<meta property=\"og:title\" content=\"Politique d&#039;octroi de moyens auxiliaires aux personnes handicap\u00e9es : attribution de moyens auditifs \u00e0 l&#039;AI et \u00e0 l&#039;AVS\" \/>\n<meta property=\"og:description\" content=\"Politique d&#039;octroi de moyens auxiliaires aux personnes handicap\u00e9es : attribution de moyens auditifs \u00e0 l&#039;AI et \u00e0 l&#039;AVS\" \/>\n<meta property=\"og:url\" content=\"https:\/\/www.efk.admin.ch\/it\/verifica\/6958\/\" \/>\n<meta property=\"og:site_name\" content=\"Controllo federale delle finanze (CDF)\" \/>\n<meta property=\"article:modified_time\" content=\"2024-03-11T11:04:54+00:00\" \/>\n<meta property=\"og:image\" content=\"https:\/\/www.efk.admin.ch\/wp-content\/uploads\/test\/palais.jpg\" \/>\n\t<meta property=\"og:image:width\" content=\"750\" \/>\n\t<meta property=\"og:image:height\" content=\"500\" \/>\n\t<meta property=\"og:image:type\" content=\"image\/jpeg\" \/>\n<meta name=\"twitter:card\" content=\"summary_large_image\" \/>\n<meta name=\"twitter:label1\" content=\"Est. reading time\" \/>\n\t<meta name=\"twitter:data1\" content=\"1 minute\" \/>\n<script type=\"application\/ld+json\" class=\"yoast-schema-graph\">{\"@context\":\"https:\\\/\\\/schema.org\",\"@graph\":[{\"@type\":\"WebPage\",\"@id\":\"https:\\\/\\\/www.efk.admin.ch\\\/it\\\/verifica\\\/6958\\\/\",\"url\":\"https:\\\/\\\/www.efk.admin.ch\\\/it\\\/verifica\\\/6958\\\/\",\"name\":\"Politique d'octroi de moyens auxiliaires aux personnes handicap\u00e9es : attribution de moyens auditifs \u00e0 l'AI et \u00e0 l'AVS - Controllo federale delle finanze (CDF)\",\"isPartOf\":{\"@id\":\"https:\\\/\\\/www.efk.admin.ch\\\/it\\\/#website\"},\"datePublished\":\"2024-01-17T15:37:50+00:00\",\"dateModified\":\"2024-03-11T11:04:54+00:00\",\"description\":\"Politique d'octroi de moyens auxiliaires aux personnes handicap\u00e9es : attribution de moyens auditifs \u00e0 l'AI et \u00e0 l'AVS\",\"breadcrumb\":{\"@id\":\"https:\\\/\\\/www.efk.admin.ch\\\/it\\\/verifica\\\/6958\\\/#breadcrumb\"},\"inLanguage\":\"it-IT\",\"potentialAction\":[{\"@type\":\"ReadAction\",\"target\":[\"https:\\\/\\\/www.efk.admin.ch\\\/it\\\/verifica\\\/6958\\\/\"]}]},{\"@type\":\"BreadcrumbList\",\"@id\":\"https:\\\/\\\/www.efk.admin.ch\\\/it\\\/verifica\\\/6958\\\/#breadcrumb\",\"itemListElement\":[{\"@type\":\"ListItem\",\"position\":1,\"name\":\"Home\",\"item\":\"https:\\\/\\\/www.efk.admin.ch\\\/it\\\/\"},{\"@type\":\"ListItem\",\"position\":2,\"name\":\"Rapporto\",\"item\":\"https:\\\/\\\/www.efk.admin.ch\\\/it\\\/verifica\\\/\"},{\"@type\":\"ListItem\",\"position\":3,\"name\":\"Politique d&#8217;octroi de moyens auxiliaires aux personnes handicap\u00e9es : attribution de moyens auditifs \u00e0 l&#8217;AI et \u00e0 l&#8217;AVS\"}]},{\"@type\":\"WebSite\",\"@id\":\"https:\\\/\\\/www.efk.admin.ch\\\/it\\\/#website\",\"url\":\"https:\\\/\\\/www.efk.admin.ch\\\/it\\\/\",\"name\":\"Informationen \u00fcber das oberste Finanzaufsichtsorgan der Schweiz\",\"description\":\"Il Controllo federale delle finanze (CDF) \u00e8 l'organo supremo di vigilanza finanziaria della Confederazione svizzera.\",\"publisher\":{\"@id\":\"https:\\\/\\\/www.efk.admin.ch\\\/it\\\/#organization\"},\"alternateName\":\"EFK\",\"potentialAction\":[{\"@type\":\"SearchAction\",\"target\":{\"@type\":\"EntryPoint\",\"urlTemplate\":\"https:\\\/\\\/www.efk.admin.ch\\\/it\\\/?s={search_term_string}\"},\"query-input\":{\"@type\":\"PropertyValueSpecification\",\"valueRequired\":true,\"valueName\":\"search_term_string\"}}],\"inLanguage\":\"it-IT\"},{\"@type\":\"Organization\",\"@id\":\"https:\\\/\\\/www.efk.admin.ch\\\/it\\\/#organization\",\"name\":\"Controllo federale delle finanze (CDF)\",\"alternateName\":\"EFK\",\"url\":\"https:\\\/\\\/www.efk.admin.ch\\\/it\\\/\",\"logo\":{\"@type\":\"ImageObject\",\"inLanguage\":\"it-IT\",\"@id\":\"https:\\\/\\\/www.efk.admin.ch\\\/it\\\/#\\\/schema\\\/logo\\\/image\\\/\",\"url\":\"https:\\\/\\\/www.efk.admin.ch\\\/wp-content\\\/uploads\\\/efk_cdf_logo_ohne_claim.png\",\"contentUrl\":\"https:\\\/\\\/www.efk.admin.ch\\\/wp-content\\\/uploads\\\/efk_cdf_logo_ohne_claim.png\",\"width\":268,\"height\":258,\"caption\":\"Controllo federale delle finanze (CDF)\"},\"image\":{\"@id\":\"https:\\\/\\\/www.efk.admin.ch\\\/it\\\/#\\\/schema\\\/logo\\\/image\\\/\"},\"sameAs\":[\"https:\\\/\\\/www.instagram.com\\\/efk_cdf_sfao\\\/\",\"https:\\\/\\\/www.youtube.com\\\/channel\\\/UCm-bXj227VE5sJzhB-ihdvw\\\/featured\",\"https:\\\/\\\/www.linkedin.com\\\/company\\\/11081578\\\/\"]}]}<\/script>\n<!-- \/ Yoast SEO Premium plugin. -->","yoast_head_json":{"title":"Politique d'octroi de moyens auxiliaires aux personnes handicap\u00e9es : attribution de moyens auditifs \u00e0 l'AI et \u00e0 l'AVS - Controllo federale delle finanze (CDF)","description":"Politique d'octroi de moyens auxiliaires aux personnes handicap\u00e9es : attribution de moyens auditifs \u00e0 l'AI et \u00e0 l'AVS","robots":{"index":"index","follow":"follow","max-snippet":"max-snippet:-1","max-image-preview":"max-image-preview:large","max-video-preview":"max-video-preview:-1"},"canonical":"https:\/\/www.efk.admin.ch\/it\/verifica\/6958\/","og_locale":"it_IT","og_type":"article","og_title":"Politique d'octroi de moyens auxiliaires aux personnes handicap\u00e9es : attribution de moyens auditifs \u00e0 l'AI et \u00e0 l'AVS","og_description":"Politique d'octroi de moyens auxiliaires aux personnes handicap\u00e9es : attribution de moyens auditifs \u00e0 l'AI et \u00e0 l'AVS","og_url":"https:\/\/www.efk.admin.ch\/it\/verifica\/6958\/","og_site_name":"Controllo federale delle finanze (CDF)","article_modified_time":"2024-03-11T11:04:54+00:00","og_image":[{"width":750,"height":500,"url":"https:\/\/www.efk.admin.ch\/wp-content\/uploads\/test\/palais.jpg","type":"image\/jpeg"}],"twitter_card":"summary_large_image","twitter_misc":{"Est. reading time":"1 minute"},"schema":{"@context":"https:\/\/schema.org","@graph":[{"@type":"WebPage","@id":"https:\/\/www.efk.admin.ch\/it\/verifica\/6958\/","url":"https:\/\/www.efk.admin.ch\/it\/verifica\/6958\/","name":"Politique d'octroi de moyens auxiliaires aux personnes handicap\u00e9es : attribution de moyens auditifs \u00e0 l'AI et \u00e0 l'AVS - Controllo federale delle finanze (CDF)","isPartOf":{"@id":"https:\/\/www.efk.admin.ch\/it\/#website"},"datePublished":"2024-01-17T15:37:50+00:00","dateModified":"2024-03-11T11:04:54+00:00","description":"Politique d'octroi de moyens auxiliaires aux personnes handicap\u00e9es : attribution de moyens auditifs \u00e0 l'AI et \u00e0 l'AVS","breadcrumb":{"@id":"https:\/\/www.efk.admin.ch\/it\/verifica\/6958\/#breadcrumb"},"inLanguage":"it-IT","potentialAction":[{"@type":"ReadAction","target":["https:\/\/www.efk.admin.ch\/it\/verifica\/6958\/"]}]},{"@type":"BreadcrumbList","@id":"https:\/\/www.efk.admin.ch\/it\/verifica\/6958\/#breadcrumb","itemListElement":[{"@type":"ListItem","position":1,"name":"Home","item":"https:\/\/www.efk.admin.ch\/it\/"},{"@type":"ListItem","position":2,"name":"Rapporto","item":"https:\/\/www.efk.admin.ch\/it\/verifica\/"},{"@type":"ListItem","position":3,"name":"Politique d&#8217;octroi de moyens auxiliaires aux personnes handicap\u00e9es : attribution de moyens auditifs \u00e0 l&#8217;AI et \u00e0 l&#8217;AVS"}]},{"@type":"WebSite","@id":"https:\/\/www.efk.admin.ch\/it\/#website","url":"https:\/\/www.efk.admin.ch\/it\/","name":"Informationen \u00fcber das oberste Finanzaufsichtsorgan der Schweiz","description":"Il Controllo federale delle finanze (CDF) \u00e8 l'organo supremo di vigilanza finanziaria della Confederazione svizzera.","publisher":{"@id":"https:\/\/www.efk.admin.ch\/it\/#organization"},"alternateName":"EFK","potentialAction":[{"@type":"SearchAction","target":{"@type":"EntryPoint","urlTemplate":"https:\/\/www.efk.admin.ch\/it\/?s={search_term_string}"},"query-input":{"@type":"PropertyValueSpecification","valueRequired":true,"valueName":"search_term_string"}}],"inLanguage":"it-IT"},{"@type":"Organization","@id":"https:\/\/www.efk.admin.ch\/it\/#organization","name":"Controllo federale delle finanze (CDF)","alternateName":"EFK","url":"https:\/\/www.efk.admin.ch\/it\/","logo":{"@type":"ImageObject","inLanguage":"it-IT","@id":"https:\/\/www.efk.admin.ch\/it\/#\/schema\/logo\/image\/","url":"https:\/\/www.efk.admin.ch\/wp-content\/uploads\/efk_cdf_logo_ohne_claim.png","contentUrl":"https:\/\/www.efk.admin.ch\/wp-content\/uploads\/efk_cdf_logo_ohne_claim.png","width":268,"height":258,"caption":"Controllo federale delle finanze (CDF)"},"image":{"@id":"https:\/\/www.efk.admin.ch\/it\/#\/schema\/logo\/image\/"},"sameAs":["https:\/\/www.instagram.com\/efk_cdf_sfao\/","https:\/\/www.youtube.com\/channel\/UCm-bXj227VE5sJzhB-ihdvw\/featured","https:\/\/www.linkedin.com\/company\/11081578\/"]}]}},"_links":{"self":[{"href":"https:\/\/www.efk.admin.ch\/it\/wp-json\/wp\/v2\/audit\/6958","targetHints":{"allow":["GET"]}}],"collection":[{"href":"https:\/\/www.efk.admin.ch\/it\/wp-json\/wp\/v2\/audit"}],"about":[{"href":"https:\/\/www.efk.admin.ch\/it\/wp-json\/wp\/v2\/types\/audit"}],"wp:attachment":[{"href":"https:\/\/www.efk.admin.ch\/it\/wp-json\/wp\/v2\/media?parent=6958"}],"wp:term":[{"taxonomy":"audit_category","embeddable":true,"href":"https:\/\/www.efk.admin.ch\/it\/wp-json\/wp\/v2\/audit_category?post=6958"},{"taxonomy":"audit_type","embeddable":true,"href":"https:\/\/www.efk.admin.ch\/it\/wp-json\/wp\/v2\/audit_type?post=6958"}],"curies":[{"name":"wp","href":"https:\/\/api.w.org\/{rel}","templated":true}]}}

Politique d&#8217;octroi de moyens auxiliaires aux personnes handicapées : attribution de moyens auditifs à l&#8217;AI et à l&#8217;AVS

<p>En vertu de la loi fédérale sur l’assurance-invalidité (LAI), les moyens auxiliaires remis aux assurés doivent être des modèles simples et adéquats. Les coûts supplémentaires liés à d’autres modèles sont pris en charge par l’assuré.</p>



<p>Dans l’AI, les assurés remplissant les critères médicaux requis se voient attribuer des appareils acoustiques dont le prix varie de 1570 francs (fourniture monaurale simple) à 4065 francs (fourniture binaurale complexe). Ces montants comprennent les appareils eux-mêmes et les prestations fournies par les audioprothésistes (six à huit consultations). S’y ajoutent les dépenses de l’assurance sociale liées aux deux expertises médicales obligatoires, qui s’élèvent à environ 750 francs par expertise. Quant aux enfants, ils bénéficient de prestations plus étendues. Le système suisse constitue probablement l&#8217;un des systèmes d’appareillage les plus performants et les plus généreux du monde (tant sur le plan médical que technique).</p>

<!-- This site is optimized with the Yoast SEO Premium plugin v27.4 (Yoast SEO v27.4) - https://yoast.com/product/yoast-seo-premium-wordpress/ -->
<title>Politique d&#039;octroi de moyens auxiliaires aux personnes handicapées : attribution de moyens auditifs à l&#039;AI et à l&#039;AVS - Controllo federale delle finanze (CDF)</title>
<meta name="description" content="Politique d&#039;octroi de moyens auxiliaires aux personnes handicapées : attribution de moyens auditifs à l&#039;AI et à l&#039;AVS" />
<meta name="robots" content="index, follow, max-snippet:-1, max-image-preview:large, max-video-preview:-1" />
<link rel="canonical" href="https://www.efk.admin.ch/it/verifica/6958/" />
<meta property="og:locale" content="it_IT" />
<meta property="og:type" content="article" />
<meta property="og:title" content="Politique d&#039;octroi de moyens auxiliaires aux personnes handicapées : attribution de moyens auditifs à l&#039;AI et à l&#039;AVS" />
<meta property="og:description" content="Politique d&#039;octroi de moyens auxiliaires aux personnes handicapées : attribution de moyens auditifs à l&#039;AI et à l&#039;AVS" />
<meta property="og:url" content="https://www.efk.admin.ch/it/verifica/6958/" />
<meta property="og:site_name" content="Controllo federale delle finanze (CDF)" />
<meta property="article:modified_time" content="2024-03-11T11:04:54+00:00" />
<meta property="og:image" content="https://www.efk.admin.ch/wp-content/uploads/test/palais.jpg" />
	<meta property="og:image:width" content="750" />
	<meta property="og:image:height" content="500" />
	<meta property="og:image:type" content="image/jpeg" />
<meta name="twitter:card" content="summary_large_image" />
<meta name="twitter:label1" content="Est. reading time" />
	<meta name="twitter:data1" content="1 minute" />
<script type="application/ld+json" class="yoast-schema-graph">{"@context":"https:\/\/schema.org","@graph":[{"@type":"WebPage","@id":"https:\/\/www.efk.admin.ch\/it\/verifica\/6958\/","url":"https:\/\/www.efk.admin.ch\/it\/verifica\/6958\/","name":"Politique d'octroi de moyens auxiliaires aux personnes handicapées : attribution de moyens auditifs à l'AI et à l'AVS - Controllo federale delle finanze (CDF)","isPartOf":{"@id":"https:\/\/www.efk.admin.ch\/it\/#website"},"datePublished":"2024-01-17T15:37:50+00:00","dateModified":"2024-03-11T11:04:54+00:00","description":"Politique d'octroi de moyens auxiliaires aux personnes handicapées : attribution de moyens auditifs à l'AI et à l'AVS","breadcrumb":{"@id":"https:\/\/www.efk.admin.ch\/it\/verifica\/6958\/#breadcrumb"},"inLanguage":"it-IT","potentialAction":[{"@type":"ReadAction","target":["https:\/\/www.efk.admin.ch\/it\/verifica\/6958\/"]}]},{"@type":"BreadcrumbList","@id":"https:\/\/www.efk.admin.ch\/it\/verifica\/6958\/#breadcrumb","itemListElement":[{"@type":"ListItem","position":1,"name":"Home","item":"https:\/\/www.efk.admin.ch\/it\/"},{"@type":"ListItem","position":2,"name":"Rapporto","item":"https:\/\/www.efk.admin.ch\/it\/verifica\/"},{"@type":"ListItem","position":3,"name":"Politique d&#8217;octroi de moyens auxiliaires aux personnes handicapées : attribution de moyens auditifs à l&#8217;AI et à l&#8217;AVS"}]},{"@type":"WebSite","@id":"https:\/\/www.efk.admin.ch\/it\/#website","url":"https:\/\/www.efk.admin.ch\/it\/","name":"Informationen über das oberste Finanzaufsichtsorgan der Schweiz","description":"Il Controllo federale delle finanze (CDF) è l'organo supremo di vigilanza finanziaria della Confederazione svizzera.","publisher":{"@id":"https:\/\/www.efk.admin.ch\/it\/#organization"},"alternateName":"EFK","potentialAction":[{"@type":"SearchAction","target":{"@type":"EntryPoint","urlTemplate":"https:\/\/www.efk.admin.ch\/it\/?s={search_term_string}"},"query-input":{"@type":"PropertyValueSpecification","valueRequired":true,"valueName":"search_term_string"}}],"inLanguage":"it-IT"},{"@type":"Organization","@id":"https:\/\/www.efk.admin.ch\/it\/#organization","name":"Controllo federale delle finanze (CDF)","alternateName":"EFK","url":"https:\/\/www.efk.admin.ch\/it\/","logo":{"@type":"ImageObject","inLanguage":"it-IT","@id":"https:\/\/www.efk.admin.ch\/it\/#\/schema\/logo\/image\/","url":"https:\/\/www.efk.admin.ch\/wp-content\/uploads\/efk_cdf_logo_ohne_claim.png","contentUrl":"https:\/\/www.efk.admin.ch\/wp-content\/uploads\/efk_cdf_logo_ohne_claim.png","width":268,"height":258,"caption":"Controllo federale delle finanze (CDF)"},"image":{"@id":"https:\/\/www.efk.admin.ch\/it\/#\/schema\/logo\/image\/"},"sameAs":["https:\/\/www.instagram.com\/efk_cdf_sfao\/","https:\/\/www.youtube.com\/channel\/UCm-bXj227VE5sJzhB-ihdvw\/featured","https:\/\/www.linkedin.com\/company\/11081578\/"]}]}</script>
<!-- / Yoast SEO Premium plugin. -->

Politique d'octroi de moyens auxiliaires aux personnes handicapées : attribution de moyens auditifs à l'AI et à l'AVS - Controllo federale delle finanze (CDF)

Politique d'octroi de moyens auxiliaires aux personnes handicapées : attribution de moyens auditifs à l'AI et à l'AVS

Informationen über das oberste Finanzaufsichtsorgan der Schweiz

Il Controllo federale delle finanze (CDF) è l'organo supremo di vigilanza finanziaria della Confederazione svizzera.
