{"id":6945,"date":"2024-01-17T16:37:45","date_gmt":"2024-01-17T15:37:45","guid":{"rendered":"https:\/\/preview.efk.admin.ch\/prufung\/6945\/"},"modified":"2024-03-07T16:03:32","modified_gmt":"2024-03-07T15:03:32","slug":"6945","status":"publish","type":"audit","link":"https:\/\/www.efk.admin.ch\/it\/verifica\/6945\/","title":{"rendered":"Mesures de r\u00e9duction du CO2 (2013-2020) &#8211; Enqu\u00eate sur l&#8217;origine des donn\u00e9es et des analyses co\u00fbts-avantages dans le cadre de la r\u00e9vision de la loi sur le CO2"},"content":{"rendered":"\n<p>La Suisse a ratifi\u00e9 en 2003 le protocole de Kyoto, s\u2019engageant ainsi \u00e0 r\u00e9duire ses \u00e9missions de gaz \u00e0 effet de serre de 8 % au total au cours de la premi\u00e8re p\u00e9riode d\u2019engagement, de 2008 \u00e0 2012. La loi suisse en vigueur sur le CO2 forme le cadre juridique actuel de la mise en oeuvre des engage-ments internationaux du pays en mati\u00e8re de protection du climat. D\u00e9but 2013, le protocole de Kyoto comme la loi sur le CO2 seront remplac\u00e9s. Conform\u00e9ment au protocole, de nouveaux objec-tifs de r\u00e9duction et des mesures appropri\u00e9es seront mis en place pour la p\u00e9riode d\u2019engagement suivante, de 2013 \u00e0 2020.<\/p>\n","protected":false},"featured_media":0,"menu_order":0,"template":"","audit_category":[134],"audit_type":[133],"class_list":["post-6945","audit","type-audit","status-publish","hentry","audit_category-trasporti-e-ambiete","audit_type-valutazione"],"acf":{"audit_lang":[{"lang":"d"}],"audit_numbers":[{"audit_number":"9398"}],"audit_office":null,"audit_office_text":"","audit_date":"20100801","bgo":false,"keywords":"","audit_office_local":""},"yoast_head":"<!-- This site is optimized with the Yoast SEO Premium plugin v27.4 (Yoast SEO v27.4) - https:\/\/yoast.com\/product\/yoast-seo-premium-wordpress\/ -->\n<title>Mesures de r\u00e9duction du CO2 (2013-2020) - Enqu\u00eate sur l&#039;origine des donn\u00e9es et des analyses co\u00fbts-avantages dans le cadre de la r\u00e9vision de la loi sur le CO2 - Controllo federale delle finanze (CDF)<\/title>\n<meta name=\"description\" content=\"Mesures de r\u00e9duction du CO2 (2013-2020) - Enqu\u00eate sur l&#039;origine des donn\u00e9es et des analyses co\u00fbts-avantages dans le cadre de la r\u00e9vision de la loi sur le CO2\" \/>\n<meta name=\"robots\" content=\"index, follow, max-snippet:-1, max-image-preview:large, max-video-preview:-1\" \/>\n<link rel=\"canonical\" href=\"https:\/\/www.efk.admin.ch\/it\/verifica\/6945\/\" \/>\n<meta property=\"og:locale\" content=\"it_IT\" \/>\n<meta property=\"og:type\" content=\"article\" \/>\n<meta property=\"og:title\" content=\"Mesures de r\u00e9duction du CO2 (2013-2020) - Enqu\u00eate sur l&#039;origine des donn\u00e9es et des analyses co\u00fbts-avantages dans le cadre de la r\u00e9vision de la loi sur le CO2\" \/>\n<meta property=\"og:description\" content=\"Mesures de r\u00e9duction du CO2 (2013-2020) - Enqu\u00eate sur l&#039;origine des donn\u00e9es et des analyses co\u00fbts-avantages dans le cadre de la r\u00e9vision de la loi sur le CO2\" \/>\n<meta property=\"og:url\" content=\"https:\/\/www.efk.admin.ch\/it\/verifica\/6945\/\" \/>\n<meta property=\"og:site_name\" content=\"Controllo federale delle finanze (CDF)\" \/>\n<meta property=\"article:modified_time\" content=\"2024-03-07T15:03:32+00:00\" \/>\n<meta property=\"og:image\" content=\"https:\/\/www.efk.admin.ch\/wp-content\/uploads\/test\/palais.jpg\" \/>\n\t<meta property=\"og:image:width\" content=\"750\" \/>\n\t<meta property=\"og:image:height\" content=\"500\" \/>\n\t<meta property=\"og:image:type\" content=\"image\/jpeg\" \/>\n<meta name=\"twitter:card\" content=\"summary_large_image\" \/>\n<meta name=\"twitter:label1\" content=\"Est. reading time\" \/>\n\t<meta name=\"twitter:data1\" content=\"1 minute\" \/>\n<script type=\"application\/ld+json\" class=\"yoast-schema-graph\">{\"@context\":\"https:\\\/\\\/schema.org\",\"@graph\":[{\"@type\":\"WebPage\",\"@id\":\"https:\\\/\\\/www.efk.admin.ch\\\/it\\\/verifica\\\/6945\\\/\",\"url\":\"https:\\\/\\\/www.efk.admin.ch\\\/it\\\/verifica\\\/6945\\\/\",\"name\":\"Mesures de r\u00e9duction du CO2 (2013-2020) - Enqu\u00eate sur l'origine des donn\u00e9es et des analyses co\u00fbts-avantages dans le cadre de la r\u00e9vision de la loi sur le CO2 - Controllo federale delle finanze (CDF)\",\"isPartOf\":{\"@id\":\"https:\\\/\\\/www.efk.admin.ch\\\/it\\\/#website\"},\"datePublished\":\"2024-01-17T15:37:45+00:00\",\"dateModified\":\"2024-03-07T15:03:32+00:00\",\"description\":\"Mesures de r\u00e9duction du CO2 (2013-2020) - Enqu\u00eate sur l'origine des donn\u00e9es et des analyses co\u00fbts-avantages dans le cadre de la r\u00e9vision de la loi sur le CO2\",\"breadcrumb\":{\"@id\":\"https:\\\/\\\/www.efk.admin.ch\\\/it\\\/verifica\\\/6945\\\/#breadcrumb\"},\"inLanguage\":\"it-IT\",\"potentialAction\":[{\"@type\":\"ReadAction\",\"target\":[\"https:\\\/\\\/www.efk.admin.ch\\\/it\\\/verifica\\\/6945\\\/\"]}]},{\"@type\":\"BreadcrumbList\",\"@id\":\"https:\\\/\\\/www.efk.admin.ch\\\/it\\\/verifica\\\/6945\\\/#breadcrumb\",\"itemListElement\":[{\"@type\":\"ListItem\",\"position\":1,\"name\":\"Home\",\"item\":\"https:\\\/\\\/www.efk.admin.ch\\\/it\\\/\"},{\"@type\":\"ListItem\",\"position\":2,\"name\":\"Rapporto\",\"item\":\"https:\\\/\\\/www.efk.admin.ch\\\/it\\\/verifica\\\/\"},{\"@type\":\"ListItem\",\"position\":3,\"name\":\"Mesures de r\u00e9duction du CO2 (2013-2020) &#8211; Enqu\u00eate sur l&#8217;origine des donn\u00e9es et des analyses co\u00fbts-avantages dans le cadre de la r\u00e9vision de la loi sur le CO2\"}]},{\"@type\":\"WebSite\",\"@id\":\"https:\\\/\\\/www.efk.admin.ch\\\/it\\\/#website\",\"url\":\"https:\\\/\\\/www.efk.admin.ch\\\/it\\\/\",\"name\":\"Informationen \u00fcber das oberste Finanzaufsichtsorgan der Schweiz\",\"description\":\"Il Controllo federale delle finanze (CDF) \u00e8 l'organo supremo di vigilanza finanziaria della Confederazione svizzera.\",\"publisher\":{\"@id\":\"https:\\\/\\\/www.efk.admin.ch\\\/it\\\/#organization\"},\"alternateName\":\"EFK\",\"potentialAction\":[{\"@type\":\"SearchAction\",\"target\":{\"@type\":\"EntryPoint\",\"urlTemplate\":\"https:\\\/\\\/www.efk.admin.ch\\\/it\\\/?s={search_term_string}\"},\"query-input\":{\"@type\":\"PropertyValueSpecification\",\"valueRequired\":true,\"valueName\":\"search_term_string\"}}],\"inLanguage\":\"it-IT\"},{\"@type\":\"Organization\",\"@id\":\"https:\\\/\\\/www.efk.admin.ch\\\/it\\\/#organization\",\"name\":\"Controllo federale delle finanze (CDF)\",\"alternateName\":\"EFK\",\"url\":\"https:\\\/\\\/www.efk.admin.ch\\\/it\\\/\",\"logo\":{\"@type\":\"ImageObject\",\"inLanguage\":\"it-IT\",\"@id\":\"https:\\\/\\\/www.efk.admin.ch\\\/it\\\/#\\\/schema\\\/logo\\\/image\\\/\",\"url\":\"https:\\\/\\\/www.efk.admin.ch\\\/wp-content\\\/uploads\\\/efk_cdf_logo_ohne_claim.png\",\"contentUrl\":\"https:\\\/\\\/www.efk.admin.ch\\\/wp-content\\\/uploads\\\/efk_cdf_logo_ohne_claim.png\",\"width\":268,\"height\":258,\"caption\":\"Controllo federale delle finanze (CDF)\"},\"image\":{\"@id\":\"https:\\\/\\\/www.efk.admin.ch\\\/it\\\/#\\\/schema\\\/logo\\\/image\\\/\"},\"sameAs\":[\"https:\\\/\\\/www.instagram.com\\\/efk_cdf_sfao\\\/\",\"https:\\\/\\\/www.youtube.com\\\/channel\\\/UCm-bXj227VE5sJzhB-ihdvw\\\/featured\",\"https:\\\/\\\/www.linkedin.com\\\/company\\\/11081578\\\/\"]}]}<\/script>\n<!-- \/ Yoast SEO Premium plugin. -->","yoast_head_json":{"title":"Mesures de r\u00e9duction du CO2 (2013-2020) - Enqu\u00eate sur l'origine des donn\u00e9es et des analyses co\u00fbts-avantages dans le cadre de la r\u00e9vision de la loi sur le CO2 - Controllo federale delle finanze (CDF)","description":"Mesures de r\u00e9duction du CO2 (2013-2020) - Enqu\u00eate sur l'origine des donn\u00e9es et des analyses co\u00fbts-avantages dans le cadre de la r\u00e9vision de la loi sur le CO2","robots":{"index":"index","follow":"follow","max-snippet":"max-snippet:-1","max-image-preview":"max-image-preview:large","max-video-preview":"max-video-preview:-1"},"canonical":"https:\/\/www.efk.admin.ch\/it\/verifica\/6945\/","og_locale":"it_IT","og_type":"article","og_title":"Mesures de r\u00e9duction du CO2 (2013-2020) - Enqu\u00eate sur l'origine des donn\u00e9es et des analyses co\u00fbts-avantages dans le cadre de la r\u00e9vision de la loi sur le CO2","og_description":"Mesures de r\u00e9duction du CO2 (2013-2020) - Enqu\u00eate sur l'origine des donn\u00e9es et des analyses co\u00fbts-avantages dans le cadre de la r\u00e9vision de la loi sur le CO2","og_url":"https:\/\/www.efk.admin.ch\/it\/verifica\/6945\/","og_site_name":"Controllo federale delle finanze (CDF)","article_modified_time":"2024-03-07T15:03:32+00:00","og_image":[{"width":750,"height":500,"url":"https:\/\/www.efk.admin.ch\/wp-content\/uploads\/test\/palais.jpg","type":"image\/jpeg"}],"twitter_card":"summary_large_image","twitter_misc":{"Est. reading time":"1 minute"},"schema":{"@context":"https:\/\/schema.org","@graph":[{"@type":"WebPage","@id":"https:\/\/www.efk.admin.ch\/it\/verifica\/6945\/","url":"https:\/\/www.efk.admin.ch\/it\/verifica\/6945\/","name":"Mesures de r\u00e9duction du CO2 (2013-2020) - Enqu\u00eate sur l'origine des donn\u00e9es et des analyses co\u00fbts-avantages dans le cadre de la r\u00e9vision de la loi sur le CO2 - Controllo federale delle finanze (CDF)","isPartOf":{"@id":"https:\/\/www.efk.admin.ch\/it\/#website"},"datePublished":"2024-01-17T15:37:45+00:00","dateModified":"2024-03-07T15:03:32+00:00","description":"Mesures de r\u00e9duction du CO2 (2013-2020) - Enqu\u00eate sur l'origine des donn\u00e9es et des analyses co\u00fbts-avantages dans le cadre de la r\u00e9vision de la loi sur le CO2","breadcrumb":{"@id":"https:\/\/www.efk.admin.ch\/it\/verifica\/6945\/#breadcrumb"},"inLanguage":"it-IT","potentialAction":[{"@type":"ReadAction","target":["https:\/\/www.efk.admin.ch\/it\/verifica\/6945\/"]}]},{"@type":"BreadcrumbList","@id":"https:\/\/www.efk.admin.ch\/it\/verifica\/6945\/#breadcrumb","itemListElement":[{"@type":"ListItem","position":1,"name":"Home","item":"https:\/\/www.efk.admin.ch\/it\/"},{"@type":"ListItem","position":2,"name":"Rapporto","item":"https:\/\/www.efk.admin.ch\/it\/verifica\/"},{"@type":"ListItem","position":3,"name":"Mesures de r\u00e9duction du CO2 (2013-2020) &#8211; Enqu\u00eate sur l&#8217;origine des donn\u00e9es et des analyses co\u00fbts-avantages dans le cadre de la r\u00e9vision de la loi sur le CO2"}]},{"@type":"WebSite","@id":"https:\/\/www.efk.admin.ch\/it\/#website","url":"https:\/\/www.efk.admin.ch\/it\/","name":"Informationen \u00fcber das oberste Finanzaufsichtsorgan der Schweiz","description":"Il Controllo federale delle finanze (CDF) \u00e8 l'organo supremo di vigilanza finanziaria della Confederazione svizzera.","publisher":{"@id":"https:\/\/www.efk.admin.ch\/it\/#organization"},"alternateName":"EFK","potentialAction":[{"@type":"SearchAction","target":{"@type":"EntryPoint","urlTemplate":"https:\/\/www.efk.admin.ch\/it\/?s={search_term_string}"},"query-input":{"@type":"PropertyValueSpecification","valueRequired":true,"valueName":"search_term_string"}}],"inLanguage":"it-IT"},{"@type":"Organization","@id":"https:\/\/www.efk.admin.ch\/it\/#organization","name":"Controllo federale delle finanze (CDF)","alternateName":"EFK","url":"https:\/\/www.efk.admin.ch\/it\/","logo":{"@type":"ImageObject","inLanguage":"it-IT","@id":"https:\/\/www.efk.admin.ch\/it\/#\/schema\/logo\/image\/","url":"https:\/\/www.efk.admin.ch\/wp-content\/uploads\/efk_cdf_logo_ohne_claim.png","contentUrl":"https:\/\/www.efk.admin.ch\/wp-content\/uploads\/efk_cdf_logo_ohne_claim.png","width":268,"height":258,"caption":"Controllo federale delle finanze (CDF)"},"image":{"@id":"https:\/\/www.efk.admin.ch\/it\/#\/schema\/logo\/image\/"},"sameAs":["https:\/\/www.instagram.com\/efk_cdf_sfao\/","https:\/\/www.youtube.com\/channel\/UCm-bXj227VE5sJzhB-ihdvw\/featured","https:\/\/www.linkedin.com\/company\/11081578\/"]}]}},"_links":{"self":[{"href":"https:\/\/www.efk.admin.ch\/it\/wp-json\/wp\/v2\/audit\/6945","targetHints":{"allow":["GET"]}}],"collection":[{"href":"https:\/\/www.efk.admin.ch\/it\/wp-json\/wp\/v2\/audit"}],"about":[{"href":"https:\/\/www.efk.admin.ch\/it\/wp-json\/wp\/v2\/types\/audit"}],"wp:attachment":[{"href":"https:\/\/www.efk.admin.ch\/it\/wp-json\/wp\/v2\/media?parent=6945"}],"wp:term":[{"taxonomy":"audit_category","embeddable":true,"href":"https:\/\/www.efk.admin.ch\/it\/wp-json\/wp\/v2\/audit_category?post=6945"},{"taxonomy":"audit_type","embeddable":true,"href":"https:\/\/www.efk.admin.ch\/it\/wp-json\/wp\/v2\/audit_type?post=6945"}],"curies":[{"name":"wp","href":"https:\/\/api.w.org\/{rel}","templated":true}]}}

Mesures de réduction du CO2 (2013-2020) &#8211; Enquête sur l&#8217;origine des données et des analyses coûts-avantages dans le cadre de la révision de la loi sur le CO2

<p>La Suisse a ratifié en 2003 le protocole de Kyoto, s’engageant ainsi à réduire ses émissions de gaz à effet de serre de 8 % au total au cours de la première période d’engagement, de 2008 à 2012. La loi suisse en vigueur sur le CO2 forme le cadre juridique actuel de la mise en oeuvre des engage-ments internationaux du pays en matière de protection du climat. Début 2013, le protocole de Kyoto comme la loi sur le CO2 seront remplacés. Conformément au protocole, de nouveaux objec-tifs de réduction et des mesures appropriées seront mis en place pour la période d’engagement suivante, de 2013 à 2020.</p>

<!-- This site is optimized with the Yoast SEO Premium plugin v27.4 (Yoast SEO v27.4) - https://yoast.com/product/yoast-seo-premium-wordpress/ -->
<title>Mesures de réduction du CO2 (2013-2020) - Enquête sur l&#039;origine des données et des analyses coûts-avantages dans le cadre de la révision de la loi sur le CO2 - Controllo federale delle finanze (CDF)</title>
<meta name="description" content="Mesures de réduction du CO2 (2013-2020) - Enquête sur l&#039;origine des données et des analyses coûts-avantages dans le cadre de la révision de la loi sur le CO2" />
<meta name="robots" content="index, follow, max-snippet:-1, max-image-preview:large, max-video-preview:-1" />
<link rel="canonical" href="https://www.efk.admin.ch/it/verifica/6945/" />
<meta property="og:locale" content="it_IT" />
<meta property="og:type" content="article" />
<meta property="og:title" content="Mesures de réduction du CO2 (2013-2020) - Enquête sur l&#039;origine des données et des analyses coûts-avantages dans le cadre de la révision de la loi sur le CO2" />
<meta property="og:description" content="Mesures de réduction du CO2 (2013-2020) - Enquête sur l&#039;origine des données et des analyses coûts-avantages dans le cadre de la révision de la loi sur le CO2" />
<meta property="og:url" content="https://www.efk.admin.ch/it/verifica/6945/" />
<meta property="og:site_name" content="Controllo federale delle finanze (CDF)" />
<meta property="article:modified_time" content="2024-03-07T15:03:32+00:00" />
<meta property="og:image" content="https://www.efk.admin.ch/wp-content/uploads/test/palais.jpg" />
	<meta property="og:image:width" content="750" />
	<meta property="og:image:height" content="500" />
	<meta property="og:image:type" content="image/jpeg" />
<meta name="twitter:card" content="summary_large_image" />
<meta name="twitter:label1" content="Est. reading time" />
	<meta name="twitter:data1" content="1 minute" />
<script type="application/ld+json" class="yoast-schema-graph">{"@context":"https:\/\/schema.org","@graph":[{"@type":"WebPage","@id":"https:\/\/www.efk.admin.ch\/it\/verifica\/6945\/","url":"https:\/\/www.efk.admin.ch\/it\/verifica\/6945\/","name":"Mesures de réduction du CO2 (2013-2020) - Enquête sur l'origine des données et des analyses coûts-avantages dans le cadre de la révision de la loi sur le CO2 - Controllo federale delle finanze (CDF)","isPartOf":{"@id":"https:\/\/www.efk.admin.ch\/it\/#website"},"datePublished":"2024-01-17T15:37:45+00:00","dateModified":"2024-03-07T15:03:32+00:00","description":"Mesures de réduction du CO2 (2013-2020) - Enquête sur l'origine des données et des analyses coûts-avantages dans le cadre de la révision de la loi sur le CO2","breadcrumb":{"@id":"https:\/\/www.efk.admin.ch\/it\/verifica\/6945\/#breadcrumb"},"inLanguage":"it-IT","potentialAction":[{"@type":"ReadAction","target":["https:\/\/www.efk.admin.ch\/it\/verifica\/6945\/"]}]},{"@type":"BreadcrumbList","@id":"https:\/\/www.efk.admin.ch\/it\/verifica\/6945\/#breadcrumb","itemListElement":[{"@type":"ListItem","position":1,"name":"Home","item":"https:\/\/www.efk.admin.ch\/it\/"},{"@type":"ListItem","position":2,"name":"Rapporto","item":"https:\/\/www.efk.admin.ch\/it\/verifica\/"},{"@type":"ListItem","position":3,"name":"Mesures de réduction du CO2 (2013-2020) &#8211; Enquête sur l&#8217;origine des données et des analyses coûts-avantages dans le cadre de la révision de la loi sur le CO2"}]},{"@type":"WebSite","@id":"https:\/\/www.efk.admin.ch\/it\/#website","url":"https:\/\/www.efk.admin.ch\/it\/","name":"Informationen über das oberste Finanzaufsichtsorgan der Schweiz","description":"Il Controllo federale delle finanze (CDF) è l'organo supremo di vigilanza finanziaria della Confederazione svizzera.","publisher":{"@id":"https:\/\/www.efk.admin.ch\/it\/#organization"},"alternateName":"EFK","potentialAction":[{"@type":"SearchAction","target":{"@type":"EntryPoint","urlTemplate":"https:\/\/www.efk.admin.ch\/it\/?s={search_term_string}"},"query-input":{"@type":"PropertyValueSpecification","valueRequired":true,"valueName":"search_term_string"}}],"inLanguage":"it-IT"},{"@type":"Organization","@id":"https:\/\/www.efk.admin.ch\/it\/#organization","name":"Controllo federale delle finanze (CDF)","alternateName":"EFK","url":"https:\/\/www.efk.admin.ch\/it\/","logo":{"@type":"ImageObject","inLanguage":"it-IT","@id":"https:\/\/www.efk.admin.ch\/it\/#\/schema\/logo\/image\/","url":"https:\/\/www.efk.admin.ch\/wp-content\/uploads\/efk_cdf_logo_ohne_claim.png","contentUrl":"https:\/\/www.efk.admin.ch\/wp-content\/uploads\/efk_cdf_logo_ohne_claim.png","width":268,"height":258,"caption":"Controllo federale delle finanze (CDF)"},"image":{"@id":"https:\/\/www.efk.admin.ch\/it\/#\/schema\/logo\/image\/"},"sameAs":["https:\/\/www.instagram.com\/efk_cdf_sfao\/","https:\/\/www.youtube.com\/channel\/UCm-bXj227VE5sJzhB-ihdvw\/featured","https:\/\/www.linkedin.com\/company\/11081578\/"]}]}</script>
<!-- / Yoast SEO Premium plugin. -->

Mesures de réduction du CO2 (2013-2020) - Enquête sur l'origine des données et des analyses coûts-avantages dans le cadre de la révision de la loi sur le CO2 - Controllo federale delle finanze (CDF)

Mesures de réduction du CO2 (2013-2020) - Enquête sur l'origine des données et des analyses coûts-avantages dans le cadre de la révision de la loi sur le CO2

Informationen über das oberste Finanzaufsichtsorgan der Schweiz

Il Controllo federale delle finanze (CDF) è l'organo supremo di vigilanza finanziaria della Confederazione svizzera.
