{"id":6927,"date":"2024-01-17T16:37:39","date_gmt":"2024-01-17T15:37:39","guid":{"rendered":"https:\/\/preview.efk.admin.ch\/prufung\/6927\/"},"modified":"2024-03-06T17:22:29","modified_gmt":"2024-03-06T16:22:29","slug":"6927","status":"publish","type":"audit","link":"https:\/\/www.efk.admin.ch\/it\/verifica\/6927\/","title":{"rendered":"Suivi des recommandations du rapport \u00abActivit\u00e9s accessoires des professeurs d&#8217;universit\u00e9 : \u00e9valuation des dispositions l\u00e9gales et des pratiques\u00bb"},"content":{"rendered":"\n<p>Le CDF a effectu\u00e9 un suivi des recommandations formul\u00e9es dans le cadre d\u2019un rapport sur les activit\u00e9s accessoires des professeurs des hautes \u00e9coles universitaires (HEU). Il a constat\u00e9 que le bilan est limit\u00e9 et que tr\u00e8s peu de mesures ont \u00e9t\u00e9 initi\u00e9es. Le CDF estime que les risques perdurent, notamment en lien avec les conflits d\u2019int\u00e9r\u00eats potentiels et le manque de transparence. Force est de constater que l\u2019autonomie des institutions pour la plupart cantonales ne facilite pas une am\u00e9lioration de la situation.<\/p>\n","protected":false},"featured_media":0,"menu_order":0,"template":"","audit_category":[68],"audit_type":[100],"class_list":["post-6927","audit","type-audit","status-publish","hentry","audit_category-formazione-e-ricerca","audit_type-evaluation"],"acf":{"audit_lang":[{"lang":"f"}],"audit_numbers":[{"audit_number":"12452"}],"audit_office":null,"audit_office_text":"","audit_date":"20130829","bgo":true,"keywords":"","audit_office_local":""},"yoast_head":"<!-- This site is optimized with the Yoast SEO Premium plugin v27.4 (Yoast SEO v27.4) - https:\/\/yoast.com\/product\/yoast-seo-premium-wordpress\/ -->\n<title>Suivi des recommandations du rapport \u00abActivit\u00e9s accessoires des professeurs d&#039;universit\u00e9 : \u00e9valuation des dispositions l\u00e9gales et des pratiques\u00bb - Controllo federale delle finanze (CDF)<\/title>\n<meta name=\"description\" content=\"Suivi des recommandations du rapport \u00abActivit\u00e9s accessoires des professeurs d&#039;universit\u00e9 : \u00e9valuation des dispositions l\u00e9gales et des pratiques\u00bb\" \/>\n<meta name=\"robots\" content=\"index, follow, max-snippet:-1, max-image-preview:large, max-video-preview:-1\" \/>\n<link rel=\"canonical\" href=\"https:\/\/www.efk.admin.ch\/it\/verifica\/6927\/\" \/>\n<meta property=\"og:locale\" content=\"it_IT\" \/>\n<meta property=\"og:type\" content=\"article\" \/>\n<meta property=\"og:title\" content=\"Suivi des recommandations du rapport \u00abActivit\u00e9s accessoires des professeurs d&#039;universit\u00e9 : \u00e9valuation des dispositions l\u00e9gales et des pratiques\u00bb\" \/>\n<meta property=\"og:description\" content=\"Suivi des recommandations du rapport \u00abActivit\u00e9s accessoires des professeurs d&#039;universit\u00e9 : \u00e9valuation des dispositions l\u00e9gales et des pratiques\u00bb\" \/>\n<meta property=\"og:url\" content=\"https:\/\/www.efk.admin.ch\/it\/verifica\/6927\/\" \/>\n<meta property=\"og:site_name\" content=\"Controllo federale delle finanze (CDF)\" \/>\n<meta property=\"article:modified_time\" content=\"2024-03-06T16:22:29+00:00\" \/>\n<meta property=\"og:image\" content=\"https:\/\/www.efk.admin.ch\/wp-content\/uploads\/test\/palais.jpg\" \/>\n\t<meta property=\"og:image:width\" content=\"750\" \/>\n\t<meta property=\"og:image:height\" content=\"500\" \/>\n\t<meta property=\"og:image:type\" content=\"image\/jpeg\" \/>\n<meta name=\"twitter:card\" content=\"summary_large_image\" \/>\n<script type=\"application\/ld+json\" class=\"yoast-schema-graph\">{\"@context\":\"https:\\\/\\\/schema.org\",\"@graph\":[{\"@type\":\"WebPage\",\"@id\":\"https:\\\/\\\/www.efk.admin.ch\\\/it\\\/verifica\\\/6927\\\/\",\"url\":\"https:\\\/\\\/www.efk.admin.ch\\\/it\\\/verifica\\\/6927\\\/\",\"name\":\"Suivi des recommandations du rapport \u00abActivit\u00e9s accessoires des professeurs d'universit\u00e9 : \u00e9valuation des dispositions l\u00e9gales et des pratiques\u00bb - Controllo federale delle finanze (CDF)\",\"isPartOf\":{\"@id\":\"https:\\\/\\\/www.efk.admin.ch\\\/it\\\/#website\"},\"datePublished\":\"2024-01-17T15:37:39+00:00\",\"dateModified\":\"2024-03-06T16:22:29+00:00\",\"description\":\"Suivi des recommandations du rapport \u00abActivit\u00e9s accessoires des professeurs d'universit\u00e9 : \u00e9valuation des dispositions l\u00e9gales et des pratiques\u00bb\",\"breadcrumb\":{\"@id\":\"https:\\\/\\\/www.efk.admin.ch\\\/it\\\/verifica\\\/6927\\\/#breadcrumb\"},\"inLanguage\":\"it-IT\",\"potentialAction\":[{\"@type\":\"ReadAction\",\"target\":[\"https:\\\/\\\/www.efk.admin.ch\\\/it\\\/verifica\\\/6927\\\/\"]}]},{\"@type\":\"BreadcrumbList\",\"@id\":\"https:\\\/\\\/www.efk.admin.ch\\\/it\\\/verifica\\\/6927\\\/#breadcrumb\",\"itemListElement\":[{\"@type\":\"ListItem\",\"position\":1,\"name\":\"Home\",\"item\":\"https:\\\/\\\/www.efk.admin.ch\\\/it\\\/\"},{\"@type\":\"ListItem\",\"position\":2,\"name\":\"Rapporto\",\"item\":\"https:\\\/\\\/www.efk.admin.ch\\\/it\\\/verifica\\\/\"},{\"@type\":\"ListItem\",\"position\":3,\"name\":\"Suivi des recommandations du rapport \u00abActivit\u00e9s accessoires des professeurs d&#8217;universit\u00e9 : \u00e9valuation des dispositions l\u00e9gales et des pratiques\u00bb\"}]},{\"@type\":\"WebSite\",\"@id\":\"https:\\\/\\\/www.efk.admin.ch\\\/it\\\/#website\",\"url\":\"https:\\\/\\\/www.efk.admin.ch\\\/it\\\/\",\"name\":\"Informationen \u00fcber das oberste Finanzaufsichtsorgan der Schweiz\",\"description\":\"Il Controllo federale delle finanze (CDF) \u00e8 l'organo supremo di vigilanza finanziaria della Confederazione svizzera.\",\"publisher\":{\"@id\":\"https:\\\/\\\/www.efk.admin.ch\\\/it\\\/#organization\"},\"alternateName\":\"EFK\",\"potentialAction\":[{\"@type\":\"SearchAction\",\"target\":{\"@type\":\"EntryPoint\",\"urlTemplate\":\"https:\\\/\\\/www.efk.admin.ch\\\/it\\\/?s={search_term_string}\"},\"query-input\":{\"@type\":\"PropertyValueSpecification\",\"valueRequired\":true,\"valueName\":\"search_term_string\"}}],\"inLanguage\":\"it-IT\"},{\"@type\":\"Organization\",\"@id\":\"https:\\\/\\\/www.efk.admin.ch\\\/it\\\/#organization\",\"name\":\"Controllo federale delle finanze (CDF)\",\"alternateName\":\"EFK\",\"url\":\"https:\\\/\\\/www.efk.admin.ch\\\/it\\\/\",\"logo\":{\"@type\":\"ImageObject\",\"inLanguage\":\"it-IT\",\"@id\":\"https:\\\/\\\/www.efk.admin.ch\\\/it\\\/#\\\/schema\\\/logo\\\/image\\\/\",\"url\":\"https:\\\/\\\/www.efk.admin.ch\\\/wp-content\\\/uploads\\\/efk_cdf_logo_ohne_claim.png\",\"contentUrl\":\"https:\\\/\\\/www.efk.admin.ch\\\/wp-content\\\/uploads\\\/efk_cdf_logo_ohne_claim.png\",\"width\":268,\"height\":258,\"caption\":\"Controllo federale delle finanze (CDF)\"},\"image\":{\"@id\":\"https:\\\/\\\/www.efk.admin.ch\\\/it\\\/#\\\/schema\\\/logo\\\/image\\\/\"},\"sameAs\":[\"https:\\\/\\\/www.instagram.com\\\/efk_cdf_sfao\\\/\",\"https:\\\/\\\/www.youtube.com\\\/channel\\\/UCm-bXj227VE5sJzhB-ihdvw\\\/featured\",\"https:\\\/\\\/www.linkedin.com\\\/company\\\/11081578\\\/\"]}]}<\/script>\n<!-- \/ Yoast SEO Premium plugin. -->","yoast_head_json":{"title":"Suivi des recommandations du rapport \u00abActivit\u00e9s accessoires des professeurs d'universit\u00e9 : \u00e9valuation des dispositions l\u00e9gales et des pratiques\u00bb - Controllo federale delle finanze (CDF)","description":"Suivi des recommandations du rapport \u00abActivit\u00e9s accessoires des professeurs d'universit\u00e9 : \u00e9valuation des dispositions l\u00e9gales et des pratiques\u00bb","robots":{"index":"index","follow":"follow","max-snippet":"max-snippet:-1","max-image-preview":"max-image-preview:large","max-video-preview":"max-video-preview:-1"},"canonical":"https:\/\/www.efk.admin.ch\/it\/verifica\/6927\/","og_locale":"it_IT","og_type":"article","og_title":"Suivi des recommandations du rapport \u00abActivit\u00e9s accessoires des professeurs d'universit\u00e9 : \u00e9valuation des dispositions l\u00e9gales et des pratiques\u00bb","og_description":"Suivi des recommandations du rapport \u00abActivit\u00e9s accessoires des professeurs d'universit\u00e9 : \u00e9valuation des dispositions l\u00e9gales et des pratiques\u00bb","og_url":"https:\/\/www.efk.admin.ch\/it\/verifica\/6927\/","og_site_name":"Controllo federale delle finanze (CDF)","article_modified_time":"2024-03-06T16:22:29+00:00","og_image":[{"width":750,"height":500,"url":"https:\/\/www.efk.admin.ch\/wp-content\/uploads\/test\/palais.jpg","type":"image\/jpeg"}],"twitter_card":"summary_large_image","schema":{"@context":"https:\/\/schema.org","@graph":[{"@type":"WebPage","@id":"https:\/\/www.efk.admin.ch\/it\/verifica\/6927\/","url":"https:\/\/www.efk.admin.ch\/it\/verifica\/6927\/","name":"Suivi des recommandations du rapport \u00abActivit\u00e9s accessoires des professeurs d'universit\u00e9 : \u00e9valuation des dispositions l\u00e9gales et des pratiques\u00bb - Controllo federale delle finanze (CDF)","isPartOf":{"@id":"https:\/\/www.efk.admin.ch\/it\/#website"},"datePublished":"2024-01-17T15:37:39+00:00","dateModified":"2024-03-06T16:22:29+00:00","description":"Suivi des recommandations du rapport \u00abActivit\u00e9s accessoires des professeurs d'universit\u00e9 : \u00e9valuation des dispositions l\u00e9gales et des pratiques\u00bb","breadcrumb":{"@id":"https:\/\/www.efk.admin.ch\/it\/verifica\/6927\/#breadcrumb"},"inLanguage":"it-IT","potentialAction":[{"@type":"ReadAction","target":["https:\/\/www.efk.admin.ch\/it\/verifica\/6927\/"]}]},{"@type":"BreadcrumbList","@id":"https:\/\/www.efk.admin.ch\/it\/verifica\/6927\/#breadcrumb","itemListElement":[{"@type":"ListItem","position":1,"name":"Home","item":"https:\/\/www.efk.admin.ch\/it\/"},{"@type":"ListItem","position":2,"name":"Rapporto","item":"https:\/\/www.efk.admin.ch\/it\/verifica\/"},{"@type":"ListItem","position":3,"name":"Suivi des recommandations du rapport \u00abActivit\u00e9s accessoires des professeurs d&#8217;universit\u00e9 : \u00e9valuation des dispositions l\u00e9gales et des pratiques\u00bb"}]},{"@type":"WebSite","@id":"https:\/\/www.efk.admin.ch\/it\/#website","url":"https:\/\/www.efk.admin.ch\/it\/","name":"Informationen \u00fcber das oberste Finanzaufsichtsorgan der Schweiz","description":"Il Controllo federale delle finanze (CDF) \u00e8 l'organo supremo di vigilanza finanziaria della Confederazione svizzera.","publisher":{"@id":"https:\/\/www.efk.admin.ch\/it\/#organization"},"alternateName":"EFK","potentialAction":[{"@type":"SearchAction","target":{"@type":"EntryPoint","urlTemplate":"https:\/\/www.efk.admin.ch\/it\/?s={search_term_string}"},"query-input":{"@type":"PropertyValueSpecification","valueRequired":true,"valueName":"search_term_string"}}],"inLanguage":"it-IT"},{"@type":"Organization","@id":"https:\/\/www.efk.admin.ch\/it\/#organization","name":"Controllo federale delle finanze (CDF)","alternateName":"EFK","url":"https:\/\/www.efk.admin.ch\/it\/","logo":{"@type":"ImageObject","inLanguage":"it-IT","@id":"https:\/\/www.efk.admin.ch\/it\/#\/schema\/logo\/image\/","url":"https:\/\/www.efk.admin.ch\/wp-content\/uploads\/efk_cdf_logo_ohne_claim.png","contentUrl":"https:\/\/www.efk.admin.ch\/wp-content\/uploads\/efk_cdf_logo_ohne_claim.png","width":268,"height":258,"caption":"Controllo federale delle finanze (CDF)"},"image":{"@id":"https:\/\/www.efk.admin.ch\/it\/#\/schema\/logo\/image\/"},"sameAs":["https:\/\/www.instagram.com\/efk_cdf_sfao\/","https:\/\/www.youtube.com\/channel\/UCm-bXj227VE5sJzhB-ihdvw\/featured","https:\/\/www.linkedin.com\/company\/11081578\/"]}]}},"_links":{"self":[{"href":"https:\/\/www.efk.admin.ch\/it\/wp-json\/wp\/v2\/audit\/6927","targetHints":{"allow":["GET"]}}],"collection":[{"href":"https:\/\/www.efk.admin.ch\/it\/wp-json\/wp\/v2\/audit"}],"about":[{"href":"https:\/\/www.efk.admin.ch\/it\/wp-json\/wp\/v2\/types\/audit"}],"wp:attachment":[{"href":"https:\/\/www.efk.admin.ch\/it\/wp-json\/wp\/v2\/media?parent=6927"}],"wp:term":[{"taxonomy":"audit_category","embeddable":true,"href":"https:\/\/www.efk.admin.ch\/it\/wp-json\/wp\/v2\/audit_category?post=6927"},{"taxonomy":"audit_type","embeddable":true,"href":"https:\/\/www.efk.admin.ch\/it\/wp-json\/wp\/v2\/audit_type?post=6927"}],"curies":[{"name":"wp","href":"https:\/\/api.w.org\/{rel}","templated":true}]}}

Suivi des recommandations du rapport «Activités accessoires des professeurs d&#8217;université : évaluation des dispositions légales et des pratiques»

<p>Le CDF a effectué un suivi des recommandations formulées dans le cadre d’un rapport sur les activités accessoires des professeurs des hautes écoles universitaires (HEU). Il a constaté que le bilan est limité et que très peu de mesures ont été initiées. Le CDF estime que les risques perdurent, notamment en lien avec les conflits d’intérêts potentiels et le manque de transparence. Force est de constater que l’autonomie des institutions pour la plupart cantonales ne facilite pas une amélioration de la situation.</p>

<!-- This site is optimized with the Yoast SEO Premium plugin v27.4 (Yoast SEO v27.4) - https://yoast.com/product/yoast-seo-premium-wordpress/ -->
<title>Suivi des recommandations du rapport «Activités accessoires des professeurs d&#039;université : évaluation des dispositions légales et des pratiques» - Controllo federale delle finanze (CDF)</title>
<meta name="description" content="Suivi des recommandations du rapport «Activités accessoires des professeurs d&#039;université : évaluation des dispositions légales et des pratiques»" />
<meta name="robots" content="index, follow, max-snippet:-1, max-image-preview:large, max-video-preview:-1" />
<link rel="canonical" href="https://www.efk.admin.ch/it/verifica/6927/" />
<meta property="og:locale" content="it_IT" />
<meta property="og:type" content="article" />
<meta property="og:title" content="Suivi des recommandations du rapport «Activités accessoires des professeurs d&#039;université : évaluation des dispositions légales et des pratiques»" />
<meta property="og:description" content="Suivi des recommandations du rapport «Activités accessoires des professeurs d&#039;université : évaluation des dispositions légales et des pratiques»" />
<meta property="og:url" content="https://www.efk.admin.ch/it/verifica/6927/" />
<meta property="og:site_name" content="Controllo federale delle finanze (CDF)" />
<meta property="article:modified_time" content="2024-03-06T16:22:29+00:00" />
<meta property="og:image" content="https://www.efk.admin.ch/wp-content/uploads/test/palais.jpg" />
	<meta property="og:image:width" content="750" />
	<meta property="og:image:height" content="500" />
	<meta property="og:image:type" content="image/jpeg" />
<meta name="twitter:card" content="summary_large_image" />
<script type="application/ld+json" class="yoast-schema-graph">{"@context":"https:\/\/schema.org","@graph":[{"@type":"WebPage","@id":"https:\/\/www.efk.admin.ch\/it\/verifica\/6927\/","url":"https:\/\/www.efk.admin.ch\/it\/verifica\/6927\/","name":"Suivi des recommandations du rapport «Activités accessoires des professeurs d'université : évaluation des dispositions légales et des pratiques» - Controllo federale delle finanze (CDF)","isPartOf":{"@id":"https:\/\/www.efk.admin.ch\/it\/#website"},"datePublished":"2024-01-17T15:37:39+00:00","dateModified":"2024-03-06T16:22:29+00:00","description":"Suivi des recommandations du rapport «Activités accessoires des professeurs d'université : évaluation des dispositions légales et des pratiques»","breadcrumb":{"@id":"https:\/\/www.efk.admin.ch\/it\/verifica\/6927\/#breadcrumb"},"inLanguage":"it-IT","potentialAction":[{"@type":"ReadAction","target":["https:\/\/www.efk.admin.ch\/it\/verifica\/6927\/"]}]},{"@type":"BreadcrumbList","@id":"https:\/\/www.efk.admin.ch\/it\/verifica\/6927\/#breadcrumb","itemListElement":[{"@type":"ListItem","position":1,"name":"Home","item":"https:\/\/www.efk.admin.ch\/it\/"},{"@type":"ListItem","position":2,"name":"Rapporto","item":"https:\/\/www.efk.admin.ch\/it\/verifica\/"},{"@type":"ListItem","position":3,"name":"Suivi des recommandations du rapport «Activités accessoires des professeurs d&#8217;université : évaluation des dispositions légales et des pratiques»"}]},{"@type":"WebSite","@id":"https:\/\/www.efk.admin.ch\/it\/#website","url":"https:\/\/www.efk.admin.ch\/it\/","name":"Informationen über das oberste Finanzaufsichtsorgan der Schweiz","description":"Il Controllo federale delle finanze (CDF) è l'organo supremo di vigilanza finanziaria della Confederazione svizzera.","publisher":{"@id":"https:\/\/www.efk.admin.ch\/it\/#organization"},"alternateName":"EFK","potentialAction":[{"@type":"SearchAction","target":{"@type":"EntryPoint","urlTemplate":"https:\/\/www.efk.admin.ch\/it\/?s={search_term_string}"},"query-input":{"@type":"PropertyValueSpecification","valueRequired":true,"valueName":"search_term_string"}}],"inLanguage":"it-IT"},{"@type":"Organization","@id":"https:\/\/www.efk.admin.ch\/it\/#organization","name":"Controllo federale delle finanze (CDF)","alternateName":"EFK","url":"https:\/\/www.efk.admin.ch\/it\/","logo":{"@type":"ImageObject","inLanguage":"it-IT","@id":"https:\/\/www.efk.admin.ch\/it\/#\/schema\/logo\/image\/","url":"https:\/\/www.efk.admin.ch\/wp-content\/uploads\/efk_cdf_logo_ohne_claim.png","contentUrl":"https:\/\/www.efk.admin.ch\/wp-content\/uploads\/efk_cdf_logo_ohne_claim.png","width":268,"height":258,"caption":"Controllo federale delle finanze (CDF)"},"image":{"@id":"https:\/\/www.efk.admin.ch\/it\/#\/schema\/logo\/image\/"},"sameAs":["https:\/\/www.instagram.com\/efk_cdf_sfao\/","https:\/\/www.youtube.com\/channel\/UCm-bXj227VE5sJzhB-ihdvw\/featured","https:\/\/www.linkedin.com\/company\/11081578\/"]}]}</script>
<!-- / Yoast SEO Premium plugin. -->

Suivi des recommandations du rapport «Activités accessoires des professeurs d'université : évaluation des dispositions légales et des pratiques» - Controllo federale delle finanze (CDF)

Suivi des recommandations du rapport «Activités accessoires des professeurs d'université : évaluation des dispositions légales et des pratiques»

Informationen über das oberste Finanzaufsichtsorgan der Schweiz

Il Controllo federale delle finanze (CDF) è l'organo supremo di vigilanza finanziaria della Confederazione svizzera.
