{"id":6891,"date":"2024-01-17T16:37:27","date_gmt":"2024-01-17T15:37:27","guid":{"rendered":"https:\/\/preview.efk.admin.ch\/prufung\/compte-detat-de-la-confederation-suisse-compte-de-la-confederation-pour-lannee-2014\/"},"modified":"2024-03-04T15:56:05","modified_gmt":"2024-03-04T14:56:05","slug":"compte-detat-de-la-confederation-suisse-compte-de-la-confederation-pour-lannee-2014","status":"publish","type":"audit","link":"https:\/\/www.efk.admin.ch\/it\/verifica\/compte-detat-de-la-confederation-suisse-compte-de-la-confederation-pour-lannee-2014\/","title":{"rendered":"Compte d&#8217;Etat de la Conf\u00e9d\u00e9ration suisse (compte de la Conf\u00e9d\u00e9ration) pour l&#8217;ann\u00e9e 2014"},"content":{"rendered":"\n<p>Sulla base dell&#8217;articolo 6 della legge federale sul Controllo federale delle finanze (CDF) abbiamo verificato ai sensi delle disposizioni legali il consuntivo (conto della Confederazione) che il Consiglio federale ha presentato al Parlamento con il messaggio del 25 marzo 2015, costituito dal conto di finanziamento e flusso del capitale, dal conto economico, dal bilancio, dal conto degli investimenti, dalla documentazione del capitale proprio nonch\u00e9 dall&#8217;allegato per l&#8217;esercizio chiuso al 31 dicembre 2014<\/p>\n","protected":false},"featured_media":0,"menu_order":0,"template":"","audit_category":[44],"audit_type":[221],"class_list":["post-6891","audit","type-audit","status-publish","hentry","audit_category-finanze-pubbliche-e-imposte","audit_type-bundesrechnung"],"acf":{"audit_lang":[{"lang":"d"}],"audit_numbers":[{"audit_number":"15120"}],"audit_office":[1097],"audit_office_text":"","audit_date":"20150630","bgo":false,"keywords":"articolo 6 della legge federale sul Controllo federale delle finanze (CDF), conto della Confederazione","audit_office_local":""},"yoast_head":"<!-- This site is optimized with the Yoast SEO Premium plugin v27.4 (Yoast SEO v27.4) - https:\/\/yoast.com\/product\/yoast-seo-premium-wordpress\/ -->\n<title>Compte d&#039;Etat de la Conf\u00e9d\u00e9ration suisse (compte de la Conf\u00e9d\u00e9ration) pour l&#039;ann\u00e9e 2014 - Controllo federale delle finanze (CDF)<\/title>\n<meta name=\"description\" content=\"Compte d&#039;Etat de la Conf\u00e9d\u00e9ration suisse (compte de la Conf\u00e9d\u00e9ration) pour l&#039;ann\u00e9e 2014\" \/>\n<meta name=\"robots\" content=\"index, follow, max-snippet:-1, max-image-preview:large, max-video-preview:-1\" \/>\n<link rel=\"canonical\" href=\"https:\/\/www.efk.admin.ch\/it\/verifica\/compte-detat-de-la-confederation-suisse-compte-de-la-confederation-pour-lannee-2014\/\" \/>\n<meta property=\"og:locale\" content=\"it_IT\" \/>\n<meta property=\"og:type\" content=\"article\" \/>\n<meta property=\"og:title\" content=\"Compte d&#039;Etat de la Conf\u00e9d\u00e9ration suisse (compte de la Conf\u00e9d\u00e9ration) pour l&#039;ann\u00e9e 2014\" \/>\n<meta property=\"og:description\" content=\"Compte d&#039;Etat de la Conf\u00e9d\u00e9ration suisse (compte de la Conf\u00e9d\u00e9ration) pour l&#039;ann\u00e9e 2014\" \/>\n<meta property=\"og:url\" content=\"https:\/\/www.efk.admin.ch\/it\/verifica\/compte-detat-de-la-confederation-suisse-compte-de-la-confederation-pour-lannee-2014\/\" \/>\n<meta property=\"og:site_name\" content=\"Controllo federale delle finanze (CDF)\" \/>\n<meta property=\"article:modified_time\" content=\"2024-03-04T14:56:05+00:00\" \/>\n<meta property=\"og:image\" content=\"https:\/\/www.efk.admin.ch\/wp-content\/uploads\/test\/palais.jpg\" \/>\n\t<meta property=\"og:image:width\" content=\"750\" \/>\n\t<meta property=\"og:image:height\" content=\"500\" \/>\n\t<meta property=\"og:image:type\" content=\"image\/jpeg\" \/>\n<meta name=\"twitter:card\" content=\"summary_large_image\" \/>\n<script type=\"application\/ld+json\" class=\"yoast-schema-graph\">{\"@context\":\"https:\\\/\\\/schema.org\",\"@graph\":[{\"@type\":\"WebPage\",\"@id\":\"https:\\\/\\\/www.efk.admin.ch\\\/it\\\/verifica\\\/compte-detat-de-la-confederation-suisse-compte-de-la-confederation-pour-lannee-2014\\\/\",\"url\":\"https:\\\/\\\/www.efk.admin.ch\\\/it\\\/verifica\\\/compte-detat-de-la-confederation-suisse-compte-de-la-confederation-pour-lannee-2014\\\/\",\"name\":\"Compte d'Etat de la Conf\u00e9d\u00e9ration suisse (compte de la Conf\u00e9d\u00e9ration) pour l'ann\u00e9e 2014 - Controllo federale delle finanze (CDF)\",\"isPartOf\":{\"@id\":\"https:\\\/\\\/www.efk.admin.ch\\\/it\\\/#website\"},\"datePublished\":\"2024-01-17T15:37:27+00:00\",\"dateModified\":\"2024-03-04T14:56:05+00:00\",\"description\":\"Compte d'Etat de la Conf\u00e9d\u00e9ration suisse (compte de la Conf\u00e9d\u00e9ration) pour l'ann\u00e9e 2014\",\"breadcrumb\":{\"@id\":\"https:\\\/\\\/www.efk.admin.ch\\\/it\\\/verifica\\\/compte-detat-de-la-confederation-suisse-compte-de-la-confederation-pour-lannee-2014\\\/#breadcrumb\"},\"inLanguage\":\"it-IT\",\"potentialAction\":[{\"@type\":\"ReadAction\",\"target\":[\"https:\\\/\\\/www.efk.admin.ch\\\/it\\\/verifica\\\/compte-detat-de-la-confederation-suisse-compte-de-la-confederation-pour-lannee-2014\\\/\"]}]},{\"@type\":\"BreadcrumbList\",\"@id\":\"https:\\\/\\\/www.efk.admin.ch\\\/it\\\/verifica\\\/compte-detat-de-la-confederation-suisse-compte-de-la-confederation-pour-lannee-2014\\\/#breadcrumb\",\"itemListElement\":[{\"@type\":\"ListItem\",\"position\":1,\"name\":\"Home\",\"item\":\"https:\\\/\\\/www.efk.admin.ch\\\/it\\\/\"},{\"@type\":\"ListItem\",\"position\":2,\"name\":\"Rapporto\",\"item\":\"https:\\\/\\\/www.efk.admin.ch\\\/it\\\/verifica\\\/\"},{\"@type\":\"ListItem\",\"position\":3,\"name\":\"Compte d&#8217;Etat de la Conf\u00e9d\u00e9ration suisse (compte de la Conf\u00e9d\u00e9ration) pour l&#8217;ann\u00e9e 2014\"}]},{\"@type\":\"WebSite\",\"@id\":\"https:\\\/\\\/www.efk.admin.ch\\\/it\\\/#website\",\"url\":\"https:\\\/\\\/www.efk.admin.ch\\\/it\\\/\",\"name\":\"Informationen \u00fcber das oberste Finanzaufsichtsorgan der Schweiz\",\"description\":\"Il Controllo federale delle finanze (CDF) \u00e8 l'organo supremo di vigilanza finanziaria della Confederazione svizzera.\",\"publisher\":{\"@id\":\"https:\\\/\\\/www.efk.admin.ch\\\/it\\\/#organization\"},\"alternateName\":\"EFK\",\"potentialAction\":[{\"@type\":\"SearchAction\",\"target\":{\"@type\":\"EntryPoint\",\"urlTemplate\":\"https:\\\/\\\/www.efk.admin.ch\\\/it\\\/?s={search_term_string}\"},\"query-input\":{\"@type\":\"PropertyValueSpecification\",\"valueRequired\":true,\"valueName\":\"search_term_string\"}}],\"inLanguage\":\"it-IT\"},{\"@type\":\"Organization\",\"@id\":\"https:\\\/\\\/www.efk.admin.ch\\\/it\\\/#organization\",\"name\":\"Controllo federale delle finanze (CDF)\",\"alternateName\":\"EFK\",\"url\":\"https:\\\/\\\/www.efk.admin.ch\\\/it\\\/\",\"logo\":{\"@type\":\"ImageObject\",\"inLanguage\":\"it-IT\",\"@id\":\"https:\\\/\\\/www.efk.admin.ch\\\/it\\\/#\\\/schema\\\/logo\\\/image\\\/\",\"url\":\"https:\\\/\\\/www.efk.admin.ch\\\/wp-content\\\/uploads\\\/efk_cdf_logo_ohne_claim.png\",\"contentUrl\":\"https:\\\/\\\/www.efk.admin.ch\\\/wp-content\\\/uploads\\\/efk_cdf_logo_ohne_claim.png\",\"width\":268,\"height\":258,\"caption\":\"Controllo federale delle finanze (CDF)\"},\"image\":{\"@id\":\"https:\\\/\\\/www.efk.admin.ch\\\/it\\\/#\\\/schema\\\/logo\\\/image\\\/\"},\"sameAs\":[\"https:\\\/\\\/www.instagram.com\\\/efk_cdf_sfao\\\/\",\"https:\\\/\\\/www.youtube.com\\\/channel\\\/UCm-bXj227VE5sJzhB-ihdvw\\\/featured\",\"https:\\\/\\\/www.linkedin.com\\\/company\\\/11081578\\\/\"]}]}<\/script>\n<!-- \/ Yoast SEO Premium plugin. -->","yoast_head_json":{"title":"Compte d'Etat de la Conf\u00e9d\u00e9ration suisse (compte de la Conf\u00e9d\u00e9ration) pour l'ann\u00e9e 2014 - Controllo federale delle finanze (CDF)","description":"Compte d'Etat de la Conf\u00e9d\u00e9ration suisse (compte de la Conf\u00e9d\u00e9ration) pour l'ann\u00e9e 2014","robots":{"index":"index","follow":"follow","max-snippet":"max-snippet:-1","max-image-preview":"max-image-preview:large","max-video-preview":"max-video-preview:-1"},"canonical":"https:\/\/www.efk.admin.ch\/it\/verifica\/compte-detat-de-la-confederation-suisse-compte-de-la-confederation-pour-lannee-2014\/","og_locale":"it_IT","og_type":"article","og_title":"Compte d'Etat de la Conf\u00e9d\u00e9ration suisse (compte de la Conf\u00e9d\u00e9ration) pour l'ann\u00e9e 2014","og_description":"Compte d'Etat de la Conf\u00e9d\u00e9ration suisse (compte de la Conf\u00e9d\u00e9ration) pour l'ann\u00e9e 2014","og_url":"https:\/\/www.efk.admin.ch\/it\/verifica\/compte-detat-de-la-confederation-suisse-compte-de-la-confederation-pour-lannee-2014\/","og_site_name":"Controllo federale delle finanze (CDF)","article_modified_time":"2024-03-04T14:56:05+00:00","og_image":[{"width":750,"height":500,"url":"https:\/\/www.efk.admin.ch\/wp-content\/uploads\/test\/palais.jpg","type":"image\/jpeg"}],"twitter_card":"summary_large_image","schema":{"@context":"https:\/\/schema.org","@graph":[{"@type":"WebPage","@id":"https:\/\/www.efk.admin.ch\/it\/verifica\/compte-detat-de-la-confederation-suisse-compte-de-la-confederation-pour-lannee-2014\/","url":"https:\/\/www.efk.admin.ch\/it\/verifica\/compte-detat-de-la-confederation-suisse-compte-de-la-confederation-pour-lannee-2014\/","name":"Compte d'Etat de la Conf\u00e9d\u00e9ration suisse (compte de la Conf\u00e9d\u00e9ration) pour l'ann\u00e9e 2014 - Controllo federale delle finanze (CDF)","isPartOf":{"@id":"https:\/\/www.efk.admin.ch\/it\/#website"},"datePublished":"2024-01-17T15:37:27+00:00","dateModified":"2024-03-04T14:56:05+00:00","description":"Compte d'Etat de la Conf\u00e9d\u00e9ration suisse (compte de la Conf\u00e9d\u00e9ration) pour l'ann\u00e9e 2014","breadcrumb":{"@id":"https:\/\/www.efk.admin.ch\/it\/verifica\/compte-detat-de-la-confederation-suisse-compte-de-la-confederation-pour-lannee-2014\/#breadcrumb"},"inLanguage":"it-IT","potentialAction":[{"@type":"ReadAction","target":["https:\/\/www.efk.admin.ch\/it\/verifica\/compte-detat-de-la-confederation-suisse-compte-de-la-confederation-pour-lannee-2014\/"]}]},{"@type":"BreadcrumbList","@id":"https:\/\/www.efk.admin.ch\/it\/verifica\/compte-detat-de-la-confederation-suisse-compte-de-la-confederation-pour-lannee-2014\/#breadcrumb","itemListElement":[{"@type":"ListItem","position":1,"name":"Home","item":"https:\/\/www.efk.admin.ch\/it\/"},{"@type":"ListItem","position":2,"name":"Rapporto","item":"https:\/\/www.efk.admin.ch\/it\/verifica\/"},{"@type":"ListItem","position":3,"name":"Compte d&#8217;Etat de la Conf\u00e9d\u00e9ration suisse (compte de la Conf\u00e9d\u00e9ration) pour l&#8217;ann\u00e9e 2014"}]},{"@type":"WebSite","@id":"https:\/\/www.efk.admin.ch\/it\/#website","url":"https:\/\/www.efk.admin.ch\/it\/","name":"Informationen \u00fcber das oberste Finanzaufsichtsorgan der Schweiz","description":"Il Controllo federale delle finanze (CDF) \u00e8 l'organo supremo di vigilanza finanziaria della Confederazione svizzera.","publisher":{"@id":"https:\/\/www.efk.admin.ch\/it\/#organization"},"alternateName":"EFK","potentialAction":[{"@type":"SearchAction","target":{"@type":"EntryPoint","urlTemplate":"https:\/\/www.efk.admin.ch\/it\/?s={search_term_string}"},"query-input":{"@type":"PropertyValueSpecification","valueRequired":true,"valueName":"search_term_string"}}],"inLanguage":"it-IT"},{"@type":"Organization","@id":"https:\/\/www.efk.admin.ch\/it\/#organization","name":"Controllo federale delle finanze (CDF)","alternateName":"EFK","url":"https:\/\/www.efk.admin.ch\/it\/","logo":{"@type":"ImageObject","inLanguage":"it-IT","@id":"https:\/\/www.efk.admin.ch\/it\/#\/schema\/logo\/image\/","url":"https:\/\/www.efk.admin.ch\/wp-content\/uploads\/efk_cdf_logo_ohne_claim.png","contentUrl":"https:\/\/www.efk.admin.ch\/wp-content\/uploads\/efk_cdf_logo_ohne_claim.png","width":268,"height":258,"caption":"Controllo federale delle finanze (CDF)"},"image":{"@id":"https:\/\/www.efk.admin.ch\/it\/#\/schema\/logo\/image\/"},"sameAs":["https:\/\/www.instagram.com\/efk_cdf_sfao\/","https:\/\/www.youtube.com\/channel\/UCm-bXj227VE5sJzhB-ihdvw\/featured","https:\/\/www.linkedin.com\/company\/11081578\/"]}]}},"_links":{"self":[{"href":"https:\/\/www.efk.admin.ch\/it\/wp-json\/wp\/v2\/audit\/6891","targetHints":{"allow":["GET"]}}],"collection":[{"href":"https:\/\/www.efk.admin.ch\/it\/wp-json\/wp\/v2\/audit"}],"about":[{"href":"https:\/\/www.efk.admin.ch\/it\/wp-json\/wp\/v2\/types\/audit"}],"acf:post":[{"embeddable":true,"href":"https:\/\/www.efk.admin.ch\/it\/wp-json\/wp\/v2\/office\/1097"}],"wp:attachment":[{"href":"https:\/\/www.efk.admin.ch\/it\/wp-json\/wp\/v2\/media?parent=6891"}],"wp:term":[{"taxonomy":"audit_category","embeddable":true,"href":"https:\/\/www.efk.admin.ch\/it\/wp-json\/wp\/v2\/audit_category?post=6891"},{"taxonomy":"audit_type","embeddable":true,"href":"https:\/\/www.efk.admin.ch\/it\/wp-json\/wp\/v2\/audit_type?post=6891"}],"curies":[{"name":"wp","href":"https:\/\/api.w.org\/{rel}","templated":true}]}}

Compte d&#8217;Etat de la Confédération suisse (compte de la Confédération) pour l&#8217;année 2014

<p>Sulla base dell&#8217;articolo 6 della legge federale sul Controllo federale delle finanze (CDF) abbiamo verificato ai sensi delle disposizioni legali il consuntivo (conto della Confederazione) che il Consiglio federale ha presentato al Parlamento con il messaggio del 25 marzo 2015, costituito dal conto di finanziamento e flusso del capitale, dal conto economico, dal bilancio, dal conto degli investimenti, dalla documentazione del capitale proprio nonché dall&#8217;allegato per l&#8217;esercizio chiuso al 31 dicembre 2014</p>

<!-- This site is optimized with the Yoast SEO Premium plugin v27.4 (Yoast SEO v27.4) - https://yoast.com/product/yoast-seo-premium-wordpress/ -->
<title>Compte d&#039;Etat de la Confédération suisse (compte de la Confédération) pour l&#039;année 2014 - Controllo federale delle finanze (CDF)</title>
<meta name="description" content="Compte d&#039;Etat de la Confédération suisse (compte de la Confédération) pour l&#039;année 2014" />
<meta name="robots" content="index, follow, max-snippet:-1, max-image-preview:large, max-video-preview:-1" />
<link rel="canonical" href="https://www.efk.admin.ch/it/verifica/compte-detat-de-la-confederation-suisse-compte-de-la-confederation-pour-lannee-2014/" />
<meta property="og:locale" content="it_IT" />
<meta property="og:type" content="article" />
<meta property="og:title" content="Compte d&#039;Etat de la Confédération suisse (compte de la Confédération) pour l&#039;année 2014" />
<meta property="og:description" content="Compte d&#039;Etat de la Confédération suisse (compte de la Confédération) pour l&#039;année 2014" />
<meta property="og:url" content="https://www.efk.admin.ch/it/verifica/compte-detat-de-la-confederation-suisse-compte-de-la-confederation-pour-lannee-2014/" />
<meta property="og:site_name" content="Controllo federale delle finanze (CDF)" />
<meta property="article:modified_time" content="2024-03-04T14:56:05+00:00" />
<meta property="og:image" content="https://www.efk.admin.ch/wp-content/uploads/test/palais.jpg" />
	<meta property="og:image:width" content="750" />
	<meta property="og:image:height" content="500" />
	<meta property="og:image:type" content="image/jpeg" />
<meta name="twitter:card" content="summary_large_image" />
<script type="application/ld+json" class="yoast-schema-graph">{"@context":"https:\/\/schema.org","@graph":[{"@type":"WebPage","@id":"https:\/\/www.efk.admin.ch\/it\/verifica\/compte-detat-de-la-confederation-suisse-compte-de-la-confederation-pour-lannee-2014\/","url":"https:\/\/www.efk.admin.ch\/it\/verifica\/compte-detat-de-la-confederation-suisse-compte-de-la-confederation-pour-lannee-2014\/","name":"Compte d'Etat de la Confédération suisse (compte de la Confédération) pour l'année 2014 - Controllo federale delle finanze (CDF)","isPartOf":{"@id":"https:\/\/www.efk.admin.ch\/it\/#website"},"datePublished":"2024-01-17T15:37:27+00:00","dateModified":"2024-03-04T14:56:05+00:00","description":"Compte d'Etat de la Confédération suisse (compte de la Confédération) pour l'année 2014","breadcrumb":{"@id":"https:\/\/www.efk.admin.ch\/it\/verifica\/compte-detat-de-la-confederation-suisse-compte-de-la-confederation-pour-lannee-2014\/#breadcrumb"},"inLanguage":"it-IT","potentialAction":[{"@type":"ReadAction","target":["https:\/\/www.efk.admin.ch\/it\/verifica\/compte-detat-de-la-confederation-suisse-compte-de-la-confederation-pour-lannee-2014\/"]}]},{"@type":"BreadcrumbList","@id":"https:\/\/www.efk.admin.ch\/it\/verifica\/compte-detat-de-la-confederation-suisse-compte-de-la-confederation-pour-lannee-2014\/#breadcrumb","itemListElement":[{"@type":"ListItem","position":1,"name":"Home","item":"https:\/\/www.efk.admin.ch\/it\/"},{"@type":"ListItem","position":2,"name":"Rapporto","item":"https:\/\/www.efk.admin.ch\/it\/verifica\/"},{"@type":"ListItem","position":3,"name":"Compte d&#8217;Etat de la Confédération suisse (compte de la Confédération) pour l&#8217;année 2014"}]},{"@type":"WebSite","@id":"https:\/\/www.efk.admin.ch\/it\/#website","url":"https:\/\/www.efk.admin.ch\/it\/","name":"Informationen über das oberste Finanzaufsichtsorgan der Schweiz","description":"Il Controllo federale delle finanze (CDF) è l'organo supremo di vigilanza finanziaria della Confederazione svizzera.","publisher":{"@id":"https:\/\/www.efk.admin.ch\/it\/#organization"},"alternateName":"EFK","potentialAction":[{"@type":"SearchAction","target":{"@type":"EntryPoint","urlTemplate":"https:\/\/www.efk.admin.ch\/it\/?s={search_term_string}"},"query-input":{"@type":"PropertyValueSpecification","valueRequired":true,"valueName":"search_term_string"}}],"inLanguage":"it-IT"},{"@type":"Organization","@id":"https:\/\/www.efk.admin.ch\/it\/#organization","name":"Controllo federale delle finanze (CDF)","alternateName":"EFK","url":"https:\/\/www.efk.admin.ch\/it\/","logo":{"@type":"ImageObject","inLanguage":"it-IT","@id":"https:\/\/www.efk.admin.ch\/it\/#\/schema\/logo\/image\/","url":"https:\/\/www.efk.admin.ch\/wp-content\/uploads\/efk_cdf_logo_ohne_claim.png","contentUrl":"https:\/\/www.efk.admin.ch\/wp-content\/uploads\/efk_cdf_logo_ohne_claim.png","width":268,"height":258,"caption":"Controllo federale delle finanze (CDF)"},"image":{"@id":"https:\/\/www.efk.admin.ch\/it\/#\/schema\/logo\/image\/"},"sameAs":["https:\/\/www.instagram.com\/efk_cdf_sfao\/","https:\/\/www.youtube.com\/channel\/UCm-bXj227VE5sJzhB-ihdvw\/featured","https:\/\/www.linkedin.com\/company\/11081578\/"]}]}</script>
<!-- / Yoast SEO Premium plugin. -->

Compte d'Etat de la Confédération suisse (compte de la Confédération) pour l'année 2014 - Controllo federale delle finanze (CDF)

Compte d'Etat de la Confédération suisse (compte de la Confédération) pour l'année 2014

Informationen über das oberste Finanzaufsichtsorgan der Schweiz

Il Controllo federale delle finanze (CDF) è l'organo supremo di vigilanza finanziaria della Confederazione svizzera.
