{"id":6883,"date":"2024-01-17T16:37:27","date_gmt":"2024-01-17T15:37:27","guid":{"rendered":"https:\/\/preview.efk.admin.ch\/prufung\/aides-financieres-a-laccueil-extra-familial-pour-enfants-office-federal-des-assurances-sociales\/"},"modified":"2024-03-05T12:01:08","modified_gmt":"2024-03-05T11:01:08","slug":"aides-financieres-a-laccueil-extra-familial-pour-enfants-office-federal-des-assurances-sociales","status":"publish","type":"audit","link":"https:\/\/www.efk.admin.ch\/it\/verifica\/aides-financieres-a-laccueil-extra-familial-pour-enfants-office-federal-des-assurances-sociales\/","title":{"rendered":"Aides financi\u00e8res \u00e0 l&#8217;accueil extra-familial pour enfants"},"content":{"rendered":"\n<p>Il Controllo federale delle finanze (CDF) ha effettuato una revisione annunciata nell\u2019Unit\u00e0 Aiuti finanziari per la custodia di bambini complementare alla famiglia presso l\u2019Ufficio federale delle assicurazioni sociali (UFAS) nei mesi di novembre e dicembre del 2014, in virt\u00f9 degli articoli 6 e 8 della legge federale sul controllo federale delle finanze. Nel settembre 2015, la verifica \u00e8 stata completata da tre incontri con le autorit\u00e0 cantonali.<\/p>\n","protected":false},"featured_media":0,"menu_order":0,"template":"","audit_category":[132],"audit_type":[53],"class_list":["post-6883","audit","type-audit","status-publish","hentry","audit_category-assicurazioni-sociali-e-previdenza-per-la-vecchiaia","audit_type-verifica"],"acf":{"audit_lang":[{"lang":"d"}],"audit_numbers":[{"audit_number":"14394"}],"audit_office":1067,"audit_office_text":"","audit_date":"20151020","bgo":false,"keywords":"Unit\u00e0 Aiuti finanziari per la custodia di bambini complementare alla famiglia, revisione, articoli 6 e 8 della legge federale sul controllo federale delle finanze, autorit\u00e0 cantonali","audit_office_local":""},"yoast_head":"<!-- This site is optimized with the Yoast SEO Premium plugin v27.4 (Yoast SEO v27.4) - https:\/\/yoast.com\/product\/yoast-seo-premium-wordpress\/ -->\n<title>Aides financi\u00e8res \u00e0 l&#039;accueil extra-familial pour enfants - Controllo federale delle finanze (CDF)<\/title>\n<meta name=\"description\" content=\"Aides financi\u00e8res \u00e0 l&#039;accueil extra-familial pour enfants\" \/>\n<meta name=\"robots\" content=\"index, follow, max-snippet:-1, max-image-preview:large, max-video-preview:-1\" \/>\n<link rel=\"canonical\" href=\"https:\/\/www.efk.admin.ch\/it\/verifica\/aides-financieres-a-laccueil-extra-familial-pour-enfants-office-federal-des-assurances-sociales\/\" \/>\n<meta property=\"og:locale\" content=\"it_IT\" \/>\n<meta property=\"og:type\" content=\"article\" \/>\n<meta property=\"og:title\" content=\"Aides financi\u00e8res \u00e0 l&#039;accueil extra-familial pour enfants\" \/>\n<meta property=\"og:description\" content=\"Aides financi\u00e8res \u00e0 l&#039;accueil extra-familial pour enfants\" \/>\n<meta property=\"og:url\" content=\"https:\/\/www.efk.admin.ch\/it\/verifica\/aides-financieres-a-laccueil-extra-familial-pour-enfants-office-federal-des-assurances-sociales\/\" \/>\n<meta property=\"og:site_name\" content=\"Controllo federale delle finanze (CDF)\" \/>\n<meta property=\"article:modified_time\" content=\"2024-03-05T11:01:08+00:00\" \/>\n<meta property=\"og:image\" content=\"https:\/\/www.efk.admin.ch\/wp-content\/uploads\/test\/palais.jpg\" \/>\n\t<meta property=\"og:image:width\" content=\"750\" \/>\n\t<meta property=\"og:image:height\" content=\"500\" \/>\n\t<meta property=\"og:image:type\" content=\"image\/jpeg\" \/>\n<meta name=\"twitter:card\" content=\"summary_large_image\" \/>\n<script type=\"application\/ld+json\" class=\"yoast-schema-graph\">{\"@context\":\"https:\\\/\\\/schema.org\",\"@graph\":[{\"@type\":\"WebPage\",\"@id\":\"https:\\\/\\\/www.efk.admin.ch\\\/it\\\/verifica\\\/aides-financieres-a-laccueil-extra-familial-pour-enfants-office-federal-des-assurances-sociales\\\/\",\"url\":\"https:\\\/\\\/www.efk.admin.ch\\\/it\\\/verifica\\\/aides-financieres-a-laccueil-extra-familial-pour-enfants-office-federal-des-assurances-sociales\\\/\",\"name\":\"Aides financi\u00e8res \u00e0 l'accueil extra-familial pour enfants - Controllo federale delle finanze (CDF)\",\"isPartOf\":{\"@id\":\"https:\\\/\\\/www.efk.admin.ch\\\/it\\\/#website\"},\"datePublished\":\"2024-01-17T15:37:27+00:00\",\"dateModified\":\"2024-03-05T11:01:08+00:00\",\"description\":\"Aides financi\u00e8res \u00e0 l'accueil extra-familial pour enfants\",\"breadcrumb\":{\"@id\":\"https:\\\/\\\/www.efk.admin.ch\\\/it\\\/verifica\\\/aides-financieres-a-laccueil-extra-familial-pour-enfants-office-federal-des-assurances-sociales\\\/#breadcrumb\"},\"inLanguage\":\"it-IT\",\"potentialAction\":[{\"@type\":\"ReadAction\",\"target\":[\"https:\\\/\\\/www.efk.admin.ch\\\/it\\\/verifica\\\/aides-financieres-a-laccueil-extra-familial-pour-enfants-office-federal-des-assurances-sociales\\\/\"]}]},{\"@type\":\"BreadcrumbList\",\"@id\":\"https:\\\/\\\/www.efk.admin.ch\\\/it\\\/verifica\\\/aides-financieres-a-laccueil-extra-familial-pour-enfants-office-federal-des-assurances-sociales\\\/#breadcrumb\",\"itemListElement\":[{\"@type\":\"ListItem\",\"position\":1,\"name\":\"Home\",\"item\":\"https:\\\/\\\/www.efk.admin.ch\\\/it\\\/\"},{\"@type\":\"ListItem\",\"position\":2,\"name\":\"Rapporto\",\"item\":\"https:\\\/\\\/www.efk.admin.ch\\\/it\\\/verifica\\\/\"},{\"@type\":\"ListItem\",\"position\":3,\"name\":\"Aides financi\u00e8res \u00e0 l&#8217;accueil extra-familial pour enfants\"}]},{\"@type\":\"WebSite\",\"@id\":\"https:\\\/\\\/www.efk.admin.ch\\\/it\\\/#website\",\"url\":\"https:\\\/\\\/www.efk.admin.ch\\\/it\\\/\",\"name\":\"Informationen \u00fcber das oberste Finanzaufsichtsorgan der Schweiz\",\"description\":\"Il Controllo federale delle finanze (CDF) \u00e8 l'organo supremo di vigilanza finanziaria della Confederazione svizzera.\",\"publisher\":{\"@id\":\"https:\\\/\\\/www.efk.admin.ch\\\/it\\\/#organization\"},\"alternateName\":\"EFK\",\"potentialAction\":[{\"@type\":\"SearchAction\",\"target\":{\"@type\":\"EntryPoint\",\"urlTemplate\":\"https:\\\/\\\/www.efk.admin.ch\\\/it\\\/?s={search_term_string}\"},\"query-input\":{\"@type\":\"PropertyValueSpecification\",\"valueRequired\":true,\"valueName\":\"search_term_string\"}}],\"inLanguage\":\"it-IT\"},{\"@type\":\"Organization\",\"@id\":\"https:\\\/\\\/www.efk.admin.ch\\\/it\\\/#organization\",\"name\":\"Controllo federale delle finanze (CDF)\",\"alternateName\":\"EFK\",\"url\":\"https:\\\/\\\/www.efk.admin.ch\\\/it\\\/\",\"logo\":{\"@type\":\"ImageObject\",\"inLanguage\":\"it-IT\",\"@id\":\"https:\\\/\\\/www.efk.admin.ch\\\/it\\\/#\\\/schema\\\/logo\\\/image\\\/\",\"url\":\"https:\\\/\\\/www.efk.admin.ch\\\/wp-content\\\/uploads\\\/efk_cdf_logo_ohne_claim.png\",\"contentUrl\":\"https:\\\/\\\/www.efk.admin.ch\\\/wp-content\\\/uploads\\\/efk_cdf_logo_ohne_claim.png\",\"width\":268,\"height\":258,\"caption\":\"Controllo federale delle finanze (CDF)\"},\"image\":{\"@id\":\"https:\\\/\\\/www.efk.admin.ch\\\/it\\\/#\\\/schema\\\/logo\\\/image\\\/\"},\"sameAs\":[\"https:\\\/\\\/www.instagram.com\\\/efk_cdf_sfao\\\/\",\"https:\\\/\\\/www.youtube.com\\\/channel\\\/UCm-bXj227VE5sJzhB-ihdvw\\\/featured\",\"https:\\\/\\\/www.linkedin.com\\\/company\\\/11081578\\\/\"]}]}<\/script>\n<!-- \/ Yoast SEO Premium plugin. -->","yoast_head_json":{"title":"Aides financi\u00e8res \u00e0 l'accueil extra-familial pour enfants - Controllo federale delle finanze (CDF)","description":"Aides financi\u00e8res \u00e0 l'accueil extra-familial pour enfants","robots":{"index":"index","follow":"follow","max-snippet":"max-snippet:-1","max-image-preview":"max-image-preview:large","max-video-preview":"max-video-preview:-1"},"canonical":"https:\/\/www.efk.admin.ch\/it\/verifica\/aides-financieres-a-laccueil-extra-familial-pour-enfants-office-federal-des-assurances-sociales\/","og_locale":"it_IT","og_type":"article","og_title":"Aides financi\u00e8res \u00e0 l'accueil extra-familial pour enfants","og_description":"Aides financi\u00e8res \u00e0 l'accueil extra-familial pour enfants","og_url":"https:\/\/www.efk.admin.ch\/it\/verifica\/aides-financieres-a-laccueil-extra-familial-pour-enfants-office-federal-des-assurances-sociales\/","og_site_name":"Controllo federale delle finanze (CDF)","article_modified_time":"2024-03-05T11:01:08+00:00","og_image":[{"width":750,"height":500,"url":"https:\/\/www.efk.admin.ch\/wp-content\/uploads\/test\/palais.jpg","type":"image\/jpeg"}],"twitter_card":"summary_large_image","schema":{"@context":"https:\/\/schema.org","@graph":[{"@type":"WebPage","@id":"https:\/\/www.efk.admin.ch\/it\/verifica\/aides-financieres-a-laccueil-extra-familial-pour-enfants-office-federal-des-assurances-sociales\/","url":"https:\/\/www.efk.admin.ch\/it\/verifica\/aides-financieres-a-laccueil-extra-familial-pour-enfants-office-federal-des-assurances-sociales\/","name":"Aides financi\u00e8res \u00e0 l'accueil extra-familial pour enfants - Controllo federale delle finanze (CDF)","isPartOf":{"@id":"https:\/\/www.efk.admin.ch\/it\/#website"},"datePublished":"2024-01-17T15:37:27+00:00","dateModified":"2024-03-05T11:01:08+00:00","description":"Aides financi\u00e8res \u00e0 l'accueil extra-familial pour enfants","breadcrumb":{"@id":"https:\/\/www.efk.admin.ch\/it\/verifica\/aides-financieres-a-laccueil-extra-familial-pour-enfants-office-federal-des-assurances-sociales\/#breadcrumb"},"inLanguage":"it-IT","potentialAction":[{"@type":"ReadAction","target":["https:\/\/www.efk.admin.ch\/it\/verifica\/aides-financieres-a-laccueil-extra-familial-pour-enfants-office-federal-des-assurances-sociales\/"]}]},{"@type":"BreadcrumbList","@id":"https:\/\/www.efk.admin.ch\/it\/verifica\/aides-financieres-a-laccueil-extra-familial-pour-enfants-office-federal-des-assurances-sociales\/#breadcrumb","itemListElement":[{"@type":"ListItem","position":1,"name":"Home","item":"https:\/\/www.efk.admin.ch\/it\/"},{"@type":"ListItem","position":2,"name":"Rapporto","item":"https:\/\/www.efk.admin.ch\/it\/verifica\/"},{"@type":"ListItem","position":3,"name":"Aides financi\u00e8res \u00e0 l&#8217;accueil extra-familial pour enfants"}]},{"@type":"WebSite","@id":"https:\/\/www.efk.admin.ch\/it\/#website","url":"https:\/\/www.efk.admin.ch\/it\/","name":"Informationen \u00fcber das oberste Finanzaufsichtsorgan der Schweiz","description":"Il Controllo federale delle finanze (CDF) \u00e8 l'organo supremo di vigilanza finanziaria della Confederazione svizzera.","publisher":{"@id":"https:\/\/www.efk.admin.ch\/it\/#organization"},"alternateName":"EFK","potentialAction":[{"@type":"SearchAction","target":{"@type":"EntryPoint","urlTemplate":"https:\/\/www.efk.admin.ch\/it\/?s={search_term_string}"},"query-input":{"@type":"PropertyValueSpecification","valueRequired":true,"valueName":"search_term_string"}}],"inLanguage":"it-IT"},{"@type":"Organization","@id":"https:\/\/www.efk.admin.ch\/it\/#organization","name":"Controllo federale delle finanze (CDF)","alternateName":"EFK","url":"https:\/\/www.efk.admin.ch\/it\/","logo":{"@type":"ImageObject","inLanguage":"it-IT","@id":"https:\/\/www.efk.admin.ch\/it\/#\/schema\/logo\/image\/","url":"https:\/\/www.efk.admin.ch\/wp-content\/uploads\/efk_cdf_logo_ohne_claim.png","contentUrl":"https:\/\/www.efk.admin.ch\/wp-content\/uploads\/efk_cdf_logo_ohne_claim.png","width":268,"height":258,"caption":"Controllo federale delle finanze (CDF)"},"image":{"@id":"https:\/\/www.efk.admin.ch\/it\/#\/schema\/logo\/image\/"},"sameAs":["https:\/\/www.instagram.com\/efk_cdf_sfao\/","https:\/\/www.youtube.com\/channel\/UCm-bXj227VE5sJzhB-ihdvw\/featured","https:\/\/www.linkedin.com\/company\/11081578\/"]}]}},"_links":{"self":[{"href":"https:\/\/www.efk.admin.ch\/it\/wp-json\/wp\/v2\/audit\/6883","targetHints":{"allow":["GET"]}}],"collection":[{"href":"https:\/\/www.efk.admin.ch\/it\/wp-json\/wp\/v2\/audit"}],"about":[{"href":"https:\/\/www.efk.admin.ch\/it\/wp-json\/wp\/v2\/types\/audit"}],"acf:post":[{"embeddable":true,"href":"https:\/\/www.efk.admin.ch\/it\/wp-json\/wp\/v2\/office\/1067"}],"wp:attachment":[{"href":"https:\/\/www.efk.admin.ch\/it\/wp-json\/wp\/v2\/media?parent=6883"}],"wp:term":[{"taxonomy":"audit_category","embeddable":true,"href":"https:\/\/www.efk.admin.ch\/it\/wp-json\/wp\/v2\/audit_category?post=6883"},{"taxonomy":"audit_type","embeddable":true,"href":"https:\/\/www.efk.admin.ch\/it\/wp-json\/wp\/v2\/audit_type?post=6883"}],"curies":[{"name":"wp","href":"https:\/\/api.w.org\/{rel}","templated":true}]}}

Aides financières à l&#8217;accueil extra-familial pour enfants

<p>Il Controllo federale delle finanze (CDF) ha effettuato una revisione annunciata nell’Unità Aiuti finanziari per la custodia di bambini complementare alla famiglia presso l’Ufficio federale delle assicurazioni sociali (UFAS) nei mesi di novembre e dicembre del 2014, in virtù degli articoli 6 e 8 della legge federale sul controllo federale delle finanze. Nel settembre 2015, la verifica è stata completata da tre incontri con le autorità cantonali.</p>

Unità Aiuti finanziari per la custodia di bambini complementare alla famiglia, revisione, articoli 6 e 8 della legge federale sul controllo federale delle finanze, autorità cantonali

<!-- This site is optimized with the Yoast SEO Premium plugin v27.4 (Yoast SEO v27.4) - https://yoast.com/product/yoast-seo-premium-wordpress/ -->
<title>Aides financières à l&#039;accueil extra-familial pour enfants - Controllo federale delle finanze (CDF)</title>
<meta name="description" content="Aides financières à l&#039;accueil extra-familial pour enfants" />
<meta name="robots" content="index, follow, max-snippet:-1, max-image-preview:large, max-video-preview:-1" />
<link rel="canonical" href="https://www.efk.admin.ch/it/verifica/aides-financieres-a-laccueil-extra-familial-pour-enfants-office-federal-des-assurances-sociales/" />
<meta property="og:locale" content="it_IT" />
<meta property="og:type" content="article" />
<meta property="og:title" content="Aides financières à l&#039;accueil extra-familial pour enfants" />
<meta property="og:description" content="Aides financières à l&#039;accueil extra-familial pour enfants" />
<meta property="og:url" content="https://www.efk.admin.ch/it/verifica/aides-financieres-a-laccueil-extra-familial-pour-enfants-office-federal-des-assurances-sociales/" />
<meta property="og:site_name" content="Controllo federale delle finanze (CDF)" />
<meta property="article:modified_time" content="2024-03-05T11:01:08+00:00" />
<meta property="og:image" content="https://www.efk.admin.ch/wp-content/uploads/test/palais.jpg" />
	<meta property="og:image:width" content="750" />
	<meta property="og:image:height" content="500" />
	<meta property="og:image:type" content="image/jpeg" />
<meta name="twitter:card" content="summary_large_image" />
<script type="application/ld+json" class="yoast-schema-graph">{"@context":"https:\/\/schema.org","@graph":[{"@type":"WebPage","@id":"https:\/\/www.efk.admin.ch\/it\/verifica\/aides-financieres-a-laccueil-extra-familial-pour-enfants-office-federal-des-assurances-sociales\/","url":"https:\/\/www.efk.admin.ch\/it\/verifica\/aides-financieres-a-laccueil-extra-familial-pour-enfants-office-federal-des-assurances-sociales\/","name":"Aides financières à l'accueil extra-familial pour enfants - Controllo federale delle finanze (CDF)","isPartOf":{"@id":"https:\/\/www.efk.admin.ch\/it\/#website"},"datePublished":"2024-01-17T15:37:27+00:00","dateModified":"2024-03-05T11:01:08+00:00","description":"Aides financières à l'accueil extra-familial pour enfants","breadcrumb":{"@id":"https:\/\/www.efk.admin.ch\/it\/verifica\/aides-financieres-a-laccueil-extra-familial-pour-enfants-office-federal-des-assurances-sociales\/#breadcrumb"},"inLanguage":"it-IT","potentialAction":[{"@type":"ReadAction","target":["https:\/\/www.efk.admin.ch\/it\/verifica\/aides-financieres-a-laccueil-extra-familial-pour-enfants-office-federal-des-assurances-sociales\/"]}]},{"@type":"BreadcrumbList","@id":"https:\/\/www.efk.admin.ch\/it\/verifica\/aides-financieres-a-laccueil-extra-familial-pour-enfants-office-federal-des-assurances-sociales\/#breadcrumb","itemListElement":[{"@type":"ListItem","position":1,"name":"Home","item":"https:\/\/www.efk.admin.ch\/it\/"},{"@type":"ListItem","position":2,"name":"Rapporto","item":"https:\/\/www.efk.admin.ch\/it\/verifica\/"},{"@type":"ListItem","position":3,"name":"Aides financières à l&#8217;accueil extra-familial pour enfants"}]},{"@type":"WebSite","@id":"https:\/\/www.efk.admin.ch\/it\/#website","url":"https:\/\/www.efk.admin.ch\/it\/","name":"Informationen über das oberste Finanzaufsichtsorgan der Schweiz","description":"Il Controllo federale delle finanze (CDF) è l'organo supremo di vigilanza finanziaria della Confederazione svizzera.","publisher":{"@id":"https:\/\/www.efk.admin.ch\/it\/#organization"},"alternateName":"EFK","potentialAction":[{"@type":"SearchAction","target":{"@type":"EntryPoint","urlTemplate":"https:\/\/www.efk.admin.ch\/it\/?s={search_term_string}"},"query-input":{"@type":"PropertyValueSpecification","valueRequired":true,"valueName":"search_term_string"}}],"inLanguage":"it-IT"},{"@type":"Organization","@id":"https:\/\/www.efk.admin.ch\/it\/#organization","name":"Controllo federale delle finanze (CDF)","alternateName":"EFK","url":"https:\/\/www.efk.admin.ch\/it\/","logo":{"@type":"ImageObject","inLanguage":"it-IT","@id":"https:\/\/www.efk.admin.ch\/it\/#\/schema\/logo\/image\/","url":"https:\/\/www.efk.admin.ch\/wp-content\/uploads\/efk_cdf_logo_ohne_claim.png","contentUrl":"https:\/\/www.efk.admin.ch\/wp-content\/uploads\/efk_cdf_logo_ohne_claim.png","width":268,"height":258,"caption":"Controllo federale delle finanze (CDF)"},"image":{"@id":"https:\/\/www.efk.admin.ch\/it\/#\/schema\/logo\/image\/"},"sameAs":["https:\/\/www.instagram.com\/efk_cdf_sfao\/","https:\/\/www.youtube.com\/channel\/UCm-bXj227VE5sJzhB-ihdvw\/featured","https:\/\/www.linkedin.com\/company\/11081578\/"]}]}</script>
<!-- / Yoast SEO Premium plugin. -->

Aides financières à l'accueil extra-familial pour enfants - Controllo federale delle finanze (CDF)

Aides financières à l'accueil extra-familial pour enfants

Informationen über das oberste Finanzaufsichtsorgan der Schweiz

Il Controllo federale delle finanze (CDF) è l'organo supremo di vigilanza finanziaria della Confederazione svizzera.
