{"id":6568,"date":"2024-01-17T16:35:54","date_gmt":"2024-01-17T15:35:54","guid":{"rendered":"https:\/\/preview.efk.admin.ch\/prufung\/comunita-di-riferimento-axsana-sa-segreteria-generale-del-dfi-ufficio-federale-della-sanita-pubblica\/"},"modified":"2024-02-13T15:56:39","modified_gmt":"2024-02-13T14:56:39","slug":"comunita-di-riferimento-axsana-sa-segreteria-generale-del-dfi-ufficio-federale-della-sanita-pubblica","status":"publish","type":"audit","link":"https:\/\/www.efk.admin.ch\/it\/verifica\/comunita-di-riferimento-axsana-sa-segreteria-generale-del-dfi-ufficio-federale-della-sanita-pubblica\/","title":{"rendered":"Comunit\u00e0 di riferimento axsana SA"},"content":{"rendered":"\n<p>La cartella informatizzata del paziente (CIP) \u00e8 una raccolta di documenti personali e di dati strutturati contenenti informazioni sulla salute del paziente. In Svizzera la CIP \u00e8 introdotta in modo decentralizzata su scala regionale e nel quadro di comunit\u00e0 di riferimento. Axsana SA \u00e8 la societ\u00e0 di gestione di XAD, la pi\u00f9 grande comunit\u00e0 di riferimento per l\u2019introduzione della CIP. Il bacino di utenza comprende 14 Cantoni della Svizzera tedesca. Poich\u00e9 ha ottenuto la certificazione soltanto l\u201911 ottobre 2021, axsana SA non ha potuto avviare la gestione della CIP nel 2020 come previsto e ora si trova in difficolt\u00e0 finanziarie a causa delle mancate entrate. La Confederazione sostiene la creazione della comunit\u00e0 di riferimento XAD mediante aiuti finanziari dell\u2019ordine di 8,5 milioni di franchi.<\/p>\n","protected":false},"featured_media":0,"menu_order":0,"template":"","audit_category":[77],"audit_type":[53],"class_list":["post-6568","audit","type-audit","status-publish","hentry","audit_category-salute","audit_type-verifica"],"acf":{"audit_lang":[{"lang":"d"}],"audit_numbers":[{"audit_number":"21604"}],"audit_office":[1139,1064],"audit_office_text":"","audit_date":"20220321","bgo":false,"keywords":"La cartella informatizzata del paziente (CIP), documenti personali, salute,  comunit\u00e0 di riferimento,comunit\u00e0 di riferimento XAD,","audit_office_local":""},"yoast_head":"<!-- This site is optimized with the Yoast SEO Premium plugin v27.4 (Yoast SEO v27.4) - https:\/\/yoast.com\/product\/yoast-seo-premium-wordpress\/ -->\n<title>Comunit\u00e0 di riferimento axsana SA - Controllo federale delle finanze (CDF)<\/title>\n<meta name=\"description\" content=\"Comunit\u00e0 di riferimento axsana SA\" \/>\n<meta name=\"robots\" content=\"index, follow, max-snippet:-1, max-image-preview:large, max-video-preview:-1\" \/>\n<link rel=\"canonical\" href=\"https:\/\/www.efk.admin.ch\/it\/verifica\/comunita-di-riferimento-axsana-sa-segreteria-generale-del-dfi-ufficio-federale-della-sanita-pubblica\/\" \/>\n<meta property=\"og:locale\" content=\"it_IT\" \/>\n<meta property=\"og:type\" content=\"article\" \/>\n<meta property=\"og:title\" content=\"Comunit\u00e0 di riferimento axsana SA\" \/>\n<meta property=\"og:description\" content=\"Comunit\u00e0 di riferimento axsana SA\" \/>\n<meta property=\"og:url\" content=\"https:\/\/www.efk.admin.ch\/it\/verifica\/comunita-di-riferimento-axsana-sa-segreteria-generale-del-dfi-ufficio-federale-della-sanita-pubblica\/\" \/>\n<meta property=\"og:site_name\" content=\"Controllo federale delle finanze (CDF)\" \/>\n<meta property=\"article:modified_time\" content=\"2024-02-13T14:56:39+00:00\" \/>\n<meta property=\"og:image\" content=\"https:\/\/www.efk.admin.ch\/wp-content\/uploads\/test\/palais.jpg\" \/>\n\t<meta property=\"og:image:width\" content=\"750\" \/>\n\t<meta property=\"og:image:height\" content=\"500\" \/>\n\t<meta property=\"og:image:type\" content=\"image\/jpeg\" \/>\n<meta name=\"twitter:card\" content=\"summary_large_image\" \/>\n<meta name=\"twitter:label1\" content=\"Est. reading time\" \/>\n\t<meta name=\"twitter:data1\" content=\"1 minute\" \/>\n<script type=\"application\/ld+json\" class=\"yoast-schema-graph\">{\"@context\":\"https:\\\/\\\/schema.org\",\"@graph\":[{\"@type\":\"WebPage\",\"@id\":\"https:\\\/\\\/www.efk.admin.ch\\\/it\\\/verifica\\\/comunita-di-riferimento-axsana-sa-segreteria-generale-del-dfi-ufficio-federale-della-sanita-pubblica\\\/\",\"url\":\"https:\\\/\\\/www.efk.admin.ch\\\/it\\\/verifica\\\/comunita-di-riferimento-axsana-sa-segreteria-generale-del-dfi-ufficio-federale-della-sanita-pubblica\\\/\",\"name\":\"Comunit\u00e0 di riferimento axsana SA - Controllo federale delle finanze (CDF)\",\"isPartOf\":{\"@id\":\"https:\\\/\\\/www.efk.admin.ch\\\/it\\\/#website\"},\"datePublished\":\"2024-01-17T15:35:54+00:00\",\"dateModified\":\"2024-02-13T14:56:39+00:00\",\"description\":\"Comunit\u00e0 di riferimento axsana SA\",\"breadcrumb\":{\"@id\":\"https:\\\/\\\/www.efk.admin.ch\\\/it\\\/verifica\\\/comunita-di-riferimento-axsana-sa-segreteria-generale-del-dfi-ufficio-federale-della-sanita-pubblica\\\/#breadcrumb\"},\"inLanguage\":\"it-IT\",\"potentialAction\":[{\"@type\":\"ReadAction\",\"target\":[\"https:\\\/\\\/www.efk.admin.ch\\\/it\\\/verifica\\\/comunita-di-riferimento-axsana-sa-segreteria-generale-del-dfi-ufficio-federale-della-sanita-pubblica\\\/\"]}]},{\"@type\":\"BreadcrumbList\",\"@id\":\"https:\\\/\\\/www.efk.admin.ch\\\/it\\\/verifica\\\/comunita-di-riferimento-axsana-sa-segreteria-generale-del-dfi-ufficio-federale-della-sanita-pubblica\\\/#breadcrumb\",\"itemListElement\":[{\"@type\":\"ListItem\",\"position\":1,\"name\":\"Home\",\"item\":\"https:\\\/\\\/www.efk.admin.ch\\\/it\\\/\"},{\"@type\":\"ListItem\",\"position\":2,\"name\":\"Rapporto\",\"item\":\"https:\\\/\\\/www.efk.admin.ch\\\/it\\\/verifica\\\/\"},{\"@type\":\"ListItem\",\"position\":3,\"name\":\"Comunit\u00e0 di riferimento axsana SA\"}]},{\"@type\":\"WebSite\",\"@id\":\"https:\\\/\\\/www.efk.admin.ch\\\/it\\\/#website\",\"url\":\"https:\\\/\\\/www.efk.admin.ch\\\/it\\\/\",\"name\":\"Informationen \u00fcber das oberste Finanzaufsichtsorgan der Schweiz\",\"description\":\"Il Controllo federale delle finanze (CDF) \u00e8 l'organo supremo di vigilanza finanziaria della Confederazione svizzera.\",\"publisher\":{\"@id\":\"https:\\\/\\\/www.efk.admin.ch\\\/it\\\/#organization\"},\"alternateName\":\"EFK\",\"potentialAction\":[{\"@type\":\"SearchAction\",\"target\":{\"@type\":\"EntryPoint\",\"urlTemplate\":\"https:\\\/\\\/www.efk.admin.ch\\\/it\\\/?s={search_term_string}\"},\"query-input\":{\"@type\":\"PropertyValueSpecification\",\"valueRequired\":true,\"valueName\":\"search_term_string\"}}],\"inLanguage\":\"it-IT\"},{\"@type\":\"Organization\",\"@id\":\"https:\\\/\\\/www.efk.admin.ch\\\/it\\\/#organization\",\"name\":\"Controllo federale delle finanze (CDF)\",\"alternateName\":\"EFK\",\"url\":\"https:\\\/\\\/www.efk.admin.ch\\\/it\\\/\",\"logo\":{\"@type\":\"ImageObject\",\"inLanguage\":\"it-IT\",\"@id\":\"https:\\\/\\\/www.efk.admin.ch\\\/it\\\/#\\\/schema\\\/logo\\\/image\\\/\",\"url\":\"https:\\\/\\\/www.efk.admin.ch\\\/wp-content\\\/uploads\\\/efk_cdf_logo_ohne_claim.png\",\"contentUrl\":\"https:\\\/\\\/www.efk.admin.ch\\\/wp-content\\\/uploads\\\/efk_cdf_logo_ohne_claim.png\",\"width\":268,\"height\":258,\"caption\":\"Controllo federale delle finanze (CDF)\"},\"image\":{\"@id\":\"https:\\\/\\\/www.efk.admin.ch\\\/it\\\/#\\\/schema\\\/logo\\\/image\\\/\"},\"sameAs\":[\"https:\\\/\\\/www.instagram.com\\\/efk_cdf_sfao\\\/\",\"https:\\\/\\\/www.youtube.com\\\/channel\\\/UCm-bXj227VE5sJzhB-ihdvw\\\/featured\",\"https:\\\/\\\/www.linkedin.com\\\/company\\\/11081578\\\/\"]}]}<\/script>\n<!-- \/ Yoast SEO Premium plugin. -->","yoast_head_json":{"title":"Comunit\u00e0 di riferimento axsana SA - Controllo federale delle finanze (CDF)","description":"Comunit\u00e0 di riferimento axsana SA","robots":{"index":"index","follow":"follow","max-snippet":"max-snippet:-1","max-image-preview":"max-image-preview:large","max-video-preview":"max-video-preview:-1"},"canonical":"https:\/\/www.efk.admin.ch\/it\/verifica\/comunita-di-riferimento-axsana-sa-segreteria-generale-del-dfi-ufficio-federale-della-sanita-pubblica\/","og_locale":"it_IT","og_type":"article","og_title":"Comunit\u00e0 di riferimento axsana SA","og_description":"Comunit\u00e0 di riferimento axsana SA","og_url":"https:\/\/www.efk.admin.ch\/it\/verifica\/comunita-di-riferimento-axsana-sa-segreteria-generale-del-dfi-ufficio-federale-della-sanita-pubblica\/","og_site_name":"Controllo federale delle finanze (CDF)","article_modified_time":"2024-02-13T14:56:39+00:00","og_image":[{"width":750,"height":500,"url":"https:\/\/www.efk.admin.ch\/wp-content\/uploads\/test\/palais.jpg","type":"image\/jpeg"}],"twitter_card":"summary_large_image","twitter_misc":{"Est. reading time":"1 minute"},"schema":{"@context":"https:\/\/schema.org","@graph":[{"@type":"WebPage","@id":"https:\/\/www.efk.admin.ch\/it\/verifica\/comunita-di-riferimento-axsana-sa-segreteria-generale-del-dfi-ufficio-federale-della-sanita-pubblica\/","url":"https:\/\/www.efk.admin.ch\/it\/verifica\/comunita-di-riferimento-axsana-sa-segreteria-generale-del-dfi-ufficio-federale-della-sanita-pubblica\/","name":"Comunit\u00e0 di riferimento axsana SA - Controllo federale delle finanze (CDF)","isPartOf":{"@id":"https:\/\/www.efk.admin.ch\/it\/#website"},"datePublished":"2024-01-17T15:35:54+00:00","dateModified":"2024-02-13T14:56:39+00:00","description":"Comunit\u00e0 di riferimento axsana SA","breadcrumb":{"@id":"https:\/\/www.efk.admin.ch\/it\/verifica\/comunita-di-riferimento-axsana-sa-segreteria-generale-del-dfi-ufficio-federale-della-sanita-pubblica\/#breadcrumb"},"inLanguage":"it-IT","potentialAction":[{"@type":"ReadAction","target":["https:\/\/www.efk.admin.ch\/it\/verifica\/comunita-di-riferimento-axsana-sa-segreteria-generale-del-dfi-ufficio-federale-della-sanita-pubblica\/"]}]},{"@type":"BreadcrumbList","@id":"https:\/\/www.efk.admin.ch\/it\/verifica\/comunita-di-riferimento-axsana-sa-segreteria-generale-del-dfi-ufficio-federale-della-sanita-pubblica\/#breadcrumb","itemListElement":[{"@type":"ListItem","position":1,"name":"Home","item":"https:\/\/www.efk.admin.ch\/it\/"},{"@type":"ListItem","position":2,"name":"Rapporto","item":"https:\/\/www.efk.admin.ch\/it\/verifica\/"},{"@type":"ListItem","position":3,"name":"Comunit\u00e0 di riferimento axsana SA"}]},{"@type":"WebSite","@id":"https:\/\/www.efk.admin.ch\/it\/#website","url":"https:\/\/www.efk.admin.ch\/it\/","name":"Informationen \u00fcber das oberste Finanzaufsichtsorgan der Schweiz","description":"Il Controllo federale delle finanze (CDF) \u00e8 l'organo supremo di vigilanza finanziaria della Confederazione svizzera.","publisher":{"@id":"https:\/\/www.efk.admin.ch\/it\/#organization"},"alternateName":"EFK","potentialAction":[{"@type":"SearchAction","target":{"@type":"EntryPoint","urlTemplate":"https:\/\/www.efk.admin.ch\/it\/?s={search_term_string}"},"query-input":{"@type":"PropertyValueSpecification","valueRequired":true,"valueName":"search_term_string"}}],"inLanguage":"it-IT"},{"@type":"Organization","@id":"https:\/\/www.efk.admin.ch\/it\/#organization","name":"Controllo federale delle finanze (CDF)","alternateName":"EFK","url":"https:\/\/www.efk.admin.ch\/it\/","logo":{"@type":"ImageObject","inLanguage":"it-IT","@id":"https:\/\/www.efk.admin.ch\/it\/#\/schema\/logo\/image\/","url":"https:\/\/www.efk.admin.ch\/wp-content\/uploads\/efk_cdf_logo_ohne_claim.png","contentUrl":"https:\/\/www.efk.admin.ch\/wp-content\/uploads\/efk_cdf_logo_ohne_claim.png","width":268,"height":258,"caption":"Controllo federale delle finanze (CDF)"},"image":{"@id":"https:\/\/www.efk.admin.ch\/it\/#\/schema\/logo\/image\/"},"sameAs":["https:\/\/www.instagram.com\/efk_cdf_sfao\/","https:\/\/www.youtube.com\/channel\/UCm-bXj227VE5sJzhB-ihdvw\/featured","https:\/\/www.linkedin.com\/company\/11081578\/"]}]}},"_links":{"self":[{"href":"https:\/\/www.efk.admin.ch\/it\/wp-json\/wp\/v2\/audit\/6568","targetHints":{"allow":["GET"]}}],"collection":[{"href":"https:\/\/www.efk.admin.ch\/it\/wp-json\/wp\/v2\/audit"}],"about":[{"href":"https:\/\/www.efk.admin.ch\/it\/wp-json\/wp\/v2\/types\/audit"}],"acf:post":[{"embeddable":true,"href":"https:\/\/www.efk.admin.ch\/it\/wp-json\/wp\/v2\/office\/1064"},{"embeddable":true,"href":"https:\/\/www.efk.admin.ch\/it\/wp-json\/wp\/v2\/office\/1139"}],"wp:attachment":[{"href":"https:\/\/www.efk.admin.ch\/it\/wp-json\/wp\/v2\/media?parent=6568"}],"wp:term":[{"taxonomy":"audit_category","embeddable":true,"href":"https:\/\/www.efk.admin.ch\/it\/wp-json\/wp\/v2\/audit_category?post=6568"},{"taxonomy":"audit_type","embeddable":true,"href":"https:\/\/www.efk.admin.ch\/it\/wp-json\/wp\/v2\/audit_type?post=6568"}],"curies":[{"name":"wp","href":"https:\/\/api.w.org\/{rel}","templated":true}]}}

Comunità di riferimento axsana SA

<p>La cartella informatizzata del paziente (CIP) è una raccolta di documenti personali e di dati strutturati contenenti informazioni sulla salute del paziente. In Svizzera la CIP è introdotta in modo decentralizzata su scala regionale e nel quadro di comunità di riferimento. Axsana SA è la società di gestione di XAD, la più grande comunità di riferimento per l’introduzione della CIP. Il bacino di utenza comprende 14 Cantoni della Svizzera tedesca. Poiché ha ottenuto la certificazione soltanto l’11 ottobre 2021, axsana SA non ha potuto avviare la gestione della CIP nel 2020 come previsto e ora si trova in difficoltà finanziarie a causa delle mancate entrate. La Confederazione sostiene la creazione della comunità di riferimento XAD mediante aiuti finanziari dell’ordine di 8,5 milioni di franchi.</p>

La cartella informatizzata del paziente (CIP), documenti personali, salute,  comunità di riferimento,comunità di riferimento XAD,

<!-- This site is optimized with the Yoast SEO Premium plugin v27.4 (Yoast SEO v27.4) - https://yoast.com/product/yoast-seo-premium-wordpress/ -->
<title>Comunità di riferimento axsana SA - Controllo federale delle finanze (CDF)</title>
<meta name="description" content="Comunità di riferimento axsana SA" />
<meta name="robots" content="index, follow, max-snippet:-1, max-image-preview:large, max-video-preview:-1" />
<link rel="canonical" href="https://www.efk.admin.ch/it/verifica/comunita-di-riferimento-axsana-sa-segreteria-generale-del-dfi-ufficio-federale-della-sanita-pubblica/" />
<meta property="og:locale" content="it_IT" />
<meta property="og:type" content="article" />
<meta property="og:title" content="Comunità di riferimento axsana SA" />
<meta property="og:description" content="Comunità di riferimento axsana SA" />
<meta property="og:url" content="https://www.efk.admin.ch/it/verifica/comunita-di-riferimento-axsana-sa-segreteria-generale-del-dfi-ufficio-federale-della-sanita-pubblica/" />
<meta property="og:site_name" content="Controllo federale delle finanze (CDF)" />
<meta property="article:modified_time" content="2024-02-13T14:56:39+00:00" />
<meta property="og:image" content="https://www.efk.admin.ch/wp-content/uploads/test/palais.jpg" />
	<meta property="og:image:width" content="750" />
	<meta property="og:image:height" content="500" />
	<meta property="og:image:type" content="image/jpeg" />
<meta name="twitter:card" content="summary_large_image" />
<meta name="twitter:label1" content="Est. reading time" />
	<meta name="twitter:data1" content="1 minute" />
<script type="application/ld+json" class="yoast-schema-graph">{"@context":"https:\/\/schema.org","@graph":[{"@type":"WebPage","@id":"https:\/\/www.efk.admin.ch\/it\/verifica\/comunita-di-riferimento-axsana-sa-segreteria-generale-del-dfi-ufficio-federale-della-sanita-pubblica\/","url":"https:\/\/www.efk.admin.ch\/it\/verifica\/comunita-di-riferimento-axsana-sa-segreteria-generale-del-dfi-ufficio-federale-della-sanita-pubblica\/","name":"Comunità di riferimento axsana SA - Controllo federale delle finanze (CDF)","isPartOf":{"@id":"https:\/\/www.efk.admin.ch\/it\/#website"},"datePublished":"2024-01-17T15:35:54+00:00","dateModified":"2024-02-13T14:56:39+00:00","description":"Comunità di riferimento axsana SA","breadcrumb":{"@id":"https:\/\/www.efk.admin.ch\/it\/verifica\/comunita-di-riferimento-axsana-sa-segreteria-generale-del-dfi-ufficio-federale-della-sanita-pubblica\/#breadcrumb"},"inLanguage":"it-IT","potentialAction":[{"@type":"ReadAction","target":["https:\/\/www.efk.admin.ch\/it\/verifica\/comunita-di-riferimento-axsana-sa-segreteria-generale-del-dfi-ufficio-federale-della-sanita-pubblica\/"]}]},{"@type":"BreadcrumbList","@id":"https:\/\/www.efk.admin.ch\/it\/verifica\/comunita-di-riferimento-axsana-sa-segreteria-generale-del-dfi-ufficio-federale-della-sanita-pubblica\/#breadcrumb","itemListElement":[{"@type":"ListItem","position":1,"name":"Home","item":"https:\/\/www.efk.admin.ch\/it\/"},{"@type":"ListItem","position":2,"name":"Rapporto","item":"https:\/\/www.efk.admin.ch\/it\/verifica\/"},{"@type":"ListItem","position":3,"name":"Comunità di riferimento axsana SA"}]},{"@type":"WebSite","@id":"https:\/\/www.efk.admin.ch\/it\/#website","url":"https:\/\/www.efk.admin.ch\/it\/","name":"Informationen über das oberste Finanzaufsichtsorgan der Schweiz","description":"Il Controllo federale delle finanze (CDF) è l'organo supremo di vigilanza finanziaria della Confederazione svizzera.","publisher":{"@id":"https:\/\/www.efk.admin.ch\/it\/#organization"},"alternateName":"EFK","potentialAction":[{"@type":"SearchAction","target":{"@type":"EntryPoint","urlTemplate":"https:\/\/www.efk.admin.ch\/it\/?s={search_term_string}"},"query-input":{"@type":"PropertyValueSpecification","valueRequired":true,"valueName":"search_term_string"}}],"inLanguage":"it-IT"},{"@type":"Organization","@id":"https:\/\/www.efk.admin.ch\/it\/#organization","name":"Controllo federale delle finanze (CDF)","alternateName":"EFK","url":"https:\/\/www.efk.admin.ch\/it\/","logo":{"@type":"ImageObject","inLanguage":"it-IT","@id":"https:\/\/www.efk.admin.ch\/it\/#\/schema\/logo\/image\/","url":"https:\/\/www.efk.admin.ch\/wp-content\/uploads\/efk_cdf_logo_ohne_claim.png","contentUrl":"https:\/\/www.efk.admin.ch\/wp-content\/uploads\/efk_cdf_logo_ohne_claim.png","width":268,"height":258,"caption":"Controllo federale delle finanze (CDF)"},"image":{"@id":"https:\/\/www.efk.admin.ch\/it\/#\/schema\/logo\/image\/"},"sameAs":["https:\/\/www.instagram.com\/efk_cdf_sfao\/","https:\/\/www.youtube.com\/channel\/UCm-bXj227VE5sJzhB-ihdvw\/featured","https:\/\/www.linkedin.com\/company\/11081578\/"]}]}</script>
<!-- / Yoast SEO Premium plugin. -->

Comunità di riferimento axsana SA - Controllo federale delle finanze (CDF)

Informationen über das oberste Finanzaufsichtsorgan der Schweiz

Il Controllo federale delle finanze (CDF) è l'organo supremo di vigilanza finanziaria della Confederazione svizzera.
