{"id":41471,"date":"2026-01-12T23:00:00","date_gmt":"2026-01-12T22:00:00","guid":{"rendered":"https:\/\/www.efk.admin.ch\/?post_type=audit&#038;p=41471"},"modified":"2026-01-12T18:37:31","modified_gmt":"2026-01-12T17:37:31","slug":"nuova-costruzione-del-deposito-archivistico-a-zollikofen","status":"publish","type":"audit","link":"https:\/\/www.efk.admin.ch\/it\/verifica\/nuova-costruzione-del-deposito-archivistico-a-zollikofen\/","title":{"rendered":"Nuova costruzione del deposito archivistico a Zollikofen"},"content":{"rendered":"\n<p>L\u2019Archivio federale svizzero (AFS) assicura la conservazione dei documenti sull\u2019operato dello Stato e li rende accessibili. La base legale \u00e8 costituita dalla legge del 26 giugno 1998 sull\u2019archiviazione (LAr; RS 152.1). A fine 2024 l\u2019AFS aveva gi\u00e0 archiviato 80 chilometri lineari di documenti. A tal fine utilizza anche capacit\u00e0 di stoccaggio prese temporaneamente in locazione, che in futuro non saranno tuttavia pi\u00f9 disponibili. La nuova costruzione prevista a Zollikofen mira a creare maggiore capacit\u00e0. Ci\u00f2 \u00e8 essenziale anche perch\u00e9, a seguito del trasferimento di fondi analogici provenienti dall\u2019Amministrazione federale, l\u2019AFS prevede entro il 2028 un fabbisogno aggiuntivo di circa 50 chilometri lineari. Il credito d\u2019impegno necessario per la nuova costruzione prevista sar\u00e0 richiesto con il messaggio 2026 sugli immobili. L\u2019Ufficio federale delle costruzioni e della logistica (UFCL) \u00e8 responsabile dell\u2019attuazione edilizia. I costi di costruzione stimati ammontano attualmente a 46 milioni di franchi. La messa in esercizio del nuovo deposito sar\u00e0 possibile al pi\u00f9 presto nel 2029.<\/p>\n\n\n\n<p>Il Controllo federale delle finanze (CDF) ha eseguito una verifica della nuova costruzione prevista del deposito archivistico e valutato se il progetto soddisfi i molteplici requisiti nel modo pi\u00f9 economico e sostenibile possibile. Allo stato attuale della pianificazione, i risultati della verifica mostrano un quadro complessivamente positivo. L\u2019economicit\u00e0 potr\u00e0 essere valutata solo con l\u2019ulteriore sviluppo delle ipotesi formulate e considerando il fabbisogno di archiviazione complessivo della Confederazione. L\u2019UFCL \u00e8 responsabile di garantire l\u2019economicit\u00e0 del previsto risanamento a lungo termine dei depositi esistenti dell\u2019AFS in strati geologici profondi, ad esempio attraverso studi di fattibilit\u00e0 e analisi aggiornate del fabbisogno di archiviazione della Confederazione.<\/p>\n","protected":false},"featured_media":0,"menu_order":0,"template":"","audit_category":[32],"audit_type":[140],"class_list":["post-41471","audit","type-audit","status-publish","hentry","audit_category-amministrazione-generale","audit_type-verifica-della-costruzione"],"acf":{"audit_lang":null,"audit_numbers":[{"audit_number":"25615"}],"audit_office":[24153,1102],"audit_office_text":"","audit_date":"20260112","bgo":false,"keywords":"","audit_office_local":"AFS, UFCL"},"yoast_head":"<!-- This site is optimized with the Yoast SEO Premium plugin v27.4 (Yoast SEO v27.4) - https:\/\/yoast.com\/product\/yoast-seo-premium-wordpress\/ -->\n<title>Nuova costruzione del deposito archivistico a Zollikofen - Controllo federale delle finanze (CDF)<\/title>\n<meta name=\"description\" content=\"Nuova costruzione del deposito archivistico a Zollikofen\" \/>\n<meta name=\"robots\" content=\"index, follow, max-snippet:-1, max-image-preview:large, max-video-preview:-1\" \/>\n<link rel=\"canonical\" href=\"https:\/\/www.efk.admin.ch\/it\/verifica\/nuova-costruzione-del-deposito-archivistico-a-zollikofen\/\" \/>\n<meta property=\"og:locale\" content=\"it_IT\" \/>\n<meta property=\"og:type\" content=\"article\" \/>\n<meta property=\"og:title\" content=\"Nuova costruzione del deposito archivistico a Zollikofen\" \/>\n<meta property=\"og:description\" content=\"Nuova costruzione del deposito archivistico a Zollikofen\" \/>\n<meta property=\"og:url\" content=\"https:\/\/www.efk.admin.ch\/it\/verifica\/nuova-costruzione-del-deposito-archivistico-a-zollikofen\/\" \/>\n<meta property=\"og:site_name\" content=\"Controllo federale delle finanze (CDF)\" \/>\n<meta property=\"og:image\" content=\"https:\/\/www.efk.admin.ch\/wp-content\/uploads\/test\/palais.jpg\" \/>\n\t<meta property=\"og:image:width\" content=\"750\" \/>\n\t<meta property=\"og:image:height\" content=\"500\" \/>\n\t<meta property=\"og:image:type\" content=\"image\/jpeg\" \/>\n<meta name=\"twitter:card\" content=\"summary_large_image\" \/>\n<meta name=\"twitter:label1\" content=\"Est. reading time\" \/>\n\t<meta name=\"twitter:data1\" content=\"2 minutes\" \/>\n<script type=\"application\/ld+json\" class=\"yoast-schema-graph\">{\"@context\":\"https:\\\/\\\/schema.org\",\"@graph\":[{\"@type\":\"WebPage\",\"@id\":\"https:\\\/\\\/www.efk.admin.ch\\\/it\\\/verifica\\\/nuova-costruzione-del-deposito-archivistico-a-zollikofen\\\/\",\"url\":\"https:\\\/\\\/www.efk.admin.ch\\\/it\\\/verifica\\\/nuova-costruzione-del-deposito-archivistico-a-zollikofen\\\/\",\"name\":\"Nuova costruzione del deposito archivistico a Zollikofen - Controllo federale delle finanze (CDF)\",\"isPartOf\":{\"@id\":\"https:\\\/\\\/www.efk.admin.ch\\\/it\\\/#website\"},\"datePublished\":\"2026-01-12T22:00:00+00:00\",\"description\":\"Nuova costruzione del deposito archivistico a Zollikofen\",\"breadcrumb\":{\"@id\":\"https:\\\/\\\/www.efk.admin.ch\\\/it\\\/verifica\\\/nuova-costruzione-del-deposito-archivistico-a-zollikofen\\\/#breadcrumb\"},\"inLanguage\":\"it-IT\",\"potentialAction\":[{\"@type\":\"ReadAction\",\"target\":[\"https:\\\/\\\/www.efk.admin.ch\\\/it\\\/verifica\\\/nuova-costruzione-del-deposito-archivistico-a-zollikofen\\\/\"]}]},{\"@type\":\"BreadcrumbList\",\"@id\":\"https:\\\/\\\/www.efk.admin.ch\\\/it\\\/verifica\\\/nuova-costruzione-del-deposito-archivistico-a-zollikofen\\\/#breadcrumb\",\"itemListElement\":[{\"@type\":\"ListItem\",\"position\":1,\"name\":\"Home\",\"item\":\"https:\\\/\\\/www.efk.admin.ch\\\/it\\\/\"},{\"@type\":\"ListItem\",\"position\":2,\"name\":\"Rapporto\",\"item\":\"https:\\\/\\\/www.efk.admin.ch\\\/it\\\/verifica\\\/\"},{\"@type\":\"ListItem\",\"position\":3,\"name\":\"Nuova costruzione del deposito archivistico a Zollikofen\"}]},{\"@type\":\"WebSite\",\"@id\":\"https:\\\/\\\/www.efk.admin.ch\\\/it\\\/#website\",\"url\":\"https:\\\/\\\/www.efk.admin.ch\\\/it\\\/\",\"name\":\"Informationen \u00fcber das oberste Finanzaufsichtsorgan der Schweiz\",\"description\":\"Il Controllo federale delle finanze (CDF) \u00e8 l'organo supremo di vigilanza finanziaria della Confederazione svizzera.\",\"publisher\":{\"@id\":\"https:\\\/\\\/www.efk.admin.ch\\\/it\\\/#organization\"},\"alternateName\":\"EFK\",\"potentialAction\":[{\"@type\":\"SearchAction\",\"target\":{\"@type\":\"EntryPoint\",\"urlTemplate\":\"https:\\\/\\\/www.efk.admin.ch\\\/it\\\/?s={search_term_string}\"},\"query-input\":{\"@type\":\"PropertyValueSpecification\",\"valueRequired\":true,\"valueName\":\"search_term_string\"}}],\"inLanguage\":\"it-IT\"},{\"@type\":\"Organization\",\"@id\":\"https:\\\/\\\/www.efk.admin.ch\\\/it\\\/#organization\",\"name\":\"Controllo federale delle finanze (CDF)\",\"alternateName\":\"EFK\",\"url\":\"https:\\\/\\\/www.efk.admin.ch\\\/it\\\/\",\"logo\":{\"@type\":\"ImageObject\",\"inLanguage\":\"it-IT\",\"@id\":\"https:\\\/\\\/www.efk.admin.ch\\\/it\\\/#\\\/schema\\\/logo\\\/image\\\/\",\"url\":\"https:\\\/\\\/www.efk.admin.ch\\\/wp-content\\\/uploads\\\/efk_cdf_logo_ohne_claim.png\",\"contentUrl\":\"https:\\\/\\\/www.efk.admin.ch\\\/wp-content\\\/uploads\\\/efk_cdf_logo_ohne_claim.png\",\"width\":268,\"height\":258,\"caption\":\"Controllo federale delle finanze (CDF)\"},\"image\":{\"@id\":\"https:\\\/\\\/www.efk.admin.ch\\\/it\\\/#\\\/schema\\\/logo\\\/image\\\/\"},\"sameAs\":[\"https:\\\/\\\/www.instagram.com\\\/efk_cdf_sfao\\\/\",\"https:\\\/\\\/www.youtube.com\\\/channel\\\/UCm-bXj227VE5sJzhB-ihdvw\\\/featured\",\"https:\\\/\\\/www.linkedin.com\\\/company\\\/11081578\\\/\"]}]}<\/script>\n<!-- \/ Yoast SEO Premium plugin. -->","yoast_head_json":{"title":"Nuova costruzione del deposito archivistico a Zollikofen - Controllo federale delle finanze (CDF)","description":"Nuova costruzione del deposito archivistico a Zollikofen","robots":{"index":"index","follow":"follow","max-snippet":"max-snippet:-1","max-image-preview":"max-image-preview:large","max-video-preview":"max-video-preview:-1"},"canonical":"https:\/\/www.efk.admin.ch\/it\/verifica\/nuova-costruzione-del-deposito-archivistico-a-zollikofen\/","og_locale":"it_IT","og_type":"article","og_title":"Nuova costruzione del deposito archivistico a Zollikofen","og_description":"Nuova costruzione del deposito archivistico a Zollikofen","og_url":"https:\/\/www.efk.admin.ch\/it\/verifica\/nuova-costruzione-del-deposito-archivistico-a-zollikofen\/","og_site_name":"Controllo federale delle finanze (CDF)","og_image":[{"width":750,"height":500,"url":"https:\/\/www.efk.admin.ch\/wp-content\/uploads\/test\/palais.jpg","type":"image\/jpeg"}],"twitter_card":"summary_large_image","twitter_misc":{"Est. reading time":"2 minutes"},"schema":{"@context":"https:\/\/schema.org","@graph":[{"@type":"WebPage","@id":"https:\/\/www.efk.admin.ch\/it\/verifica\/nuova-costruzione-del-deposito-archivistico-a-zollikofen\/","url":"https:\/\/www.efk.admin.ch\/it\/verifica\/nuova-costruzione-del-deposito-archivistico-a-zollikofen\/","name":"Nuova costruzione del deposito archivistico a Zollikofen - Controllo federale delle finanze (CDF)","isPartOf":{"@id":"https:\/\/www.efk.admin.ch\/it\/#website"},"datePublished":"2026-01-12T22:00:00+00:00","description":"Nuova costruzione del deposito archivistico a Zollikofen","breadcrumb":{"@id":"https:\/\/www.efk.admin.ch\/it\/verifica\/nuova-costruzione-del-deposito-archivistico-a-zollikofen\/#breadcrumb"},"inLanguage":"it-IT","potentialAction":[{"@type":"ReadAction","target":["https:\/\/www.efk.admin.ch\/it\/verifica\/nuova-costruzione-del-deposito-archivistico-a-zollikofen\/"]}]},{"@type":"BreadcrumbList","@id":"https:\/\/www.efk.admin.ch\/it\/verifica\/nuova-costruzione-del-deposito-archivistico-a-zollikofen\/#breadcrumb","itemListElement":[{"@type":"ListItem","position":1,"name":"Home","item":"https:\/\/www.efk.admin.ch\/it\/"},{"@type":"ListItem","position":2,"name":"Rapporto","item":"https:\/\/www.efk.admin.ch\/it\/verifica\/"},{"@type":"ListItem","position":3,"name":"Nuova costruzione del deposito archivistico a Zollikofen"}]},{"@type":"WebSite","@id":"https:\/\/www.efk.admin.ch\/it\/#website","url":"https:\/\/www.efk.admin.ch\/it\/","name":"Informationen \u00fcber das oberste Finanzaufsichtsorgan der Schweiz","description":"Il Controllo federale delle finanze (CDF) \u00e8 l'organo supremo di vigilanza finanziaria della Confederazione svizzera.","publisher":{"@id":"https:\/\/www.efk.admin.ch\/it\/#organization"},"alternateName":"EFK","potentialAction":[{"@type":"SearchAction","target":{"@type":"EntryPoint","urlTemplate":"https:\/\/www.efk.admin.ch\/it\/?s={search_term_string}"},"query-input":{"@type":"PropertyValueSpecification","valueRequired":true,"valueName":"search_term_string"}}],"inLanguage":"it-IT"},{"@type":"Organization","@id":"https:\/\/www.efk.admin.ch\/it\/#organization","name":"Controllo federale delle finanze (CDF)","alternateName":"EFK","url":"https:\/\/www.efk.admin.ch\/it\/","logo":{"@type":"ImageObject","inLanguage":"it-IT","@id":"https:\/\/www.efk.admin.ch\/it\/#\/schema\/logo\/image\/","url":"https:\/\/www.efk.admin.ch\/wp-content\/uploads\/efk_cdf_logo_ohne_claim.png","contentUrl":"https:\/\/www.efk.admin.ch\/wp-content\/uploads\/efk_cdf_logo_ohne_claim.png","width":268,"height":258,"caption":"Controllo federale delle finanze (CDF)"},"image":{"@id":"https:\/\/www.efk.admin.ch\/it\/#\/schema\/logo\/image\/"},"sameAs":["https:\/\/www.instagram.com\/efk_cdf_sfao\/","https:\/\/www.youtube.com\/channel\/UCm-bXj227VE5sJzhB-ihdvw\/featured","https:\/\/www.linkedin.com\/company\/11081578\/"]}]}},"_links":{"self":[{"href":"https:\/\/www.efk.admin.ch\/it\/wp-json\/wp\/v2\/audit\/41471","targetHints":{"allow":["GET"]}}],"collection":[{"href":"https:\/\/www.efk.admin.ch\/it\/wp-json\/wp\/v2\/audit"}],"about":[{"href":"https:\/\/www.efk.admin.ch\/it\/wp-json\/wp\/v2\/types\/audit"}],"acf:post":[{"embeddable":true,"href":"https:\/\/www.efk.admin.ch\/it\/wp-json\/wp\/v2\/office\/1102"},{"embeddable":true,"href":"https:\/\/www.efk.admin.ch\/it\/wp-json\/wp\/v2\/office\/24153"}],"wp:attachment":[{"href":"https:\/\/www.efk.admin.ch\/it\/wp-json\/wp\/v2\/media?parent=41471"}],"wp:term":[{"taxonomy":"audit_category","embeddable":true,"href":"https:\/\/www.efk.admin.ch\/it\/wp-json\/wp\/v2\/audit_category?post=41471"},{"taxonomy":"audit_type","embeddable":true,"href":"https:\/\/www.efk.admin.ch\/it\/wp-json\/wp\/v2\/audit_type?post=41471"}],"curies":[{"name":"wp","href":"https:\/\/api.w.org\/{rel}","templated":true}]}}

<p>L’Archivio federale svizzero (AFS) assicura la conservazione dei documenti sull’operato dello Stato e li rende accessibili. La base legale è costituita dalla legge del 26 giugno 1998 sull’archiviazione (LAr; RS 152.1). A fine 2024 l’AFS aveva già archiviato 80 chilometri lineari di documenti. A tal fine utilizza anche capacità di stoccaggio prese temporaneamente in locazione, che in futuro non saranno tuttavia più disponibili. La nuova costruzione prevista a Zollikofen mira a creare maggiore capacità. Ciò è essenziale anche perché, a seguito del trasferimento di fondi analogici provenienti dall’Amministrazione federale, l’AFS prevede entro il 2028 un fabbisogno aggiuntivo di circa 50 chilometri lineari. Il credito d’impegno necessario per la nuova costruzione prevista sarà richiesto con il messaggio 2026 sugli immobili. L’Ufficio federale delle costruzioni e della logistica (UFCL) è responsabile dell’attuazione edilizia. I costi di costruzione stimati ammontano attualmente a 46 milioni di franchi. La messa in esercizio del nuovo deposito sarà possibile al più presto nel 2029.</p>



<p>Il Controllo federale delle finanze (CDF) ha eseguito una verifica della nuova costruzione prevista del deposito archivistico e valutato se il progetto soddisfi i molteplici requisiti nel modo più economico e sostenibile possibile. Allo stato attuale della pianificazione, i risultati della verifica mostrano un quadro complessivamente positivo. L’economicità potrà essere valutata solo con l’ulteriore sviluppo delle ipotesi formulate e considerando il fabbisogno di archiviazione complessivo della Confederazione. L’UFCL è responsabile di garantire l’economicità del previsto risanamento a lungo termine dei depositi esistenti dell’AFS in strati geologici profondi, ad esempio attraverso studi di fattibilità e analisi aggiornate del fabbisogno di archiviazione della Confederazione.</p>

<!-- This site is optimized with the Yoast SEO Premium plugin v27.4 (Yoast SEO v27.4) - https://yoast.com/product/yoast-seo-premium-wordpress/ -->
<title>Nuova costruzione del deposito archivistico a Zollikofen - Controllo federale delle finanze (CDF)</title>
<meta name="description" content="Nuova costruzione del deposito archivistico a Zollikofen" />
<meta name="robots" content="index, follow, max-snippet:-1, max-image-preview:large, max-video-preview:-1" />
<link rel="canonical" href="https://www.efk.admin.ch/it/verifica/nuova-costruzione-del-deposito-archivistico-a-zollikofen/" />
<meta property="og:locale" content="it_IT" />
<meta property="og:type" content="article" />
<meta property="og:title" content="Nuova costruzione del deposito archivistico a Zollikofen" />
<meta property="og:description" content="Nuova costruzione del deposito archivistico a Zollikofen" />
<meta property="og:url" content="https://www.efk.admin.ch/it/verifica/nuova-costruzione-del-deposito-archivistico-a-zollikofen/" />
<meta property="og:site_name" content="Controllo federale delle finanze (CDF)" />
<meta property="og:image" content="https://www.efk.admin.ch/wp-content/uploads/test/palais.jpg" />
	<meta property="og:image:width" content="750" />
	<meta property="og:image:height" content="500" />
	<meta property="og:image:type" content="image/jpeg" />
<meta name="twitter:card" content="summary_large_image" />
<meta name="twitter:label1" content="Est. reading time" />
	<meta name="twitter:data1" content="2 minutes" />
<script type="application/ld+json" class="yoast-schema-graph">{"@context":"https:\/\/schema.org","@graph":[{"@type":"WebPage","@id":"https:\/\/www.efk.admin.ch\/it\/verifica\/nuova-costruzione-del-deposito-archivistico-a-zollikofen\/","url":"https:\/\/www.efk.admin.ch\/it\/verifica\/nuova-costruzione-del-deposito-archivistico-a-zollikofen\/","name":"Nuova costruzione del deposito archivistico a Zollikofen - Controllo federale delle finanze (CDF)","isPartOf":{"@id":"https:\/\/www.efk.admin.ch\/it\/#website"},"datePublished":"2026-01-12T22:00:00+00:00","description":"Nuova costruzione del deposito archivistico a Zollikofen","breadcrumb":{"@id":"https:\/\/www.efk.admin.ch\/it\/verifica\/nuova-costruzione-del-deposito-archivistico-a-zollikofen\/#breadcrumb"},"inLanguage":"it-IT","potentialAction":[{"@type":"ReadAction","target":["https:\/\/www.efk.admin.ch\/it\/verifica\/nuova-costruzione-del-deposito-archivistico-a-zollikofen\/"]}]},{"@type":"BreadcrumbList","@id":"https:\/\/www.efk.admin.ch\/it\/verifica\/nuova-costruzione-del-deposito-archivistico-a-zollikofen\/#breadcrumb","itemListElement":[{"@type":"ListItem","position":1,"name":"Home","item":"https:\/\/www.efk.admin.ch\/it\/"},{"@type":"ListItem","position":2,"name":"Rapporto","item":"https:\/\/www.efk.admin.ch\/it\/verifica\/"},{"@type":"ListItem","position":3,"name":"Nuova costruzione del deposito archivistico a Zollikofen"}]},{"@type":"WebSite","@id":"https:\/\/www.efk.admin.ch\/it\/#website","url":"https:\/\/www.efk.admin.ch\/it\/","name":"Informationen über das oberste Finanzaufsichtsorgan der Schweiz","description":"Il Controllo federale delle finanze (CDF) è l'organo supremo di vigilanza finanziaria della Confederazione svizzera.","publisher":{"@id":"https:\/\/www.efk.admin.ch\/it\/#organization"},"alternateName":"EFK","potentialAction":[{"@type":"SearchAction","target":{"@type":"EntryPoint","urlTemplate":"https:\/\/www.efk.admin.ch\/it\/?s={search_term_string}"},"query-input":{"@type":"PropertyValueSpecification","valueRequired":true,"valueName":"search_term_string"}}],"inLanguage":"it-IT"},{"@type":"Organization","@id":"https:\/\/www.efk.admin.ch\/it\/#organization","name":"Controllo federale delle finanze (CDF)","alternateName":"EFK","url":"https:\/\/www.efk.admin.ch\/it\/","logo":{"@type":"ImageObject","inLanguage":"it-IT","@id":"https:\/\/www.efk.admin.ch\/it\/#\/schema\/logo\/image\/","url":"https:\/\/www.efk.admin.ch\/wp-content\/uploads\/efk_cdf_logo_ohne_claim.png","contentUrl":"https:\/\/www.efk.admin.ch\/wp-content\/uploads\/efk_cdf_logo_ohne_claim.png","width":268,"height":258,"caption":"Controllo federale delle finanze (CDF)"},"image":{"@id":"https:\/\/www.efk.admin.ch\/it\/#\/schema\/logo\/image\/"},"sameAs":["https:\/\/www.instagram.com\/efk_cdf_sfao\/","https:\/\/www.youtube.com\/channel\/UCm-bXj227VE5sJzhB-ihdvw\/featured","https:\/\/www.linkedin.com\/company\/11081578\/"]}]}</script>
<!-- / Yoast SEO Premium plugin. -->

Informationen über das oberste Finanzaufsichtsorgan der Schweiz

Il Controllo federale delle finanze (CDF) è l'organo supremo di vigilanza finanziaria della Confederazione svizzera.
