{"id":40343,"date":"2025-09-19T12:00:00","date_gmt":"2025-09-19T10:00:00","guid":{"rendered":"https:\/\/www.efk.admin.ch\/?post_type=audit&#038;p=40343"},"modified":"2025-09-19T13:46:04","modified_gmt":"2025-09-19T11:46:04","slug":"sicherheit-der-secure-private-cloud","status":"publish","type":"audit","link":"https:\/\/www.efk.admin.ch\/it\/verifica\/sicherheit-der-secure-private-cloud\/","title":{"rendered":"Sicherheit der Secure Private Cloud"},"content":{"rendered":"\n<p><em>Documento reso pubblico in base al principio di trasparenza, solo nella lingua originale tedesco<\/em>.<\/p>\n\n\n\n<p>Die Bundesverwaltung betreibt ihre Anwendungen in eigenen Rechenzentren, in Private Clouds und in Public Clouds von mehreren Anbietern. Mit der Cloud Strategie Bund hat der Bundesrat im 2020 ein Cloud-Stufen-Modell1 beschlossen, welches vier Sicherheitsstufen definiert. Das Informatik Service Center des Eidgen\u00f6ssischen Justiz- und Polizeidepartements (ISC-EJPD) betreibt eine Secure Private Cloud (SPC), die gem\u00e4ss dieser Cloud-Strategie eine Cloud der Stufe IV \u00abBundeseigene Private Cloud+\u00bb darstellt. Bisher steht diese Cloud den \u00c4mtern des EJPD zur Verf\u00fcgung. Im Rahmen der Weiterentwicklung der Cloud-Strategie ist geplant, diese auch f\u00fcr weitere Kunden innerhalb des Bundes zug\u00e4nglich zu machen. Die Cloud Leistungen werden als Plattform-as-a-Service (PaaS) angeboten.<\/p>\n\n\n\n<p>Die vorliegende Pr\u00fcfung soll kl\u00e4ren, ob die SPC als Plattform sicher und zuverl\u00e4ssig betrieben wird. Dabei liegt der Fokus insbesondere auf der Sicherheit der Plattformdienstleistungen. Zudem soll \u00fcberpr\u00fcft werden, ob die SPC die Vorgaben des Bereichs Digitale Transformation und IKT-Lenkung (DTI) der Bundeskanzlei erf\u00fcllt.<\/p>\n","protected":false},"featured_media":0,"menu_order":0,"template":"","audit_category":[138],"audit_type":[53],"class_list":["post-40343","audit","type-audit","status-publish","hentry","audit_category-progetti-informatici","audit_type-verifica"],"acf":{"audit_lang":null,"audit_numbers":[{"audit_number":"24110"}],"audit_office":[23006],"audit_office_text":"","audit_date":"20250108","bgo":true,"keywords":"","audit_office_local":"CSI-DFGP"},"yoast_head":"<!-- This site is optimized with the Yoast SEO Premium plugin v27.4 (Yoast SEO v27.4) - https:\/\/yoast.com\/product\/yoast-seo-premium-wordpress\/ -->\n<title>Sicherheit der Secure Private Cloud - Controllo federale delle finanze (CDF)<\/title>\n<meta name=\"description\" content=\"Sicherheit der Secure Private Cloud\" \/>\n<meta name=\"robots\" content=\"index, follow, max-snippet:-1, max-image-preview:large, max-video-preview:-1\" \/>\n<link rel=\"canonical\" href=\"https:\/\/www.efk.admin.ch\/it\/verifica\/sicherheit-der-secure-private-cloud\/\" \/>\n<meta property=\"og:locale\" content=\"it_IT\" \/>\n<meta property=\"og:type\" content=\"article\" \/>\n<meta property=\"og:title\" content=\"Sicherheit der Secure Private Cloud\" \/>\n<meta property=\"og:description\" content=\"Sicherheit der Secure Private Cloud\" \/>\n<meta property=\"og:url\" content=\"https:\/\/www.efk.admin.ch\/it\/verifica\/sicherheit-der-secure-private-cloud\/\" \/>\n<meta property=\"og:site_name\" content=\"Controllo federale delle finanze (CDF)\" \/>\n<meta property=\"article:modified_time\" content=\"2025-09-19T11:46:04+00:00\" \/>\n<meta property=\"og:image\" content=\"https:\/\/www.efk.admin.ch\/wp-content\/uploads\/test\/palais.jpg\" \/>\n\t<meta property=\"og:image:width\" content=\"750\" \/>\n\t<meta property=\"og:image:height\" content=\"500\" \/>\n\t<meta property=\"og:image:type\" content=\"image\/jpeg\" \/>\n<meta name=\"twitter:card\" content=\"summary_large_image\" \/>\n<meta name=\"twitter:label1\" content=\"Est. reading time\" \/>\n\t<meta name=\"twitter:data1\" content=\"1 minute\" \/>\n<script type=\"application\/ld+json\" class=\"yoast-schema-graph\">{\"@context\":\"https:\\\/\\\/schema.org\",\"@graph\":[{\"@type\":\"WebPage\",\"@id\":\"https:\\\/\\\/www.efk.admin.ch\\\/it\\\/verifica\\\/sicherheit-der-secure-private-cloud\\\/\",\"url\":\"https:\\\/\\\/www.efk.admin.ch\\\/it\\\/verifica\\\/sicherheit-der-secure-private-cloud\\\/\",\"name\":\"Sicherheit der Secure Private Cloud - Controllo federale delle finanze (CDF)\",\"isPartOf\":{\"@id\":\"https:\\\/\\\/www.efk.admin.ch\\\/it\\\/#website\"},\"datePublished\":\"2025-09-19T10:00:00+00:00\",\"dateModified\":\"2025-09-19T11:46:04+00:00\",\"description\":\"Sicherheit der Secure Private Cloud\",\"breadcrumb\":{\"@id\":\"https:\\\/\\\/www.efk.admin.ch\\\/it\\\/verifica\\\/sicherheit-der-secure-private-cloud\\\/#breadcrumb\"},\"inLanguage\":\"it-IT\",\"potentialAction\":[{\"@type\":\"ReadAction\",\"target\":[\"https:\\\/\\\/www.efk.admin.ch\\\/it\\\/verifica\\\/sicherheit-der-secure-private-cloud\\\/\"]}]},{\"@type\":\"BreadcrumbList\",\"@id\":\"https:\\\/\\\/www.efk.admin.ch\\\/it\\\/verifica\\\/sicherheit-der-secure-private-cloud\\\/#breadcrumb\",\"itemListElement\":[{\"@type\":\"ListItem\",\"position\":1,\"name\":\"Home\",\"item\":\"https:\\\/\\\/www.efk.admin.ch\\\/it\\\/\"},{\"@type\":\"ListItem\",\"position\":2,\"name\":\"Rapporto\",\"item\":\"https:\\\/\\\/www.efk.admin.ch\\\/it\\\/verifica\\\/\"},{\"@type\":\"ListItem\",\"position\":3,\"name\":\"Sicherheit der Secure Private Cloud\"}]},{\"@type\":\"WebSite\",\"@id\":\"https:\\\/\\\/www.efk.admin.ch\\\/it\\\/#website\",\"url\":\"https:\\\/\\\/www.efk.admin.ch\\\/it\\\/\",\"name\":\"Informationen \u00fcber das oberste Finanzaufsichtsorgan der Schweiz\",\"description\":\"Il Controllo federale delle finanze (CDF) \u00e8 l'organo supremo di vigilanza finanziaria della Confederazione svizzera.\",\"publisher\":{\"@id\":\"https:\\\/\\\/www.efk.admin.ch\\\/it\\\/#organization\"},\"alternateName\":\"EFK\",\"potentialAction\":[{\"@type\":\"SearchAction\",\"target\":{\"@type\":\"EntryPoint\",\"urlTemplate\":\"https:\\\/\\\/www.efk.admin.ch\\\/it\\\/?s={search_term_string}\"},\"query-input\":{\"@type\":\"PropertyValueSpecification\",\"valueRequired\":true,\"valueName\":\"search_term_string\"}}],\"inLanguage\":\"it-IT\"},{\"@type\":\"Organization\",\"@id\":\"https:\\\/\\\/www.efk.admin.ch\\\/it\\\/#organization\",\"name\":\"Controllo federale delle finanze (CDF)\",\"alternateName\":\"EFK\",\"url\":\"https:\\\/\\\/www.efk.admin.ch\\\/it\\\/\",\"logo\":{\"@type\":\"ImageObject\",\"inLanguage\":\"it-IT\",\"@id\":\"https:\\\/\\\/www.efk.admin.ch\\\/it\\\/#\\\/schema\\\/logo\\\/image\\\/\",\"url\":\"https:\\\/\\\/www.efk.admin.ch\\\/wp-content\\\/uploads\\\/efk_cdf_logo_ohne_claim.png\",\"contentUrl\":\"https:\\\/\\\/www.efk.admin.ch\\\/wp-content\\\/uploads\\\/efk_cdf_logo_ohne_claim.png\",\"width\":268,\"height\":258,\"caption\":\"Controllo federale delle finanze (CDF)\"},\"image\":{\"@id\":\"https:\\\/\\\/www.efk.admin.ch\\\/it\\\/#\\\/schema\\\/logo\\\/image\\\/\"},\"sameAs\":[\"https:\\\/\\\/www.instagram.com\\\/efk_cdf_sfao\\\/\",\"https:\\\/\\\/www.youtube.com\\\/channel\\\/UCm-bXj227VE5sJzhB-ihdvw\\\/featured\",\"https:\\\/\\\/www.linkedin.com\\\/company\\\/11081578\\\/\"]}]}<\/script>\n<!-- \/ Yoast SEO Premium plugin. -->","yoast_head_json":{"title":"Sicherheit der Secure Private Cloud - Controllo federale delle finanze (CDF)","description":"Sicherheit der Secure Private Cloud","robots":{"index":"index","follow":"follow","max-snippet":"max-snippet:-1","max-image-preview":"max-image-preview:large","max-video-preview":"max-video-preview:-1"},"canonical":"https:\/\/www.efk.admin.ch\/it\/verifica\/sicherheit-der-secure-private-cloud\/","og_locale":"it_IT","og_type":"article","og_title":"Sicherheit der Secure Private Cloud","og_description":"Sicherheit der Secure Private Cloud","og_url":"https:\/\/www.efk.admin.ch\/it\/verifica\/sicherheit-der-secure-private-cloud\/","og_site_name":"Controllo federale delle finanze (CDF)","article_modified_time":"2025-09-19T11:46:04+00:00","og_image":[{"width":750,"height":500,"url":"https:\/\/www.efk.admin.ch\/wp-content\/uploads\/test\/palais.jpg","type":"image\/jpeg"}],"twitter_card":"summary_large_image","twitter_misc":{"Est. reading time":"1 minute"},"schema":{"@context":"https:\/\/schema.org","@graph":[{"@type":"WebPage","@id":"https:\/\/www.efk.admin.ch\/it\/verifica\/sicherheit-der-secure-private-cloud\/","url":"https:\/\/www.efk.admin.ch\/it\/verifica\/sicherheit-der-secure-private-cloud\/","name":"Sicherheit der Secure Private Cloud - Controllo federale delle finanze (CDF)","isPartOf":{"@id":"https:\/\/www.efk.admin.ch\/it\/#website"},"datePublished":"2025-09-19T10:00:00+00:00","dateModified":"2025-09-19T11:46:04+00:00","description":"Sicherheit der Secure Private Cloud","breadcrumb":{"@id":"https:\/\/www.efk.admin.ch\/it\/verifica\/sicherheit-der-secure-private-cloud\/#breadcrumb"},"inLanguage":"it-IT","potentialAction":[{"@type":"ReadAction","target":["https:\/\/www.efk.admin.ch\/it\/verifica\/sicherheit-der-secure-private-cloud\/"]}]},{"@type":"BreadcrumbList","@id":"https:\/\/www.efk.admin.ch\/it\/verifica\/sicherheit-der-secure-private-cloud\/#breadcrumb","itemListElement":[{"@type":"ListItem","position":1,"name":"Home","item":"https:\/\/www.efk.admin.ch\/it\/"},{"@type":"ListItem","position":2,"name":"Rapporto","item":"https:\/\/www.efk.admin.ch\/it\/verifica\/"},{"@type":"ListItem","position":3,"name":"Sicherheit der Secure Private Cloud"}]},{"@type":"WebSite","@id":"https:\/\/www.efk.admin.ch\/it\/#website","url":"https:\/\/www.efk.admin.ch\/it\/","name":"Informationen \u00fcber das oberste Finanzaufsichtsorgan der Schweiz","description":"Il Controllo federale delle finanze (CDF) \u00e8 l'organo supremo di vigilanza finanziaria della Confederazione svizzera.","publisher":{"@id":"https:\/\/www.efk.admin.ch\/it\/#organization"},"alternateName":"EFK","potentialAction":[{"@type":"SearchAction","target":{"@type":"EntryPoint","urlTemplate":"https:\/\/www.efk.admin.ch\/it\/?s={search_term_string}"},"query-input":{"@type":"PropertyValueSpecification","valueRequired":true,"valueName":"search_term_string"}}],"inLanguage":"it-IT"},{"@type":"Organization","@id":"https:\/\/www.efk.admin.ch\/it\/#organization","name":"Controllo federale delle finanze (CDF)","alternateName":"EFK","url":"https:\/\/www.efk.admin.ch\/it\/","logo":{"@type":"ImageObject","inLanguage":"it-IT","@id":"https:\/\/www.efk.admin.ch\/it\/#\/schema\/logo\/image\/","url":"https:\/\/www.efk.admin.ch\/wp-content\/uploads\/efk_cdf_logo_ohne_claim.png","contentUrl":"https:\/\/www.efk.admin.ch\/wp-content\/uploads\/efk_cdf_logo_ohne_claim.png","width":268,"height":258,"caption":"Controllo federale delle finanze (CDF)"},"image":{"@id":"https:\/\/www.efk.admin.ch\/it\/#\/schema\/logo\/image\/"},"sameAs":["https:\/\/www.instagram.com\/efk_cdf_sfao\/","https:\/\/www.youtube.com\/channel\/UCm-bXj227VE5sJzhB-ihdvw\/featured","https:\/\/www.linkedin.com\/company\/11081578\/"]}]}},"_links":{"self":[{"href":"https:\/\/www.efk.admin.ch\/it\/wp-json\/wp\/v2\/audit\/40343","targetHints":{"allow":["GET"]}}],"collection":[{"href":"https:\/\/www.efk.admin.ch\/it\/wp-json\/wp\/v2\/audit"}],"about":[{"href":"https:\/\/www.efk.admin.ch\/it\/wp-json\/wp\/v2\/types\/audit"}],"acf:post":[{"embeddable":true,"href":"https:\/\/www.efk.admin.ch\/it\/wp-json\/wp\/v2\/office\/23006"}],"wp:attachment":[{"href":"https:\/\/www.efk.admin.ch\/it\/wp-json\/wp\/v2\/media?parent=40343"}],"wp:term":[{"taxonomy":"audit_category","embeddable":true,"href":"https:\/\/www.efk.admin.ch\/it\/wp-json\/wp\/v2\/audit_category?post=40343"},{"taxonomy":"audit_type","embeddable":true,"href":"https:\/\/www.efk.admin.ch\/it\/wp-json\/wp\/v2\/audit_type?post=40343"}],"curies":[{"name":"wp","href":"https:\/\/api.w.org\/{rel}","templated":true}]}}

<p><em>Documento reso pubblico in base al principio di trasparenza, solo nella lingua originale tedesco</em>.</p>



<p>Die Bundesverwaltung betreibt ihre Anwendungen in eigenen Rechenzentren, in Private Clouds und in Public Clouds von mehreren Anbietern. Mit der Cloud Strategie Bund hat der Bundesrat im 2020 ein Cloud-Stufen-Modell1 beschlossen, welches vier Sicherheitsstufen definiert. Das Informatik Service Center des Eidgenössischen Justiz- und Polizeidepartements (ISC-EJPD) betreibt eine Secure Private Cloud (SPC), die gemäss dieser Cloud-Strategie eine Cloud der Stufe IV «Bundeseigene Private Cloud+» darstellt. Bisher steht diese Cloud den Ämtern des EJPD zur Verfügung. Im Rahmen der Weiterentwicklung der Cloud-Strategie ist geplant, diese auch für weitere Kunden innerhalb des Bundes zugänglich zu machen. Die Cloud Leistungen werden als Plattform-as-a-Service (PaaS) angeboten.</p>



<p>Die vorliegende Prüfung soll klären, ob die SPC als Plattform sicher und zuverlässig betrieben wird. Dabei liegt der Fokus insbesondere auf der Sicherheit der Plattformdienstleistungen. Zudem soll überprüft werden, ob die SPC die Vorgaben des Bereichs Digitale Transformation und IKT-Lenkung (DTI) der Bundeskanzlei erfüllt.</p>

<!-- This site is optimized with the Yoast SEO Premium plugin v27.4 (Yoast SEO v27.4) - https://yoast.com/product/yoast-seo-premium-wordpress/ -->
<title>Sicherheit der Secure Private Cloud - Controllo federale delle finanze (CDF)</title>
<meta name="description" content="Sicherheit der Secure Private Cloud" />
<meta name="robots" content="index, follow, max-snippet:-1, max-image-preview:large, max-video-preview:-1" />
<link rel="canonical" href="https://www.efk.admin.ch/it/verifica/sicherheit-der-secure-private-cloud/" />
<meta property="og:locale" content="it_IT" />
<meta property="og:type" content="article" />
<meta property="og:title" content="Sicherheit der Secure Private Cloud" />
<meta property="og:description" content="Sicherheit der Secure Private Cloud" />
<meta property="og:url" content="https://www.efk.admin.ch/it/verifica/sicherheit-der-secure-private-cloud/" />
<meta property="og:site_name" content="Controllo federale delle finanze (CDF)" />
<meta property="article:modified_time" content="2025-09-19T11:46:04+00:00" />
<meta property="og:image" content="https://www.efk.admin.ch/wp-content/uploads/test/palais.jpg" />
	<meta property="og:image:width" content="750" />
	<meta property="og:image:height" content="500" />
	<meta property="og:image:type" content="image/jpeg" />
<meta name="twitter:card" content="summary_large_image" />
<meta name="twitter:label1" content="Est. reading time" />
	<meta name="twitter:data1" content="1 minute" />
<script type="application/ld+json" class="yoast-schema-graph">{"@context":"https:\/\/schema.org","@graph":[{"@type":"WebPage","@id":"https:\/\/www.efk.admin.ch\/it\/verifica\/sicherheit-der-secure-private-cloud\/","url":"https:\/\/www.efk.admin.ch\/it\/verifica\/sicherheit-der-secure-private-cloud\/","name":"Sicherheit der Secure Private Cloud - Controllo federale delle finanze (CDF)","isPartOf":{"@id":"https:\/\/www.efk.admin.ch\/it\/#website"},"datePublished":"2025-09-19T10:00:00+00:00","dateModified":"2025-09-19T11:46:04+00:00","description":"Sicherheit der Secure Private Cloud","breadcrumb":{"@id":"https:\/\/www.efk.admin.ch\/it\/verifica\/sicherheit-der-secure-private-cloud\/#breadcrumb"},"inLanguage":"it-IT","potentialAction":[{"@type":"ReadAction","target":["https:\/\/www.efk.admin.ch\/it\/verifica\/sicherheit-der-secure-private-cloud\/"]}]},{"@type":"BreadcrumbList","@id":"https:\/\/www.efk.admin.ch\/it\/verifica\/sicherheit-der-secure-private-cloud\/#breadcrumb","itemListElement":[{"@type":"ListItem","position":1,"name":"Home","item":"https:\/\/www.efk.admin.ch\/it\/"},{"@type":"ListItem","position":2,"name":"Rapporto","item":"https:\/\/www.efk.admin.ch\/it\/verifica\/"},{"@type":"ListItem","position":3,"name":"Sicherheit der Secure Private Cloud"}]},{"@type":"WebSite","@id":"https:\/\/www.efk.admin.ch\/it\/#website","url":"https:\/\/www.efk.admin.ch\/it\/","name":"Informationen über das oberste Finanzaufsichtsorgan der Schweiz","description":"Il Controllo federale delle finanze (CDF) è l'organo supremo di vigilanza finanziaria della Confederazione svizzera.","publisher":{"@id":"https:\/\/www.efk.admin.ch\/it\/#organization"},"alternateName":"EFK","potentialAction":[{"@type":"SearchAction","target":{"@type":"EntryPoint","urlTemplate":"https:\/\/www.efk.admin.ch\/it\/?s={search_term_string}"},"query-input":{"@type":"PropertyValueSpecification","valueRequired":true,"valueName":"search_term_string"}}],"inLanguage":"it-IT"},{"@type":"Organization","@id":"https:\/\/www.efk.admin.ch\/it\/#organization","name":"Controllo federale delle finanze (CDF)","alternateName":"EFK","url":"https:\/\/www.efk.admin.ch\/it\/","logo":{"@type":"ImageObject","inLanguage":"it-IT","@id":"https:\/\/www.efk.admin.ch\/it\/#\/schema\/logo\/image\/","url":"https:\/\/www.efk.admin.ch\/wp-content\/uploads\/efk_cdf_logo_ohne_claim.png","contentUrl":"https:\/\/www.efk.admin.ch\/wp-content\/uploads\/efk_cdf_logo_ohne_claim.png","width":268,"height":258,"caption":"Controllo federale delle finanze (CDF)"},"image":{"@id":"https:\/\/www.efk.admin.ch\/it\/#\/schema\/logo\/image\/"},"sameAs":["https:\/\/www.instagram.com\/efk_cdf_sfao\/","https:\/\/www.youtube.com\/channel\/UCm-bXj227VE5sJzhB-ihdvw\/featured","https:\/\/www.linkedin.com\/company\/11081578\/"]}]}</script>
<!-- / Yoast SEO Premium plugin. -->

Informationen über das oberste Finanzaufsichtsorgan der Schweiz

Il Controllo federale delle finanze (CDF) è l'organo supremo di vigilanza finanziaria della Confederazione svizzera.
