{"id":36201,"date":"2025-02-06T14:20:33","date_gmt":"2025-02-06T13:20:33","guid":{"rendered":"https:\/\/www.efk.admin.ch\/prufung\/peer-review-der-eidgenossischen-finanzkontrolle-durch-den-europaischen-rechnungshof\/"},"modified":"2025-09-05T10:03:30","modified_gmt":"2025-09-05T08:03:30","slug":"peer-review-2015-del-controllo-federale-delle-finanze-effettuata-dalla-corte-dei-conti-europea","status":"publish","type":"audit","link":"https:\/\/www.efk.admin.ch\/it\/verifica\/peer-review-2015-del-controllo-federale-delle-finanze-effettuata-dalla-corte-dei-conti-europea\/","title":{"rendered":"Peer review 2015 del Controllo federale delle finanze effettuata dalla Corte dei conti europea"},"content":{"rendered":"\n<p>Nel 2015, la Corte dei conti europea (CCE) ha effettuato una peer review del Controllo federale delle finanze (CDF). Questa peer review, richiesta dal CDF stesso, aveva l&#8217;obiettivo di valutare i suoi punti di forza e di debolezza al fine di garantire la qualit\u00e0 dei servizi forniti. La revisione si \u00e8 concentrata su tre aree principali: la strategia del CDF, la pianificazione del programma di audit e il controllo di qualit\u00e0.<\/p>\n\n\n\n<p>Le conclusioni del CCE sono positive. Essa conferma che il CDF produce un lavoro di alta qualit\u00e0, con personale competente, produttivo e impegnato. Il management \u00e8 considerato altamente professionale e impegnato nella modernizzazione dell&#8217;istituzione. La Peer Review tiene conto del fatto che dal 2014 il CDF ha avviato cambiamenti significativi, in particolare per quanto riguarda il rafforzamento degli audit di performance, il miglioramento delle analisi dei rischi, una migliore comunicazione sulle attivit\u00e0 e sui rapporti e l&#8217;ampliamento della pubblicazione dei rapporti.<\/p>\n\n\n\n<p>Al fine di continuare questi miglioramenti, la CCE ha formulato una serie di raccomandazioni, come l&#8217;aggiornamento e la comunicazione della strategia, un migliore allineamento dei tipi di audit agli standard internazionali, una pianificazione pi\u00f9 flessibile e la possibilit\u00e0 per i revisori di affrontare questioni pi\u00f9 complesse.<\/p>\n\n\n\n<p>Il CDF ha accettato queste raccomandazioni e si \u00e8 impegnato ad attuarle per continuare a migliorare la propria efficacia e rilevanza.<\/p>\n","protected":false},"featured_media":0,"menu_order":0,"template":"","audit_category":[71],"audit_type":[195],"class_list":["post-36201","audit","type-audit","status-publish","hentry","audit_category-varie","audit_type-peer-review"],"acf":{"audit_lang":null,"audit_numbers":[{"audit_number":"14545"}],"audit_office":"","audit_office_text":"","audit_date":"20160108","bgo":false,"keywords":"","audit_office_local":""},"yoast_head":"<!-- This site is optimized with the Yoast SEO Premium plugin v27.4 (Yoast SEO v27.4) - https:\/\/yoast.com\/product\/yoast-seo-premium-wordpress\/ -->\n<title>Peer review 2015 del Controllo federale delle finanze effettuata dalla Corte dei conti europea - Controllo federale delle finanze (CDF)<\/title>\n<meta name=\"description\" content=\"Peer review 2015 del Controllo federale delle finanze effettuata dalla Corte dei conti europea\" \/>\n<meta name=\"robots\" content=\"index, follow, max-snippet:-1, max-image-preview:large, max-video-preview:-1\" \/>\n<link rel=\"canonical\" href=\"https:\/\/www.efk.admin.ch\/it\/verifica\/peer-review-2015-del-controllo-federale-delle-finanze-effettuata-dalla-corte-dei-conti-europea\/\" \/>\n<meta property=\"og:locale\" content=\"it_IT\" \/>\n<meta property=\"og:type\" content=\"article\" \/>\n<meta property=\"og:title\" content=\"Peer review 2015 del Controllo federale delle finanze effettuata dalla Corte dei conti europea\" \/>\n<meta property=\"og:description\" content=\"Peer review 2015 del Controllo federale delle finanze effettuata dalla Corte dei conti europea\" \/>\n<meta property=\"og:url\" content=\"https:\/\/www.efk.admin.ch\/it\/verifica\/peer-review-2015-del-controllo-federale-delle-finanze-effettuata-dalla-corte-dei-conti-europea\/\" \/>\n<meta property=\"og:site_name\" content=\"Controllo federale delle finanze (CDF)\" \/>\n<meta property=\"article:modified_time\" content=\"2025-09-05T08:03:30+00:00\" \/>\n<meta property=\"og:image\" content=\"https:\/\/www.efk.admin.ch\/wp-content\/uploads\/test\/palais.jpg\" \/>\n\t<meta property=\"og:image:width\" content=\"750\" \/>\n\t<meta property=\"og:image:height\" content=\"500\" \/>\n\t<meta property=\"og:image:type\" content=\"image\/jpeg\" \/>\n<meta name=\"twitter:card\" content=\"summary_large_image\" \/>\n<meta name=\"twitter:label1\" content=\"Est. reading time\" \/>\n\t<meta name=\"twitter:data1\" content=\"2 minutes\" \/>\n<script type=\"application\/ld+json\" class=\"yoast-schema-graph\">{\"@context\":\"https:\\\/\\\/schema.org\",\"@graph\":[{\"@type\":\"WebPage\",\"@id\":\"https:\\\/\\\/www.efk.admin.ch\\\/it\\\/verifica\\\/peer-review-2015-del-controllo-federale-delle-finanze-effettuata-dalla-corte-dei-conti-europea\\\/\",\"url\":\"https:\\\/\\\/www.efk.admin.ch\\\/it\\\/verifica\\\/peer-review-2015-del-controllo-federale-delle-finanze-effettuata-dalla-corte-dei-conti-europea\\\/\",\"name\":\"Peer review 2015 del Controllo federale delle finanze effettuata dalla Corte dei conti europea - Controllo federale delle finanze (CDF)\",\"isPartOf\":{\"@id\":\"https:\\\/\\\/www.efk.admin.ch\\\/it\\\/#website\"},\"datePublished\":\"2025-02-06T13:20:33+00:00\",\"dateModified\":\"2025-09-05T08:03:30+00:00\",\"description\":\"Peer review 2015 del Controllo federale delle finanze effettuata dalla Corte dei conti europea\",\"breadcrumb\":{\"@id\":\"https:\\\/\\\/www.efk.admin.ch\\\/it\\\/verifica\\\/peer-review-2015-del-controllo-federale-delle-finanze-effettuata-dalla-corte-dei-conti-europea\\\/#breadcrumb\"},\"inLanguage\":\"it-IT\",\"potentialAction\":[{\"@type\":\"ReadAction\",\"target\":[\"https:\\\/\\\/www.efk.admin.ch\\\/it\\\/verifica\\\/peer-review-2015-del-controllo-federale-delle-finanze-effettuata-dalla-corte-dei-conti-europea\\\/\"]}]},{\"@type\":\"BreadcrumbList\",\"@id\":\"https:\\\/\\\/www.efk.admin.ch\\\/it\\\/verifica\\\/peer-review-2015-del-controllo-federale-delle-finanze-effettuata-dalla-corte-dei-conti-europea\\\/#breadcrumb\",\"itemListElement\":[{\"@type\":\"ListItem\",\"position\":1,\"name\":\"Home\",\"item\":\"https:\\\/\\\/www.efk.admin.ch\\\/it\\\/\"},{\"@type\":\"ListItem\",\"position\":2,\"name\":\"Rapporto\",\"item\":\"https:\\\/\\\/www.efk.admin.ch\\\/it\\\/verifica\\\/\"},{\"@type\":\"ListItem\",\"position\":3,\"name\":\"Peer review 2015 del Controllo federale delle finanze effettuata dalla Corte dei conti europea\"}]},{\"@type\":\"WebSite\",\"@id\":\"https:\\\/\\\/www.efk.admin.ch\\\/it\\\/#website\",\"url\":\"https:\\\/\\\/www.efk.admin.ch\\\/it\\\/\",\"name\":\"Informationen \u00fcber das oberste Finanzaufsichtsorgan der Schweiz\",\"description\":\"Il Controllo federale delle finanze (CDF) \u00e8 l'organo supremo di vigilanza finanziaria della Confederazione svizzera.\",\"publisher\":{\"@id\":\"https:\\\/\\\/www.efk.admin.ch\\\/it\\\/#organization\"},\"alternateName\":\"EFK\",\"potentialAction\":[{\"@type\":\"SearchAction\",\"target\":{\"@type\":\"EntryPoint\",\"urlTemplate\":\"https:\\\/\\\/www.efk.admin.ch\\\/it\\\/?s={search_term_string}\"},\"query-input\":{\"@type\":\"PropertyValueSpecification\",\"valueRequired\":true,\"valueName\":\"search_term_string\"}}],\"inLanguage\":\"it-IT\"},{\"@type\":\"Organization\",\"@id\":\"https:\\\/\\\/www.efk.admin.ch\\\/it\\\/#organization\",\"name\":\"Controllo federale delle finanze (CDF)\",\"alternateName\":\"EFK\",\"url\":\"https:\\\/\\\/www.efk.admin.ch\\\/it\\\/\",\"logo\":{\"@type\":\"ImageObject\",\"inLanguage\":\"it-IT\",\"@id\":\"https:\\\/\\\/www.efk.admin.ch\\\/it\\\/#\\\/schema\\\/logo\\\/image\\\/\",\"url\":\"https:\\\/\\\/www.efk.admin.ch\\\/wp-content\\\/uploads\\\/efk_cdf_logo_ohne_claim.png\",\"contentUrl\":\"https:\\\/\\\/www.efk.admin.ch\\\/wp-content\\\/uploads\\\/efk_cdf_logo_ohne_claim.png\",\"width\":268,\"height\":258,\"caption\":\"Controllo federale delle finanze (CDF)\"},\"image\":{\"@id\":\"https:\\\/\\\/www.efk.admin.ch\\\/it\\\/#\\\/schema\\\/logo\\\/image\\\/\"},\"sameAs\":[\"https:\\\/\\\/www.instagram.com\\\/efk_cdf_sfao\\\/\",\"https:\\\/\\\/www.youtube.com\\\/channel\\\/UCm-bXj227VE5sJzhB-ihdvw\\\/featured\",\"https:\\\/\\\/www.linkedin.com\\\/company\\\/11081578\\\/\"]}]}<\/script>\n<!-- \/ Yoast SEO Premium plugin. -->","yoast_head_json":{"title":"Peer review 2015 del Controllo federale delle finanze effettuata dalla Corte dei conti europea - Controllo federale delle finanze (CDF)","description":"Peer review 2015 del Controllo federale delle finanze effettuata dalla Corte dei conti europea","robots":{"index":"index","follow":"follow","max-snippet":"max-snippet:-1","max-image-preview":"max-image-preview:large","max-video-preview":"max-video-preview:-1"},"canonical":"https:\/\/www.efk.admin.ch\/it\/verifica\/peer-review-2015-del-controllo-federale-delle-finanze-effettuata-dalla-corte-dei-conti-europea\/","og_locale":"it_IT","og_type":"article","og_title":"Peer review 2015 del Controllo federale delle finanze effettuata dalla Corte dei conti europea","og_description":"Peer review 2015 del Controllo federale delle finanze effettuata dalla Corte dei conti europea","og_url":"https:\/\/www.efk.admin.ch\/it\/verifica\/peer-review-2015-del-controllo-federale-delle-finanze-effettuata-dalla-corte-dei-conti-europea\/","og_site_name":"Controllo federale delle finanze (CDF)","article_modified_time":"2025-09-05T08:03:30+00:00","og_image":[{"width":750,"height":500,"url":"https:\/\/www.efk.admin.ch\/wp-content\/uploads\/test\/palais.jpg","type":"image\/jpeg"}],"twitter_card":"summary_large_image","twitter_misc":{"Est. reading time":"2 minutes"},"schema":{"@context":"https:\/\/schema.org","@graph":[{"@type":"WebPage","@id":"https:\/\/www.efk.admin.ch\/it\/verifica\/peer-review-2015-del-controllo-federale-delle-finanze-effettuata-dalla-corte-dei-conti-europea\/","url":"https:\/\/www.efk.admin.ch\/it\/verifica\/peer-review-2015-del-controllo-federale-delle-finanze-effettuata-dalla-corte-dei-conti-europea\/","name":"Peer review 2015 del Controllo federale delle finanze effettuata dalla Corte dei conti europea - Controllo federale delle finanze (CDF)","isPartOf":{"@id":"https:\/\/www.efk.admin.ch\/it\/#website"},"datePublished":"2025-02-06T13:20:33+00:00","dateModified":"2025-09-05T08:03:30+00:00","description":"Peer review 2015 del Controllo federale delle finanze effettuata dalla Corte dei conti europea","breadcrumb":{"@id":"https:\/\/www.efk.admin.ch\/it\/verifica\/peer-review-2015-del-controllo-federale-delle-finanze-effettuata-dalla-corte-dei-conti-europea\/#breadcrumb"},"inLanguage":"it-IT","potentialAction":[{"@type":"ReadAction","target":["https:\/\/www.efk.admin.ch\/it\/verifica\/peer-review-2015-del-controllo-federale-delle-finanze-effettuata-dalla-corte-dei-conti-europea\/"]}]},{"@type":"BreadcrumbList","@id":"https:\/\/www.efk.admin.ch\/it\/verifica\/peer-review-2015-del-controllo-federale-delle-finanze-effettuata-dalla-corte-dei-conti-europea\/#breadcrumb","itemListElement":[{"@type":"ListItem","position":1,"name":"Home","item":"https:\/\/www.efk.admin.ch\/it\/"},{"@type":"ListItem","position":2,"name":"Rapporto","item":"https:\/\/www.efk.admin.ch\/it\/verifica\/"},{"@type":"ListItem","position":3,"name":"Peer review 2015 del Controllo federale delle finanze effettuata dalla Corte dei conti europea"}]},{"@type":"WebSite","@id":"https:\/\/www.efk.admin.ch\/it\/#website","url":"https:\/\/www.efk.admin.ch\/it\/","name":"Informationen \u00fcber das oberste Finanzaufsichtsorgan der Schweiz","description":"Il Controllo federale delle finanze (CDF) \u00e8 l'organo supremo di vigilanza finanziaria della Confederazione svizzera.","publisher":{"@id":"https:\/\/www.efk.admin.ch\/it\/#organization"},"alternateName":"EFK","potentialAction":[{"@type":"SearchAction","target":{"@type":"EntryPoint","urlTemplate":"https:\/\/www.efk.admin.ch\/it\/?s={search_term_string}"},"query-input":{"@type":"PropertyValueSpecification","valueRequired":true,"valueName":"search_term_string"}}],"inLanguage":"it-IT"},{"@type":"Organization","@id":"https:\/\/www.efk.admin.ch\/it\/#organization","name":"Controllo federale delle finanze (CDF)","alternateName":"EFK","url":"https:\/\/www.efk.admin.ch\/it\/","logo":{"@type":"ImageObject","inLanguage":"it-IT","@id":"https:\/\/www.efk.admin.ch\/it\/#\/schema\/logo\/image\/","url":"https:\/\/www.efk.admin.ch\/wp-content\/uploads\/efk_cdf_logo_ohne_claim.png","contentUrl":"https:\/\/www.efk.admin.ch\/wp-content\/uploads\/efk_cdf_logo_ohne_claim.png","width":268,"height":258,"caption":"Controllo federale delle finanze (CDF)"},"image":{"@id":"https:\/\/www.efk.admin.ch\/it\/#\/schema\/logo\/image\/"},"sameAs":["https:\/\/www.instagram.com\/efk_cdf_sfao\/","https:\/\/www.youtube.com\/channel\/UCm-bXj227VE5sJzhB-ihdvw\/featured","https:\/\/www.linkedin.com\/company\/11081578\/"]}]}},"_links":{"self":[{"href":"https:\/\/www.efk.admin.ch\/it\/wp-json\/wp\/v2\/audit\/36201","targetHints":{"allow":["GET"]}}],"collection":[{"href":"https:\/\/www.efk.admin.ch\/it\/wp-json\/wp\/v2\/audit"}],"about":[{"href":"https:\/\/www.efk.admin.ch\/it\/wp-json\/wp\/v2\/types\/audit"}],"wp:attachment":[{"href":"https:\/\/www.efk.admin.ch\/it\/wp-json\/wp\/v2\/media?parent=36201"}],"wp:term":[{"taxonomy":"audit_category","embeddable":true,"href":"https:\/\/www.efk.admin.ch\/it\/wp-json\/wp\/v2\/audit_category?post=36201"},{"taxonomy":"audit_type","embeddable":true,"href":"https:\/\/www.efk.admin.ch\/it\/wp-json\/wp\/v2\/audit_type?post=36201"}],"curies":[{"name":"wp","href":"https:\/\/api.w.org\/{rel}","templated":true}]}}

<p>Nel 2015, la Corte dei conti europea (CCE) ha effettuato una peer review del Controllo federale delle finanze (CDF). Questa peer review, richiesta dal CDF stesso, aveva l&#8217;obiettivo di valutare i suoi punti di forza e di debolezza al fine di garantire la qualità dei servizi forniti. La revisione si è concentrata su tre aree principali: la strategia del CDF, la pianificazione del programma di audit e il controllo di qualità.</p>



<p>Le conclusioni del CCE sono positive. Essa conferma che il CDF produce un lavoro di alta qualità, con personale competente, produttivo e impegnato. Il management è considerato altamente professionale e impegnato nella modernizzazione dell&#8217;istituzione. La Peer Review tiene conto del fatto che dal 2014 il CDF ha avviato cambiamenti significativi, in particolare per quanto riguarda il rafforzamento degli audit di performance, il miglioramento delle analisi dei rischi, una migliore comunicazione sulle attività e sui rapporti e l&#8217;ampliamento della pubblicazione dei rapporti.</p>



<p>Al fine di continuare questi miglioramenti, la CCE ha formulato una serie di raccomandazioni, come l&#8217;aggiornamento e la comunicazione della strategia, un migliore allineamento dei tipi di audit agli standard internazionali, una pianificazione più flessibile e la possibilità per i revisori di affrontare questioni più complesse.</p>



<p>Il CDF ha accettato queste raccomandazioni e si è impegnato ad attuarle per continuare a migliorare la propria efficacia e rilevanza.</p>

<!-- This site is optimized with the Yoast SEO Premium plugin v27.4 (Yoast SEO v27.4) - https://yoast.com/product/yoast-seo-premium-wordpress/ -->
<title>Peer review 2015 del Controllo federale delle finanze effettuata dalla Corte dei conti europea - Controllo federale delle finanze (CDF)</title>
<meta name="description" content="Peer review 2015 del Controllo federale delle finanze effettuata dalla Corte dei conti europea" />
<meta name="robots" content="index, follow, max-snippet:-1, max-image-preview:large, max-video-preview:-1" />
<link rel="canonical" href="https://www.efk.admin.ch/it/verifica/peer-review-2015-del-controllo-federale-delle-finanze-effettuata-dalla-corte-dei-conti-europea/" />
<meta property="og:locale" content="it_IT" />
<meta property="og:type" content="article" />
<meta property="og:title" content="Peer review 2015 del Controllo federale delle finanze effettuata dalla Corte dei conti europea" />
<meta property="og:description" content="Peer review 2015 del Controllo federale delle finanze effettuata dalla Corte dei conti europea" />
<meta property="og:url" content="https://www.efk.admin.ch/it/verifica/peer-review-2015-del-controllo-federale-delle-finanze-effettuata-dalla-corte-dei-conti-europea/" />
<meta property="og:site_name" content="Controllo federale delle finanze (CDF)" />
<meta property="article:modified_time" content="2025-09-05T08:03:30+00:00" />
<meta property="og:image" content="https://www.efk.admin.ch/wp-content/uploads/test/palais.jpg" />
	<meta property="og:image:width" content="750" />
	<meta property="og:image:height" content="500" />
	<meta property="og:image:type" content="image/jpeg" />
<meta name="twitter:card" content="summary_large_image" />
<meta name="twitter:label1" content="Est. reading time" />
	<meta name="twitter:data1" content="2 minutes" />
<script type="application/ld+json" class="yoast-schema-graph">{"@context":"https:\/\/schema.org","@graph":[{"@type":"WebPage","@id":"https:\/\/www.efk.admin.ch\/it\/verifica\/peer-review-2015-del-controllo-federale-delle-finanze-effettuata-dalla-corte-dei-conti-europea\/","url":"https:\/\/www.efk.admin.ch\/it\/verifica\/peer-review-2015-del-controllo-federale-delle-finanze-effettuata-dalla-corte-dei-conti-europea\/","name":"Peer review 2015 del Controllo federale delle finanze effettuata dalla Corte dei conti europea - Controllo federale delle finanze (CDF)","isPartOf":{"@id":"https:\/\/www.efk.admin.ch\/it\/#website"},"datePublished":"2025-02-06T13:20:33+00:00","dateModified":"2025-09-05T08:03:30+00:00","description":"Peer review 2015 del Controllo federale delle finanze effettuata dalla Corte dei conti europea","breadcrumb":{"@id":"https:\/\/www.efk.admin.ch\/it\/verifica\/peer-review-2015-del-controllo-federale-delle-finanze-effettuata-dalla-corte-dei-conti-europea\/#breadcrumb"},"inLanguage":"it-IT","potentialAction":[{"@type":"ReadAction","target":["https:\/\/www.efk.admin.ch\/it\/verifica\/peer-review-2015-del-controllo-federale-delle-finanze-effettuata-dalla-corte-dei-conti-europea\/"]}]},{"@type":"BreadcrumbList","@id":"https:\/\/www.efk.admin.ch\/it\/verifica\/peer-review-2015-del-controllo-federale-delle-finanze-effettuata-dalla-corte-dei-conti-europea\/#breadcrumb","itemListElement":[{"@type":"ListItem","position":1,"name":"Home","item":"https:\/\/www.efk.admin.ch\/it\/"},{"@type":"ListItem","position":2,"name":"Rapporto","item":"https:\/\/www.efk.admin.ch\/it\/verifica\/"},{"@type":"ListItem","position":3,"name":"Peer review 2015 del Controllo federale delle finanze effettuata dalla Corte dei conti europea"}]},{"@type":"WebSite","@id":"https:\/\/www.efk.admin.ch\/it\/#website","url":"https:\/\/www.efk.admin.ch\/it\/","name":"Informationen über das oberste Finanzaufsichtsorgan der Schweiz","description":"Il Controllo federale delle finanze (CDF) è l'organo supremo di vigilanza finanziaria della Confederazione svizzera.","publisher":{"@id":"https:\/\/www.efk.admin.ch\/it\/#organization"},"alternateName":"EFK","potentialAction":[{"@type":"SearchAction","target":{"@type":"EntryPoint","urlTemplate":"https:\/\/www.efk.admin.ch\/it\/?s={search_term_string}"},"query-input":{"@type":"PropertyValueSpecification","valueRequired":true,"valueName":"search_term_string"}}],"inLanguage":"it-IT"},{"@type":"Organization","@id":"https:\/\/www.efk.admin.ch\/it\/#organization","name":"Controllo federale delle finanze (CDF)","alternateName":"EFK","url":"https:\/\/www.efk.admin.ch\/it\/","logo":{"@type":"ImageObject","inLanguage":"it-IT","@id":"https:\/\/www.efk.admin.ch\/it\/#\/schema\/logo\/image\/","url":"https:\/\/www.efk.admin.ch\/wp-content\/uploads\/efk_cdf_logo_ohne_claim.png","contentUrl":"https:\/\/www.efk.admin.ch\/wp-content\/uploads\/efk_cdf_logo_ohne_claim.png","width":268,"height":258,"caption":"Controllo federale delle finanze (CDF)"},"image":{"@id":"https:\/\/www.efk.admin.ch\/it\/#\/schema\/logo\/image\/"},"sameAs":["https:\/\/www.instagram.com\/efk_cdf_sfao\/","https:\/\/www.youtube.com\/channel\/UCm-bXj227VE5sJzhB-ihdvw\/featured","https:\/\/www.linkedin.com\/company\/11081578\/"]}]}</script>
<!-- / Yoast SEO Premium plugin. -->

Informationen über das oberste Finanzaufsichtsorgan der Schweiz

Il Controllo federale delle finanze (CDF) è l'organo supremo di vigilanza finanziaria della Confederazione svizzera.
