{"id":25671,"date":"2024-03-12T16:47:59","date_gmt":"2024-03-12T15:47:59","guid":{"rendered":"https:\/\/preview.efk.admin.ch\/?post_type=audit&#038;p=25671"},"modified":"2025-01-06T17:32:49","modified_gmt":"2025-01-06T16:32:49","slug":"assurance-invalidite-subventions-aux-ateliers-doccupation-permanente","status":"publish","type":"audit","link":"https:\/\/www.efk.admin.ch\/it\/verifica\/assurance-invalidite-subventions-aux-ateliers-doccupation-permanente\/","title":{"rendered":"Assurance-invalidit\u00e9 : subventions aux ateliers d&#8217;occupation permanente"},"content":{"rendered":"\n<p>En subventionnant ces ateliers, la Conf\u00e9d\u00e9ration cherche \u00e0 renforcer l&#8217;int\u00e9gration des invalides dans la soci\u00e9t\u00e9, mais \u00e9galement \u00e0 les r\u00e9ins\u00e9rer dans le monde professionnel suivant le principe \u00abl&#8217;insertion avant la rente d&#8217;invalidit\u00e9\u00bb. L&#8217;aide de la Conf\u00e9d\u00e9ration prend la forme de subventions d\u2019investissement (construction, agrandissement et r\u00e9novation des ateliers) et de subventions d\u2019exploitation pour les frais suppl\u00e9mentaires d&#8217;exploitation d\u00e9coulant de l&#8217;occupation d&#8217;invalides. Le montant total des subventions d\u2019exploitation que l\u2019Office f\u00e9d\u00e9ral des assurances sociales (OFAS) a allou\u00e9es \u00e0 298 ateliers en 1999 s\u2019est \u00e9lev\u00e9 \u00e0 317 millions de francs.<\/p>\n","protected":false},"featured_media":0,"menu_order":0,"template":"","audit_category":[132],"audit_type":[139],"class_list":["post-25671","audit","type-audit","status-publish","hentry","audit_category-assicurazioni-sociali-e-previdenza-per-la-vecchiaia","audit_type-verifica-dei-sussidi"],"acf":{"audit_lang":[{"lang":"f"}],"audit_numbers":[{"audit_number":""}],"audit_office":[1067],"audit_office_text":"","audit_date":"20020119","bgo":false,"keywords":"","audit_office_local":""},"yoast_head":"<!-- This site is optimized with the Yoast SEO Premium plugin v27.4 (Yoast SEO v27.4) - https:\/\/yoast.com\/product\/yoast-seo-premium-wordpress\/ -->\n<title>Assurance-invalidit\u00e9 : subventions aux ateliers d&#039;occupation permanente - Controllo federale delle finanze (CDF)<\/title>\n<meta name=\"description\" content=\"Assurance-invalidit\u00e9 : subventions aux ateliers d&#039;occupation permanente\" \/>\n<meta name=\"robots\" content=\"index, follow, max-snippet:-1, max-image-preview:large, max-video-preview:-1\" \/>\n<link rel=\"canonical\" href=\"https:\/\/www.efk.admin.ch\/it\/verifica\/assurance-invalidite-subventions-aux-ateliers-doccupation-permanente\/\" \/>\n<meta property=\"og:locale\" content=\"it_IT\" \/>\n<meta property=\"og:type\" content=\"article\" \/>\n<meta property=\"og:title\" content=\"Assurance-invalidit\u00e9 : subventions aux ateliers d&#039;occupation permanente\" \/>\n<meta property=\"og:description\" content=\"Assurance-invalidit\u00e9 : subventions aux ateliers d&#039;occupation permanente\" \/>\n<meta property=\"og:url\" content=\"https:\/\/www.efk.admin.ch\/it\/verifica\/assurance-invalidite-subventions-aux-ateliers-doccupation-permanente\/\" \/>\n<meta property=\"og:site_name\" content=\"Controllo federale delle finanze (CDF)\" \/>\n<meta property=\"article:modified_time\" content=\"2025-01-06T16:32:49+00:00\" \/>\n<meta property=\"og:image\" content=\"https:\/\/www.efk.admin.ch\/wp-content\/uploads\/test\/palais.jpg\" \/>\n\t<meta property=\"og:image:width\" content=\"750\" \/>\n\t<meta property=\"og:image:height\" content=\"500\" \/>\n\t<meta property=\"og:image:type\" content=\"image\/jpeg\" \/>\n<meta name=\"twitter:card\" content=\"summary_large_image\" \/>\n<meta name=\"twitter:label1\" content=\"Est. reading time\" \/>\n\t<meta name=\"twitter:data1\" content=\"1 minute\" \/>\n<script type=\"application\/ld+json\" class=\"yoast-schema-graph\">{\"@context\":\"https:\\\/\\\/schema.org\",\"@graph\":[{\"@type\":\"WebPage\",\"@id\":\"https:\\\/\\\/www.efk.admin.ch\\\/it\\\/verifica\\\/assurance-invalidite-subventions-aux-ateliers-doccupation-permanente\\\/\",\"url\":\"https:\\\/\\\/www.efk.admin.ch\\\/it\\\/verifica\\\/assurance-invalidite-subventions-aux-ateliers-doccupation-permanente\\\/\",\"name\":\"Assurance-invalidit\u00e9 : subventions aux ateliers d'occupation permanente - Controllo federale delle finanze (CDF)\",\"isPartOf\":{\"@id\":\"https:\\\/\\\/www.efk.admin.ch\\\/it\\\/#website\"},\"datePublished\":\"2024-03-12T15:47:59+00:00\",\"dateModified\":\"2025-01-06T16:32:49+00:00\",\"description\":\"Assurance-invalidit\u00e9 : subventions aux ateliers d'occupation permanente\",\"breadcrumb\":{\"@id\":\"https:\\\/\\\/www.efk.admin.ch\\\/it\\\/verifica\\\/assurance-invalidite-subventions-aux-ateliers-doccupation-permanente\\\/#breadcrumb\"},\"inLanguage\":\"it-IT\",\"potentialAction\":[{\"@type\":\"ReadAction\",\"target\":[\"https:\\\/\\\/www.efk.admin.ch\\\/it\\\/verifica\\\/assurance-invalidite-subventions-aux-ateliers-doccupation-permanente\\\/\"]}]},{\"@type\":\"BreadcrumbList\",\"@id\":\"https:\\\/\\\/www.efk.admin.ch\\\/it\\\/verifica\\\/assurance-invalidite-subventions-aux-ateliers-doccupation-permanente\\\/#breadcrumb\",\"itemListElement\":[{\"@type\":\"ListItem\",\"position\":1,\"name\":\"Home\",\"item\":\"https:\\\/\\\/www.efk.admin.ch\\\/it\\\/\"},{\"@type\":\"ListItem\",\"position\":2,\"name\":\"Rapporto\",\"item\":\"https:\\\/\\\/www.efk.admin.ch\\\/it\\\/verifica\\\/\"},{\"@type\":\"ListItem\",\"position\":3,\"name\":\"Assurance-invalidit\u00e9 : subventions aux ateliers d&#8217;occupation permanente\"}]},{\"@type\":\"WebSite\",\"@id\":\"https:\\\/\\\/www.efk.admin.ch\\\/it\\\/#website\",\"url\":\"https:\\\/\\\/www.efk.admin.ch\\\/it\\\/\",\"name\":\"Informationen \u00fcber das oberste Finanzaufsichtsorgan der Schweiz\",\"description\":\"Il Controllo federale delle finanze (CDF) \u00e8 l'organo supremo di vigilanza finanziaria della Confederazione svizzera.\",\"publisher\":{\"@id\":\"https:\\\/\\\/www.efk.admin.ch\\\/it\\\/#organization\"},\"alternateName\":\"EFK\",\"potentialAction\":[{\"@type\":\"SearchAction\",\"target\":{\"@type\":\"EntryPoint\",\"urlTemplate\":\"https:\\\/\\\/www.efk.admin.ch\\\/it\\\/?s={search_term_string}\"},\"query-input\":{\"@type\":\"PropertyValueSpecification\",\"valueRequired\":true,\"valueName\":\"search_term_string\"}}],\"inLanguage\":\"it-IT\"},{\"@type\":\"Organization\",\"@id\":\"https:\\\/\\\/www.efk.admin.ch\\\/it\\\/#organization\",\"name\":\"Controllo federale delle finanze (CDF)\",\"alternateName\":\"EFK\",\"url\":\"https:\\\/\\\/www.efk.admin.ch\\\/it\\\/\",\"logo\":{\"@type\":\"ImageObject\",\"inLanguage\":\"it-IT\",\"@id\":\"https:\\\/\\\/www.efk.admin.ch\\\/it\\\/#\\\/schema\\\/logo\\\/image\\\/\",\"url\":\"https:\\\/\\\/www.efk.admin.ch\\\/wp-content\\\/uploads\\\/efk_cdf_logo_ohne_claim.png\",\"contentUrl\":\"https:\\\/\\\/www.efk.admin.ch\\\/wp-content\\\/uploads\\\/efk_cdf_logo_ohne_claim.png\",\"width\":268,\"height\":258,\"caption\":\"Controllo federale delle finanze (CDF)\"},\"image\":{\"@id\":\"https:\\\/\\\/www.efk.admin.ch\\\/it\\\/#\\\/schema\\\/logo\\\/image\\\/\"},\"sameAs\":[\"https:\\\/\\\/www.instagram.com\\\/efk_cdf_sfao\\\/\",\"https:\\\/\\\/www.youtube.com\\\/channel\\\/UCm-bXj227VE5sJzhB-ihdvw\\\/featured\",\"https:\\\/\\\/www.linkedin.com\\\/company\\\/11081578\\\/\"]}]}<\/script>\n<!-- \/ Yoast SEO Premium plugin. -->","yoast_head_json":{"title":"Assurance-invalidit\u00e9 : subventions aux ateliers d'occupation permanente - Controllo federale delle finanze (CDF)","description":"Assurance-invalidit\u00e9 : subventions aux ateliers d'occupation permanente","robots":{"index":"index","follow":"follow","max-snippet":"max-snippet:-1","max-image-preview":"max-image-preview:large","max-video-preview":"max-video-preview:-1"},"canonical":"https:\/\/www.efk.admin.ch\/it\/verifica\/assurance-invalidite-subventions-aux-ateliers-doccupation-permanente\/","og_locale":"it_IT","og_type":"article","og_title":"Assurance-invalidit\u00e9 : subventions aux ateliers d'occupation permanente","og_description":"Assurance-invalidit\u00e9 : subventions aux ateliers d'occupation permanente","og_url":"https:\/\/www.efk.admin.ch\/it\/verifica\/assurance-invalidite-subventions-aux-ateliers-doccupation-permanente\/","og_site_name":"Controllo federale delle finanze (CDF)","article_modified_time":"2025-01-06T16:32:49+00:00","og_image":[{"width":750,"height":500,"url":"https:\/\/www.efk.admin.ch\/wp-content\/uploads\/test\/palais.jpg","type":"image\/jpeg"}],"twitter_card":"summary_large_image","twitter_misc":{"Est. reading time":"1 minute"},"schema":{"@context":"https:\/\/schema.org","@graph":[{"@type":"WebPage","@id":"https:\/\/www.efk.admin.ch\/it\/verifica\/assurance-invalidite-subventions-aux-ateliers-doccupation-permanente\/","url":"https:\/\/www.efk.admin.ch\/it\/verifica\/assurance-invalidite-subventions-aux-ateliers-doccupation-permanente\/","name":"Assurance-invalidit\u00e9 : subventions aux ateliers d'occupation permanente - Controllo federale delle finanze (CDF)","isPartOf":{"@id":"https:\/\/www.efk.admin.ch\/it\/#website"},"datePublished":"2024-03-12T15:47:59+00:00","dateModified":"2025-01-06T16:32:49+00:00","description":"Assurance-invalidit\u00e9 : subventions aux ateliers d'occupation permanente","breadcrumb":{"@id":"https:\/\/www.efk.admin.ch\/it\/verifica\/assurance-invalidite-subventions-aux-ateliers-doccupation-permanente\/#breadcrumb"},"inLanguage":"it-IT","potentialAction":[{"@type":"ReadAction","target":["https:\/\/www.efk.admin.ch\/it\/verifica\/assurance-invalidite-subventions-aux-ateliers-doccupation-permanente\/"]}]},{"@type":"BreadcrumbList","@id":"https:\/\/www.efk.admin.ch\/it\/verifica\/assurance-invalidite-subventions-aux-ateliers-doccupation-permanente\/#breadcrumb","itemListElement":[{"@type":"ListItem","position":1,"name":"Home","item":"https:\/\/www.efk.admin.ch\/it\/"},{"@type":"ListItem","position":2,"name":"Rapporto","item":"https:\/\/www.efk.admin.ch\/it\/verifica\/"},{"@type":"ListItem","position":3,"name":"Assurance-invalidit\u00e9 : subventions aux ateliers d&#8217;occupation permanente"}]},{"@type":"WebSite","@id":"https:\/\/www.efk.admin.ch\/it\/#website","url":"https:\/\/www.efk.admin.ch\/it\/","name":"Informationen \u00fcber das oberste Finanzaufsichtsorgan der Schweiz","description":"Il Controllo federale delle finanze (CDF) \u00e8 l'organo supremo di vigilanza finanziaria della Confederazione svizzera.","publisher":{"@id":"https:\/\/www.efk.admin.ch\/it\/#organization"},"alternateName":"EFK","potentialAction":[{"@type":"SearchAction","target":{"@type":"EntryPoint","urlTemplate":"https:\/\/www.efk.admin.ch\/it\/?s={search_term_string}"},"query-input":{"@type":"PropertyValueSpecification","valueRequired":true,"valueName":"search_term_string"}}],"inLanguage":"it-IT"},{"@type":"Organization","@id":"https:\/\/www.efk.admin.ch\/it\/#organization","name":"Controllo federale delle finanze (CDF)","alternateName":"EFK","url":"https:\/\/www.efk.admin.ch\/it\/","logo":{"@type":"ImageObject","inLanguage":"it-IT","@id":"https:\/\/www.efk.admin.ch\/it\/#\/schema\/logo\/image\/","url":"https:\/\/www.efk.admin.ch\/wp-content\/uploads\/efk_cdf_logo_ohne_claim.png","contentUrl":"https:\/\/www.efk.admin.ch\/wp-content\/uploads\/efk_cdf_logo_ohne_claim.png","width":268,"height":258,"caption":"Controllo federale delle finanze (CDF)"},"image":{"@id":"https:\/\/www.efk.admin.ch\/it\/#\/schema\/logo\/image\/"},"sameAs":["https:\/\/www.instagram.com\/efk_cdf_sfao\/","https:\/\/www.youtube.com\/channel\/UCm-bXj227VE5sJzhB-ihdvw\/featured","https:\/\/www.linkedin.com\/company\/11081578\/"]}]}},"_links":{"self":[{"href":"https:\/\/www.efk.admin.ch\/it\/wp-json\/wp\/v2\/audit\/25671","targetHints":{"allow":["GET"]}}],"collection":[{"href":"https:\/\/www.efk.admin.ch\/it\/wp-json\/wp\/v2\/audit"}],"about":[{"href":"https:\/\/www.efk.admin.ch\/it\/wp-json\/wp\/v2\/types\/audit"}],"acf:post":[{"embeddable":true,"href":"https:\/\/www.efk.admin.ch\/it\/wp-json\/wp\/v2\/office\/1067"}],"wp:attachment":[{"href":"https:\/\/www.efk.admin.ch\/it\/wp-json\/wp\/v2\/media?parent=25671"}],"wp:term":[{"taxonomy":"audit_category","embeddable":true,"href":"https:\/\/www.efk.admin.ch\/it\/wp-json\/wp\/v2\/audit_category?post=25671"},{"taxonomy":"audit_type","embeddable":true,"href":"https:\/\/www.efk.admin.ch\/it\/wp-json\/wp\/v2\/audit_type?post=25671"}],"curies":[{"name":"wp","href":"https:\/\/api.w.org\/{rel}","templated":true}]}}

Assurance-invalidité : subventions aux ateliers d&#8217;occupation permanente

<p>En subventionnant ces ateliers, la Confédération cherche à renforcer l&#8217;intégration des invalides dans la société, mais également à les réinsérer dans le monde professionnel suivant le principe «l&#8217;insertion avant la rente d&#8217;invalidité». L&#8217;aide de la Confédération prend la forme de subventions d’investissement (construction, agrandissement et rénovation des ateliers) et de subventions d’exploitation pour les frais supplémentaires d&#8217;exploitation découlant de l&#8217;occupation d&#8217;invalides. Le montant total des subventions d’exploitation que l’Office fédéral des assurances sociales (OFAS) a allouées à 298 ateliers en 1999 s’est élevé à 317 millions de francs.</p>

<!-- This site is optimized with the Yoast SEO Premium plugin v27.4 (Yoast SEO v27.4) - https://yoast.com/product/yoast-seo-premium-wordpress/ -->
<title>Assurance-invalidité : subventions aux ateliers d&#039;occupation permanente - Controllo federale delle finanze (CDF)</title>
<meta name="description" content="Assurance-invalidité : subventions aux ateliers d&#039;occupation permanente" />
<meta name="robots" content="index, follow, max-snippet:-1, max-image-preview:large, max-video-preview:-1" />
<link rel="canonical" href="https://www.efk.admin.ch/it/verifica/assurance-invalidite-subventions-aux-ateliers-doccupation-permanente/" />
<meta property="og:locale" content="it_IT" />
<meta property="og:type" content="article" />
<meta property="og:title" content="Assurance-invalidité : subventions aux ateliers d&#039;occupation permanente" />
<meta property="og:description" content="Assurance-invalidité : subventions aux ateliers d&#039;occupation permanente" />
<meta property="og:url" content="https://www.efk.admin.ch/it/verifica/assurance-invalidite-subventions-aux-ateliers-doccupation-permanente/" />
<meta property="og:site_name" content="Controllo federale delle finanze (CDF)" />
<meta property="article:modified_time" content="2025-01-06T16:32:49+00:00" />
<meta property="og:image" content="https://www.efk.admin.ch/wp-content/uploads/test/palais.jpg" />
	<meta property="og:image:width" content="750" />
	<meta property="og:image:height" content="500" />
	<meta property="og:image:type" content="image/jpeg" />
<meta name="twitter:card" content="summary_large_image" />
<meta name="twitter:label1" content="Est. reading time" />
	<meta name="twitter:data1" content="1 minute" />
<script type="application/ld+json" class="yoast-schema-graph">{"@context":"https:\/\/schema.org","@graph":[{"@type":"WebPage","@id":"https:\/\/www.efk.admin.ch\/it\/verifica\/assurance-invalidite-subventions-aux-ateliers-doccupation-permanente\/","url":"https:\/\/www.efk.admin.ch\/it\/verifica\/assurance-invalidite-subventions-aux-ateliers-doccupation-permanente\/","name":"Assurance-invalidité : subventions aux ateliers d'occupation permanente - Controllo federale delle finanze (CDF)","isPartOf":{"@id":"https:\/\/www.efk.admin.ch\/it\/#website"},"datePublished":"2024-03-12T15:47:59+00:00","dateModified":"2025-01-06T16:32:49+00:00","description":"Assurance-invalidité : subventions aux ateliers d'occupation permanente","breadcrumb":{"@id":"https:\/\/www.efk.admin.ch\/it\/verifica\/assurance-invalidite-subventions-aux-ateliers-doccupation-permanente\/#breadcrumb"},"inLanguage":"it-IT","potentialAction":[{"@type":"ReadAction","target":["https:\/\/www.efk.admin.ch\/it\/verifica\/assurance-invalidite-subventions-aux-ateliers-doccupation-permanente\/"]}]},{"@type":"BreadcrumbList","@id":"https:\/\/www.efk.admin.ch\/it\/verifica\/assurance-invalidite-subventions-aux-ateliers-doccupation-permanente\/#breadcrumb","itemListElement":[{"@type":"ListItem","position":1,"name":"Home","item":"https:\/\/www.efk.admin.ch\/it\/"},{"@type":"ListItem","position":2,"name":"Rapporto","item":"https:\/\/www.efk.admin.ch\/it\/verifica\/"},{"@type":"ListItem","position":3,"name":"Assurance-invalidité : subventions aux ateliers d&#8217;occupation permanente"}]},{"@type":"WebSite","@id":"https:\/\/www.efk.admin.ch\/it\/#website","url":"https:\/\/www.efk.admin.ch\/it\/","name":"Informationen über das oberste Finanzaufsichtsorgan der Schweiz","description":"Il Controllo federale delle finanze (CDF) è l'organo supremo di vigilanza finanziaria della Confederazione svizzera.","publisher":{"@id":"https:\/\/www.efk.admin.ch\/it\/#organization"},"alternateName":"EFK","potentialAction":[{"@type":"SearchAction","target":{"@type":"EntryPoint","urlTemplate":"https:\/\/www.efk.admin.ch\/it\/?s={search_term_string}"},"query-input":{"@type":"PropertyValueSpecification","valueRequired":true,"valueName":"search_term_string"}}],"inLanguage":"it-IT"},{"@type":"Organization","@id":"https:\/\/www.efk.admin.ch\/it\/#organization","name":"Controllo federale delle finanze (CDF)","alternateName":"EFK","url":"https:\/\/www.efk.admin.ch\/it\/","logo":{"@type":"ImageObject","inLanguage":"it-IT","@id":"https:\/\/www.efk.admin.ch\/it\/#\/schema\/logo\/image\/","url":"https:\/\/www.efk.admin.ch\/wp-content\/uploads\/efk_cdf_logo_ohne_claim.png","contentUrl":"https:\/\/www.efk.admin.ch\/wp-content\/uploads\/efk_cdf_logo_ohne_claim.png","width":268,"height":258,"caption":"Controllo federale delle finanze (CDF)"},"image":{"@id":"https:\/\/www.efk.admin.ch\/it\/#\/schema\/logo\/image\/"},"sameAs":["https:\/\/www.instagram.com\/efk_cdf_sfao\/","https:\/\/www.youtube.com\/channel\/UCm-bXj227VE5sJzhB-ihdvw\/featured","https:\/\/www.linkedin.com\/company\/11081578\/"]}]}</script>
<!-- / Yoast SEO Premium plugin. -->

Assurance-invalidité : subventions aux ateliers d'occupation permanente - Controllo federale delle finanze (CDF)

Assurance-invalidité : subventions aux ateliers d'occupation permanente

Informationen über das oberste Finanzaufsichtsorgan der Schweiz

Il Controllo federale delle finanze (CDF) è l'organo supremo di vigilanza finanziaria della Confederazione svizzera.
