{"id":6312,"date":"2024-01-17T16:38:02","date_gmt":"2024-01-17T15:38:02","guid":{"rendered":"https:\/\/preview.efk.admin.ch\/prufung\/transformation-numerique-audit-de-lefficacite-des-processus-de-core-it-administration-federale-des-contributions\/"},"modified":"2025-04-01T08:57:25","modified_gmt":"2025-04-01T06:57:25","slug":"transformation-numerique-efficacite-des-processus-de-core-it","status":"publish","type":"audit","link":"https:\/\/www.efk.admin.ch\/fr\/audit\/transformation-numerique-efficacite-des-processus-de-core-it\/","title":{"rendered":"Transformation num\u00e9rique : Efficacit\u00e9 des processus de Core-IT"},"content":{"rendered":"\n<p>L\u2019Administration f\u00e9d\u00e9rale des contributions (AFC) souhaite num\u00e9riser ses processus au cours des cinq prochaines ann\u00e9es et faire du canal en ligne la norme, ce qui devrait am\u00e9liorer le service \u00e0 la client\u00e8le et l\u2019efficacit\u00e9. Pour mettre en \u0153uvre son initiative de transformation num\u00e9rique, l\u2019AFC a demand\u00e9 et obtenu du Parlement 31,2\u00a0millions de francs suppl\u00e9mentaires pour la p\u00e9riode 2023\u20132027. Le budget informatique s\u2019\u00e9l\u00e8ve ainsi \u00e0 52,9\u00a0millions de francs pour l\u2019ann\u00e9e 2023. En 2021, l\u2019AFC a per\u00e7u des imp\u00f4ts f\u00e9d\u00e9raux pour un montant total de 56,5\u00a0milliards de francs.<\/p>\n","protected":false},"featured_media":0,"menu_order":0,"template":"","audit_category":[79],"audit_type":[52],"class_list":["post-6312","audit","type-audit","status-publish","hentry","audit_category-projets-informatiques","audit_type-audit-fr"],"acf":{"audit_lang":[{"lang":"d"}],"audit_numbers":[{"audit_number":"22524"}],"audit_office":[7939],"audit_office_text":"","audit_date":"20231122","bgo":false,"keywords":"processus, num\u00e9riser, canal en ligne, am\u00e9liorer le service \u00e0 la client\u00e8le, l\u2019efficacit\u00e9, nitiative de transformation num\u00e9rique, budget informatique, imp\u00f4ts f\u00e9d\u00e9raux","audit_office_local":""},"yoast_head":"<!-- This site is optimized with the Yoast SEO Premium plugin v27.4 (Yoast SEO v27.4) - https:\/\/yoast.com\/product\/yoast-seo-premium-wordpress\/ -->\n<title>Transformation num\u00e9rique : Efficacit\u00e9 des processus de Core-IT - Contr\u00f4le f\u00e9d\u00e9ral des finances (CDF)<\/title>\n<meta name=\"description\" content=\"Transformation num\u00e9rique : Efficacit\u00e9 des processus de Core-IT\" \/>\n<meta name=\"robots\" content=\"index, follow, max-snippet:-1, max-image-preview:large, max-video-preview:-1\" \/>\n<link rel=\"canonical\" href=\"https:\/\/www.efk.admin.ch\/fr\/audit\/transformation-numerique-efficacite-des-processus-de-core-it\/\" \/>\n<meta property=\"og:locale\" content=\"fr_FR\" \/>\n<meta property=\"og:type\" content=\"article\" \/>\n<meta property=\"og:title\" content=\"Transformation num\u00e9rique : Efficacit\u00e9 des processus de Core-IT\" \/>\n<meta property=\"og:description\" content=\"Transformation num\u00e9rique : Efficacit\u00e9 des processus de Core-IT\" \/>\n<meta property=\"og:url\" content=\"https:\/\/www.efk.admin.ch\/fr\/audit\/transformation-numerique-efficacite-des-processus-de-core-it\/\" \/>\n<meta property=\"og:site_name\" content=\"Contr\u00f4le f\u00e9d\u00e9ral des finances (CDF)\" \/>\n<meta property=\"article:modified_time\" content=\"2025-04-01T06:57:25+00:00\" \/>\n<meta property=\"og:image\" content=\"https:\/\/www.efk.admin.ch\/wp-content\/uploads\/test\/palais.jpg\" \/>\n\t<meta property=\"og:image:width\" content=\"750\" \/>\n\t<meta property=\"og:image:height\" content=\"500\" \/>\n\t<meta property=\"og:image:type\" content=\"image\/jpeg\" \/>\n<meta name=\"twitter:card\" content=\"summary_large_image\" \/>\n<meta name=\"twitter:label1\" content=\"Dur\u00e9e de lecture estim\u00e9e\" \/>\n\t<meta name=\"twitter:data1\" content=\"1 minute\" \/>\n<script type=\"application\/ld+json\" class=\"yoast-schema-graph\">{\"@context\":\"https:\\\/\\\/schema.org\",\"@graph\":[{\"@type\":\"WebPage\",\"@id\":\"https:\\\/\\\/www.efk.admin.ch\\\/fr\\\/audit\\\/transformation-numerique-efficacite-des-processus-de-core-it\\\/\",\"url\":\"https:\\\/\\\/www.efk.admin.ch\\\/fr\\\/audit\\\/transformation-numerique-efficacite-des-processus-de-core-it\\\/\",\"name\":\"Transformation num\u00e9rique : Efficacit\u00e9 des processus de Core-IT - Contr\u00f4le f\u00e9d\u00e9ral des finances (CDF)\",\"isPartOf\":{\"@id\":\"https:\\\/\\\/www.efk.admin.ch\\\/fr\\\/#website\"},\"datePublished\":\"2024-01-17T15:38:02+00:00\",\"dateModified\":\"2025-04-01T06:57:25+00:00\",\"description\":\"Transformation num\u00e9rique : Efficacit\u00e9 des processus de Core-IT\",\"breadcrumb\":{\"@id\":\"https:\\\/\\\/www.efk.admin.ch\\\/fr\\\/audit\\\/transformation-numerique-efficacite-des-processus-de-core-it\\\/#breadcrumb\"},\"inLanguage\":\"fr-FR\",\"potentialAction\":[{\"@type\":\"ReadAction\",\"target\":[\"https:\\\/\\\/www.efk.admin.ch\\\/fr\\\/audit\\\/transformation-numerique-efficacite-des-processus-de-core-it\\\/\"]}]},{\"@type\":\"BreadcrumbList\",\"@id\":\"https:\\\/\\\/www.efk.admin.ch\\\/fr\\\/audit\\\/transformation-numerique-efficacite-des-processus-de-core-it\\\/#breadcrumb\",\"itemListElement\":[{\"@type\":\"ListItem\",\"position\":1,\"name\":\"Home\",\"item\":\"https:\\\/\\\/www.efk.admin.ch\\\/fr\\\/\"},{\"@type\":\"ListItem\",\"position\":2,\"name\":\"Rapport\",\"item\":\"https:\\\/\\\/www.efk.admin.ch\\\/fr\\\/audit\\\/\"},{\"@type\":\"ListItem\",\"position\":3,\"name\":\"Transformation num\u00e9rique : Efficacit\u00e9 des processus de Core-IT\"}]},{\"@type\":\"WebSite\",\"@id\":\"https:\\\/\\\/www.efk.admin.ch\\\/fr\\\/#website\",\"url\":\"https:\\\/\\\/www.efk.admin.ch\\\/fr\\\/\",\"name\":\"Informationen \u00fcber das oberste Finanzaufsichtsorgan der Schweiz\",\"description\":\"Le Contr\u00f4le f\u00e9d\u00e9ral des finances (CDF) est l'organe supr\u00eame de surveillance financi\u00e8re de la Conf\u00e9d\u00e9ration suisse.\",\"publisher\":{\"@id\":\"https:\\\/\\\/www.efk.admin.ch\\\/fr\\\/#organization\"},\"alternateName\":\"EFK\",\"potentialAction\":[{\"@type\":\"SearchAction\",\"target\":{\"@type\":\"EntryPoint\",\"urlTemplate\":\"https:\\\/\\\/www.efk.admin.ch\\\/fr\\\/?s={search_term_string}\"},\"query-input\":{\"@type\":\"PropertyValueSpecification\",\"valueRequired\":true,\"valueName\":\"search_term_string\"}}],\"inLanguage\":\"fr-FR\"},{\"@type\":\"Organization\",\"@id\":\"https:\\\/\\\/www.efk.admin.ch\\\/fr\\\/#organization\",\"name\":\"Contr\u00f4le f\u00e9d\u00e9ral des finances (CDF)\",\"alternateName\":\"EFK\",\"url\":\"https:\\\/\\\/www.efk.admin.ch\\\/fr\\\/\",\"logo\":{\"@type\":\"ImageObject\",\"inLanguage\":\"fr-FR\",\"@id\":\"https:\\\/\\\/www.efk.admin.ch\\\/fr\\\/#\\\/schema\\\/logo\\\/image\\\/\",\"url\":\"https:\\\/\\\/www.efk.admin.ch\\\/wp-content\\\/uploads\\\/efk_cdf_logo_ohne_claim.png\",\"contentUrl\":\"https:\\\/\\\/www.efk.admin.ch\\\/wp-content\\\/uploads\\\/efk_cdf_logo_ohne_claim.png\",\"width\":268,\"height\":258,\"caption\":\"Contr\u00f4le f\u00e9d\u00e9ral des finances (CDF)\"},\"image\":{\"@id\":\"https:\\\/\\\/www.efk.admin.ch\\\/fr\\\/#\\\/schema\\\/logo\\\/image\\\/\"},\"sameAs\":[\"https:\\\/\\\/www.instagram.com\\\/efk_cdf_sfao\\\/\",\"https:\\\/\\\/www.youtube.com\\\/channel\\\/UCm-bXj227VE5sJzhB-ihdvw\\\/featured\",\"https:\\\/\\\/www.linkedin.com\\\/company\\\/11081578\\\/\"]}]}<\/script>\n<!-- \/ Yoast SEO Premium plugin. -->","yoast_head_json":{"title":"Transformation num\u00e9rique : Efficacit\u00e9 des processus de Core-IT - Contr\u00f4le f\u00e9d\u00e9ral des finances (CDF)","description":"Transformation num\u00e9rique : Efficacit\u00e9 des processus de Core-IT","robots":{"index":"index","follow":"follow","max-snippet":"max-snippet:-1","max-image-preview":"max-image-preview:large","max-video-preview":"max-video-preview:-1"},"canonical":"https:\/\/www.efk.admin.ch\/fr\/audit\/transformation-numerique-efficacite-des-processus-de-core-it\/","og_locale":"fr_FR","og_type":"article","og_title":"Transformation num\u00e9rique : Efficacit\u00e9 des processus de Core-IT","og_description":"Transformation num\u00e9rique : Efficacit\u00e9 des processus de Core-IT","og_url":"https:\/\/www.efk.admin.ch\/fr\/audit\/transformation-numerique-efficacite-des-processus-de-core-it\/","og_site_name":"Contr\u00f4le f\u00e9d\u00e9ral des finances (CDF)","article_modified_time":"2025-04-01T06:57:25+00:00","og_image":[{"width":750,"height":500,"url":"https:\/\/www.efk.admin.ch\/wp-content\/uploads\/test\/palais.jpg","type":"image\/jpeg"}],"twitter_card":"summary_large_image","twitter_misc":{"Dur\u00e9e de lecture estim\u00e9e":"1 minute"},"schema":{"@context":"https:\/\/schema.org","@graph":[{"@type":"WebPage","@id":"https:\/\/www.efk.admin.ch\/fr\/audit\/transformation-numerique-efficacite-des-processus-de-core-it\/","url":"https:\/\/www.efk.admin.ch\/fr\/audit\/transformation-numerique-efficacite-des-processus-de-core-it\/","name":"Transformation num\u00e9rique : Efficacit\u00e9 des processus de Core-IT - Contr\u00f4le f\u00e9d\u00e9ral des finances (CDF)","isPartOf":{"@id":"https:\/\/www.efk.admin.ch\/fr\/#website"},"datePublished":"2024-01-17T15:38:02+00:00","dateModified":"2025-04-01T06:57:25+00:00","description":"Transformation num\u00e9rique : Efficacit\u00e9 des processus de Core-IT","breadcrumb":{"@id":"https:\/\/www.efk.admin.ch\/fr\/audit\/transformation-numerique-efficacite-des-processus-de-core-it\/#breadcrumb"},"inLanguage":"fr-FR","potentialAction":[{"@type":"ReadAction","target":["https:\/\/www.efk.admin.ch\/fr\/audit\/transformation-numerique-efficacite-des-processus-de-core-it\/"]}]},{"@type":"BreadcrumbList","@id":"https:\/\/www.efk.admin.ch\/fr\/audit\/transformation-numerique-efficacite-des-processus-de-core-it\/#breadcrumb","itemListElement":[{"@type":"ListItem","position":1,"name":"Home","item":"https:\/\/www.efk.admin.ch\/fr\/"},{"@type":"ListItem","position":2,"name":"Rapport","item":"https:\/\/www.efk.admin.ch\/fr\/audit\/"},{"@type":"ListItem","position":3,"name":"Transformation num\u00e9rique : Efficacit\u00e9 des processus de Core-IT"}]},{"@type":"WebSite","@id":"https:\/\/www.efk.admin.ch\/fr\/#website","url":"https:\/\/www.efk.admin.ch\/fr\/","name":"Informationen \u00fcber das oberste Finanzaufsichtsorgan der Schweiz","description":"Le Contr\u00f4le f\u00e9d\u00e9ral des finances (CDF) est l'organe supr\u00eame de surveillance financi\u00e8re de la Conf\u00e9d\u00e9ration suisse.","publisher":{"@id":"https:\/\/www.efk.admin.ch\/fr\/#organization"},"alternateName":"EFK","potentialAction":[{"@type":"SearchAction","target":{"@type":"EntryPoint","urlTemplate":"https:\/\/www.efk.admin.ch\/fr\/?s={search_term_string}"},"query-input":{"@type":"PropertyValueSpecification","valueRequired":true,"valueName":"search_term_string"}}],"inLanguage":"fr-FR"},{"@type":"Organization","@id":"https:\/\/www.efk.admin.ch\/fr\/#organization","name":"Contr\u00f4le f\u00e9d\u00e9ral des finances (CDF)","alternateName":"EFK","url":"https:\/\/www.efk.admin.ch\/fr\/","logo":{"@type":"ImageObject","inLanguage":"fr-FR","@id":"https:\/\/www.efk.admin.ch\/fr\/#\/schema\/logo\/image\/","url":"https:\/\/www.efk.admin.ch\/wp-content\/uploads\/efk_cdf_logo_ohne_claim.png","contentUrl":"https:\/\/www.efk.admin.ch\/wp-content\/uploads\/efk_cdf_logo_ohne_claim.png","width":268,"height":258,"caption":"Contr\u00f4le f\u00e9d\u00e9ral des finances (CDF)"},"image":{"@id":"https:\/\/www.efk.admin.ch\/fr\/#\/schema\/logo\/image\/"},"sameAs":["https:\/\/www.instagram.com\/efk_cdf_sfao\/","https:\/\/www.youtube.com\/channel\/UCm-bXj227VE5sJzhB-ihdvw\/featured","https:\/\/www.linkedin.com\/company\/11081578\/"]}]}},"_links":{"self":[{"href":"https:\/\/www.efk.admin.ch\/fr\/wp-json\/wp\/v2\/audit\/6312","targetHints":{"allow":["GET"]}}],"collection":[{"href":"https:\/\/www.efk.admin.ch\/fr\/wp-json\/wp\/v2\/audit"}],"about":[{"href":"https:\/\/www.efk.admin.ch\/fr\/wp-json\/wp\/v2\/types\/audit"}],"acf:post":[{"embeddable":true,"href":"https:\/\/www.efk.admin.ch\/fr\/wp-json\/wp\/v2\/office\/7939"}],"wp:attachment":[{"href":"https:\/\/www.efk.admin.ch\/fr\/wp-json\/wp\/v2\/media?parent=6312"}],"wp:term":[{"taxonomy":"audit_category","embeddable":true,"href":"https:\/\/www.efk.admin.ch\/fr\/wp-json\/wp\/v2\/audit_category?post=6312"},{"taxonomy":"audit_type","embeddable":true,"href":"https:\/\/www.efk.admin.ch\/fr\/wp-json\/wp\/v2\/audit_type?post=6312"}],"curies":[{"name":"wp","href":"https:\/\/api.w.org\/{rel}","templated":true}]}}

Transformation numérique : Efficacité des processus de Core-IT

<p>L’Administration fédérale des contributions (AFC) souhaite numériser ses processus au cours des cinq prochaines années et faire du canal en ligne la norme, ce qui devrait améliorer le service à la clientèle et l’efficacité. Pour mettre en œuvre son initiative de transformation numérique, l’AFC a demandé et obtenu du Parlement 31,2 millions de francs supplémentaires pour la période 2023–2027. Le budget informatique s’élève ainsi à 52,9 millions de francs pour l’année 2023. En 2021, l’AFC a perçu des impôts fédéraux pour un montant total de 56,5 milliards de francs.</p>

processus, numériser, canal en ligne, améliorer le service à la clientèle, l’efficacité, nitiative de transformation numérique, budget informatique, impôts fédéraux

<!-- This site is optimized with the Yoast SEO Premium plugin v27.4 (Yoast SEO v27.4) - https://yoast.com/product/yoast-seo-premium-wordpress/ -->
<title>Transformation numérique : Efficacité des processus de Core-IT - Contrôle fédéral des finances (CDF)</title>
<meta name="description" content="Transformation numérique : Efficacité des processus de Core-IT" />
<meta name="robots" content="index, follow, max-snippet:-1, max-image-preview:large, max-video-preview:-1" />
<link rel="canonical" href="https://www.efk.admin.ch/fr/audit/transformation-numerique-efficacite-des-processus-de-core-it/" />
<meta property="og:locale" content="fr_FR" />
<meta property="og:type" content="article" />
<meta property="og:title" content="Transformation numérique : Efficacité des processus de Core-IT" />
<meta property="og:description" content="Transformation numérique : Efficacité des processus de Core-IT" />
<meta property="og:url" content="https://www.efk.admin.ch/fr/audit/transformation-numerique-efficacite-des-processus-de-core-it/" />
<meta property="og:site_name" content="Contrôle fédéral des finances (CDF)" />
<meta property="article:modified_time" content="2025-04-01T06:57:25+00:00" />
<meta property="og:image" content="https://www.efk.admin.ch/wp-content/uploads/test/palais.jpg" />
	<meta property="og:image:width" content="750" />
	<meta property="og:image:height" content="500" />
	<meta property="og:image:type" content="image/jpeg" />
<meta name="twitter:card" content="summary_large_image" />
<meta name="twitter:label1" content="Durée de lecture estimée" />
	<meta name="twitter:data1" content="1 minute" />
<script type="application/ld+json" class="yoast-schema-graph">{"@context":"https:\/\/schema.org","@graph":[{"@type":"WebPage","@id":"https:\/\/www.efk.admin.ch\/fr\/audit\/transformation-numerique-efficacite-des-processus-de-core-it\/","url":"https:\/\/www.efk.admin.ch\/fr\/audit\/transformation-numerique-efficacite-des-processus-de-core-it\/","name":"Transformation numérique : Efficacité des processus de Core-IT - Contrôle fédéral des finances (CDF)","isPartOf":{"@id":"https:\/\/www.efk.admin.ch\/fr\/#website"},"datePublished":"2024-01-17T15:38:02+00:00","dateModified":"2025-04-01T06:57:25+00:00","description":"Transformation numérique : Efficacité des processus de Core-IT","breadcrumb":{"@id":"https:\/\/www.efk.admin.ch\/fr\/audit\/transformation-numerique-efficacite-des-processus-de-core-it\/#breadcrumb"},"inLanguage":"fr-FR","potentialAction":[{"@type":"ReadAction","target":["https:\/\/www.efk.admin.ch\/fr\/audit\/transformation-numerique-efficacite-des-processus-de-core-it\/"]}]},{"@type":"BreadcrumbList","@id":"https:\/\/www.efk.admin.ch\/fr\/audit\/transformation-numerique-efficacite-des-processus-de-core-it\/#breadcrumb","itemListElement":[{"@type":"ListItem","position":1,"name":"Home","item":"https:\/\/www.efk.admin.ch\/fr\/"},{"@type":"ListItem","position":2,"name":"Rapport","item":"https:\/\/www.efk.admin.ch\/fr\/audit\/"},{"@type":"ListItem","position":3,"name":"Transformation numérique : Efficacité des processus de Core-IT"}]},{"@type":"WebSite","@id":"https:\/\/www.efk.admin.ch\/fr\/#website","url":"https:\/\/www.efk.admin.ch\/fr\/","name":"Informationen über das oberste Finanzaufsichtsorgan der Schweiz","description":"Le Contrôle fédéral des finances (CDF) est l'organe suprême de surveillance financière de la Confédération suisse.","publisher":{"@id":"https:\/\/www.efk.admin.ch\/fr\/#organization"},"alternateName":"EFK","potentialAction":[{"@type":"SearchAction","target":{"@type":"EntryPoint","urlTemplate":"https:\/\/www.efk.admin.ch\/fr\/?s={search_term_string}"},"query-input":{"@type":"PropertyValueSpecification","valueRequired":true,"valueName":"search_term_string"}}],"inLanguage":"fr-FR"},{"@type":"Organization","@id":"https:\/\/www.efk.admin.ch\/fr\/#organization","name":"Contrôle fédéral des finances (CDF)","alternateName":"EFK","url":"https:\/\/www.efk.admin.ch\/fr\/","logo":{"@type":"ImageObject","inLanguage":"fr-FR","@id":"https:\/\/www.efk.admin.ch\/fr\/#\/schema\/logo\/image\/","url":"https:\/\/www.efk.admin.ch\/wp-content\/uploads\/efk_cdf_logo_ohne_claim.png","contentUrl":"https:\/\/www.efk.admin.ch\/wp-content\/uploads\/efk_cdf_logo_ohne_claim.png","width":268,"height":258,"caption":"Contrôle fédéral des finances (CDF)"},"image":{"@id":"https:\/\/www.efk.admin.ch\/fr\/#\/schema\/logo\/image\/"},"sameAs":["https:\/\/www.instagram.com\/efk_cdf_sfao\/","https:\/\/www.youtube.com\/channel\/UCm-bXj227VE5sJzhB-ihdvw\/featured","https:\/\/www.linkedin.com\/company\/11081578\/"]}]}</script>
<!-- / Yoast SEO Premium plugin. -->

Transformation numérique : Efficacité des processus de Core-IT - Contrôle fédéral des finances (CDF)

Contrôle fédéral des finances (CDF)

Informationen über das oberste Finanzaufsichtsorgan der Schweiz

Le Contrôle fédéral des finances (CDF) est l'organe suprême de surveillance financière de la Confédération suisse.
