{"id":6157,"date":"2024-01-17T16:37:15","date_gmt":"2024-01-17T15:37:15","guid":{"rendered":"https:\/\/preview.efk.admin.ch\/prufung\/institutions-de-libre-passage-de-la-prevoyance-professionnelle-avantages-et-risques-pour-les-assures-et-la-confederation\/"},"modified":"2024-03-21T17:52:17","modified_gmt":"2024-03-21T16:52:17","slug":"institutions-de-libre-passage-de-la-prevoyance-professionnelle-avantages-et-risques-pour-les-assures-et-la-confederation","status":"publish","type":"audit","link":"https:\/\/www.efk.admin.ch\/fr\/audit\/institutions-de-libre-passage-de-la-prevoyance-professionnelle-avantages-et-risques-pour-les-assures-et-la-confederation\/","title":{"rendered":"Institutions de libre passage de la pr\u00e9voyance professionnelle : avantages et risques pour les assur\u00e9s et la Conf\u00e9d\u00e9ration"},"content":{"rendered":"\n<p>Les avoirs de libre passage totalisent pr\u00e8s de 50 milliards de francs, soit 7 % de l\u2019ensemble des avoirs de la pr\u00e9voyance professionnelle. Actuellement, ces avoirs sont g\u00e9r\u00e9s par 65 institutions de libre passage sur quelque deux millions de comptes et polices de libre passage. Le Contr\u00f4le f\u00e9d\u00e9ral des finances (CDF) a examin\u00e9 dans quelle mesure ces institutions garantissent le maintien de la pr\u00e9voyance ainsi que l\u2019ampleur des risques financiers pour les titulaires des avoirs en question et pour la Conf\u00e9d\u00e9ration. \u00c0 cette fin, il a men\u00e9 un sondage repr\u00e9sentatif afin de conna\u00eetre \u00e9galement l\u2019avis des titulaires des avoirs de libre passage.<\/p>\n","protected":false},"featured_media":0,"menu_order":0,"template":"","audit_category":[35],"audit_type":[100],"class_list":["post-6157","audit","type-audit","status-publish","hentry","audit_category-assurances-sociales-et-prevoyance-vieillesse","audit_type-evaluation"],"acf":{"audit_lang":[{"lang":"d"}],"audit_numbers":[{"audit_number":"14471"}],"audit_office":null,"audit_office_text":"","audit_date":"20160525","bgo":false,"keywords":"Les avoirs de libre passage, avoirs de la pr\u00e9voyance,  institutions de libre passage,  le maintien de la pr\u00e9voyance, risques financiers, les titulaires, sondage repr\u00e9sentatif","audit_office_local":""},"yoast_head":"<!-- This site is optimized with the Yoast SEO Premium plugin v27.4 (Yoast SEO v27.4) - https:\/\/yoast.com\/product\/yoast-seo-premium-wordpress\/ -->\n<title>Institutions de libre passage de la pr\u00e9voyance professionnelle : avantages et risques pour les assur\u00e9s et la Conf\u00e9d\u00e9ration - Contr\u00f4le f\u00e9d\u00e9ral des finances (CDF)<\/title>\n<meta name=\"description\" content=\"Institutions de libre passage de la pr\u00e9voyance professionnelle : avantages et risques pour les assur\u00e9s et la Conf\u00e9d\u00e9ration\" \/>\n<meta name=\"robots\" content=\"index, follow, max-snippet:-1, max-image-preview:large, max-video-preview:-1\" \/>\n<link rel=\"canonical\" href=\"https:\/\/www.efk.admin.ch\/fr\/audit\/institutions-de-libre-passage-de-la-prevoyance-professionnelle-avantages-et-risques-pour-les-assures-et-la-confederation\/\" \/>\n<meta property=\"og:locale\" content=\"fr_FR\" \/>\n<meta property=\"og:type\" content=\"article\" \/>\n<meta property=\"og:title\" content=\"Institutions de libre passage de la pr\u00e9voyance professionnelle : avantages et risques pour les assur\u00e9s et la Conf\u00e9d\u00e9ration\" \/>\n<meta property=\"og:description\" content=\"Institutions de libre passage de la pr\u00e9voyance professionnelle : avantages et risques pour les assur\u00e9s et la Conf\u00e9d\u00e9ration\" \/>\n<meta property=\"og:url\" content=\"https:\/\/www.efk.admin.ch\/fr\/audit\/institutions-de-libre-passage-de-la-prevoyance-professionnelle-avantages-et-risques-pour-les-assures-et-la-confederation\/\" \/>\n<meta property=\"og:site_name\" content=\"Contr\u00f4le f\u00e9d\u00e9ral des finances (CDF)\" \/>\n<meta property=\"article:modified_time\" content=\"2024-03-21T16:52:17+00:00\" \/>\n<meta property=\"og:image\" content=\"https:\/\/www.efk.admin.ch\/wp-content\/uploads\/test\/palais.jpg\" \/>\n\t<meta property=\"og:image:width\" content=\"750\" \/>\n\t<meta property=\"og:image:height\" content=\"500\" \/>\n\t<meta property=\"og:image:type\" content=\"image\/jpeg\" \/>\n<meta name=\"twitter:card\" content=\"summary_large_image\" \/>\n<meta name=\"twitter:label1\" content=\"Dur\u00e9e de lecture estim\u00e9e\" \/>\n\t<meta name=\"twitter:data1\" content=\"1 minute\" \/>\n<script type=\"application\/ld+json\" class=\"yoast-schema-graph\">{\"@context\":\"https:\\\/\\\/schema.org\",\"@graph\":[{\"@type\":\"WebPage\",\"@id\":\"https:\\\/\\\/www.efk.admin.ch\\\/fr\\\/audit\\\/institutions-de-libre-passage-de-la-prevoyance-professionnelle-avantages-et-risques-pour-les-assures-et-la-confederation\\\/\",\"url\":\"https:\\\/\\\/www.efk.admin.ch\\\/fr\\\/audit\\\/institutions-de-libre-passage-de-la-prevoyance-professionnelle-avantages-et-risques-pour-les-assures-et-la-confederation\\\/\",\"name\":\"Institutions de libre passage de la pr\u00e9voyance professionnelle : avantages et risques pour les assur\u00e9s et la Conf\u00e9d\u00e9ration - Contr\u00f4le f\u00e9d\u00e9ral des finances (CDF)\",\"isPartOf\":{\"@id\":\"https:\\\/\\\/www.efk.admin.ch\\\/fr\\\/#website\"},\"datePublished\":\"2024-01-17T15:37:15+00:00\",\"dateModified\":\"2024-03-21T16:52:17+00:00\",\"description\":\"Institutions de libre passage de la pr\u00e9voyance professionnelle : avantages et risques pour les assur\u00e9s et la Conf\u00e9d\u00e9ration\",\"breadcrumb\":{\"@id\":\"https:\\\/\\\/www.efk.admin.ch\\\/fr\\\/audit\\\/institutions-de-libre-passage-de-la-prevoyance-professionnelle-avantages-et-risques-pour-les-assures-et-la-confederation\\\/#breadcrumb\"},\"inLanguage\":\"fr-FR\",\"potentialAction\":[{\"@type\":\"ReadAction\",\"target\":[\"https:\\\/\\\/www.efk.admin.ch\\\/fr\\\/audit\\\/institutions-de-libre-passage-de-la-prevoyance-professionnelle-avantages-et-risques-pour-les-assures-et-la-confederation\\\/\"]}]},{\"@type\":\"BreadcrumbList\",\"@id\":\"https:\\\/\\\/www.efk.admin.ch\\\/fr\\\/audit\\\/institutions-de-libre-passage-de-la-prevoyance-professionnelle-avantages-et-risques-pour-les-assures-et-la-confederation\\\/#breadcrumb\",\"itemListElement\":[{\"@type\":\"ListItem\",\"position\":1,\"name\":\"Home\",\"item\":\"https:\\\/\\\/www.efk.admin.ch\\\/fr\\\/\"},{\"@type\":\"ListItem\",\"position\":2,\"name\":\"Rapport\",\"item\":\"https:\\\/\\\/www.efk.admin.ch\\\/fr\\\/audit\\\/\"},{\"@type\":\"ListItem\",\"position\":3,\"name\":\"Institutions de libre passage de la pr\u00e9voyance professionnelle : avantages et risques pour les assur\u00e9s et la Conf\u00e9d\u00e9ration\"}]},{\"@type\":\"WebSite\",\"@id\":\"https:\\\/\\\/www.efk.admin.ch\\\/fr\\\/#website\",\"url\":\"https:\\\/\\\/www.efk.admin.ch\\\/fr\\\/\",\"name\":\"Informationen \u00fcber das oberste Finanzaufsichtsorgan der Schweiz\",\"description\":\"Le Contr\u00f4le f\u00e9d\u00e9ral des finances (CDF) est l'organe supr\u00eame de surveillance financi\u00e8re de la Conf\u00e9d\u00e9ration suisse.\",\"publisher\":{\"@id\":\"https:\\\/\\\/www.efk.admin.ch\\\/fr\\\/#organization\"},\"alternateName\":\"EFK\",\"potentialAction\":[{\"@type\":\"SearchAction\",\"target\":{\"@type\":\"EntryPoint\",\"urlTemplate\":\"https:\\\/\\\/www.efk.admin.ch\\\/fr\\\/?s={search_term_string}\"},\"query-input\":{\"@type\":\"PropertyValueSpecification\",\"valueRequired\":true,\"valueName\":\"search_term_string\"}}],\"inLanguage\":\"fr-FR\"},{\"@type\":\"Organization\",\"@id\":\"https:\\\/\\\/www.efk.admin.ch\\\/fr\\\/#organization\",\"name\":\"Contr\u00f4le f\u00e9d\u00e9ral des finances (CDF)\",\"alternateName\":\"EFK\",\"url\":\"https:\\\/\\\/www.efk.admin.ch\\\/fr\\\/\",\"logo\":{\"@type\":\"ImageObject\",\"inLanguage\":\"fr-FR\",\"@id\":\"https:\\\/\\\/www.efk.admin.ch\\\/fr\\\/#\\\/schema\\\/logo\\\/image\\\/\",\"url\":\"https:\\\/\\\/www.efk.admin.ch\\\/wp-content\\\/uploads\\\/efk_cdf_logo_ohne_claim.png\",\"contentUrl\":\"https:\\\/\\\/www.efk.admin.ch\\\/wp-content\\\/uploads\\\/efk_cdf_logo_ohne_claim.png\",\"width\":268,\"height\":258,\"caption\":\"Contr\u00f4le f\u00e9d\u00e9ral des finances (CDF)\"},\"image\":{\"@id\":\"https:\\\/\\\/www.efk.admin.ch\\\/fr\\\/#\\\/schema\\\/logo\\\/image\\\/\"},\"sameAs\":[\"https:\\\/\\\/www.instagram.com\\\/efk_cdf_sfao\\\/\",\"https:\\\/\\\/www.youtube.com\\\/channel\\\/UCm-bXj227VE5sJzhB-ihdvw\\\/featured\",\"https:\\\/\\\/www.linkedin.com\\\/company\\\/11081578\\\/\"]}]}<\/script>\n<!-- \/ Yoast SEO Premium plugin. -->","yoast_head_json":{"title":"Institutions de libre passage de la pr\u00e9voyance professionnelle : avantages et risques pour les assur\u00e9s et la Conf\u00e9d\u00e9ration - Contr\u00f4le f\u00e9d\u00e9ral des finances (CDF)","description":"Institutions de libre passage de la pr\u00e9voyance professionnelle : avantages et risques pour les assur\u00e9s et la Conf\u00e9d\u00e9ration","robots":{"index":"index","follow":"follow","max-snippet":"max-snippet:-1","max-image-preview":"max-image-preview:large","max-video-preview":"max-video-preview:-1"},"canonical":"https:\/\/www.efk.admin.ch\/fr\/audit\/institutions-de-libre-passage-de-la-prevoyance-professionnelle-avantages-et-risques-pour-les-assures-et-la-confederation\/","og_locale":"fr_FR","og_type":"article","og_title":"Institutions de libre passage de la pr\u00e9voyance professionnelle : avantages et risques pour les assur\u00e9s et la Conf\u00e9d\u00e9ration","og_description":"Institutions de libre passage de la pr\u00e9voyance professionnelle : avantages et risques pour les assur\u00e9s et la Conf\u00e9d\u00e9ration","og_url":"https:\/\/www.efk.admin.ch\/fr\/audit\/institutions-de-libre-passage-de-la-prevoyance-professionnelle-avantages-et-risques-pour-les-assures-et-la-confederation\/","og_site_name":"Contr\u00f4le f\u00e9d\u00e9ral des finances (CDF)","article_modified_time":"2024-03-21T16:52:17+00:00","og_image":[{"width":750,"height":500,"url":"https:\/\/www.efk.admin.ch\/wp-content\/uploads\/test\/palais.jpg","type":"image\/jpeg"}],"twitter_card":"summary_large_image","twitter_misc":{"Dur\u00e9e de lecture estim\u00e9e":"1 minute"},"schema":{"@context":"https:\/\/schema.org","@graph":[{"@type":"WebPage","@id":"https:\/\/www.efk.admin.ch\/fr\/audit\/institutions-de-libre-passage-de-la-prevoyance-professionnelle-avantages-et-risques-pour-les-assures-et-la-confederation\/","url":"https:\/\/www.efk.admin.ch\/fr\/audit\/institutions-de-libre-passage-de-la-prevoyance-professionnelle-avantages-et-risques-pour-les-assures-et-la-confederation\/","name":"Institutions de libre passage de la pr\u00e9voyance professionnelle : avantages et risques pour les assur\u00e9s et la Conf\u00e9d\u00e9ration - Contr\u00f4le f\u00e9d\u00e9ral des finances (CDF)","isPartOf":{"@id":"https:\/\/www.efk.admin.ch\/fr\/#website"},"datePublished":"2024-01-17T15:37:15+00:00","dateModified":"2024-03-21T16:52:17+00:00","description":"Institutions de libre passage de la pr\u00e9voyance professionnelle : avantages et risques pour les assur\u00e9s et la Conf\u00e9d\u00e9ration","breadcrumb":{"@id":"https:\/\/www.efk.admin.ch\/fr\/audit\/institutions-de-libre-passage-de-la-prevoyance-professionnelle-avantages-et-risques-pour-les-assures-et-la-confederation\/#breadcrumb"},"inLanguage":"fr-FR","potentialAction":[{"@type":"ReadAction","target":["https:\/\/www.efk.admin.ch\/fr\/audit\/institutions-de-libre-passage-de-la-prevoyance-professionnelle-avantages-et-risques-pour-les-assures-et-la-confederation\/"]}]},{"@type":"BreadcrumbList","@id":"https:\/\/www.efk.admin.ch\/fr\/audit\/institutions-de-libre-passage-de-la-prevoyance-professionnelle-avantages-et-risques-pour-les-assures-et-la-confederation\/#breadcrumb","itemListElement":[{"@type":"ListItem","position":1,"name":"Home","item":"https:\/\/www.efk.admin.ch\/fr\/"},{"@type":"ListItem","position":2,"name":"Rapport","item":"https:\/\/www.efk.admin.ch\/fr\/audit\/"},{"@type":"ListItem","position":3,"name":"Institutions de libre passage de la pr\u00e9voyance professionnelle : avantages et risques pour les assur\u00e9s et la Conf\u00e9d\u00e9ration"}]},{"@type":"WebSite","@id":"https:\/\/www.efk.admin.ch\/fr\/#website","url":"https:\/\/www.efk.admin.ch\/fr\/","name":"Informationen \u00fcber das oberste Finanzaufsichtsorgan der Schweiz","description":"Le Contr\u00f4le f\u00e9d\u00e9ral des finances (CDF) est l'organe supr\u00eame de surveillance financi\u00e8re de la Conf\u00e9d\u00e9ration suisse.","publisher":{"@id":"https:\/\/www.efk.admin.ch\/fr\/#organization"},"alternateName":"EFK","potentialAction":[{"@type":"SearchAction","target":{"@type":"EntryPoint","urlTemplate":"https:\/\/www.efk.admin.ch\/fr\/?s={search_term_string}"},"query-input":{"@type":"PropertyValueSpecification","valueRequired":true,"valueName":"search_term_string"}}],"inLanguage":"fr-FR"},{"@type":"Organization","@id":"https:\/\/www.efk.admin.ch\/fr\/#organization","name":"Contr\u00f4le f\u00e9d\u00e9ral des finances (CDF)","alternateName":"EFK","url":"https:\/\/www.efk.admin.ch\/fr\/","logo":{"@type":"ImageObject","inLanguage":"fr-FR","@id":"https:\/\/www.efk.admin.ch\/fr\/#\/schema\/logo\/image\/","url":"https:\/\/www.efk.admin.ch\/wp-content\/uploads\/efk_cdf_logo_ohne_claim.png","contentUrl":"https:\/\/www.efk.admin.ch\/wp-content\/uploads\/efk_cdf_logo_ohne_claim.png","width":268,"height":258,"caption":"Contr\u00f4le f\u00e9d\u00e9ral des finances (CDF)"},"image":{"@id":"https:\/\/www.efk.admin.ch\/fr\/#\/schema\/logo\/image\/"},"sameAs":["https:\/\/www.instagram.com\/efk_cdf_sfao\/","https:\/\/www.youtube.com\/channel\/UCm-bXj227VE5sJzhB-ihdvw\/featured","https:\/\/www.linkedin.com\/company\/11081578\/"]}]}},"_links":{"self":[{"href":"https:\/\/www.efk.admin.ch\/fr\/wp-json\/wp\/v2\/audit\/6157","targetHints":{"allow":["GET"]}}],"collection":[{"href":"https:\/\/www.efk.admin.ch\/fr\/wp-json\/wp\/v2\/audit"}],"about":[{"href":"https:\/\/www.efk.admin.ch\/fr\/wp-json\/wp\/v2\/types\/audit"}],"wp:attachment":[{"href":"https:\/\/www.efk.admin.ch\/fr\/wp-json\/wp\/v2\/media?parent=6157"}],"wp:term":[{"taxonomy":"audit_category","embeddable":true,"href":"https:\/\/www.efk.admin.ch\/fr\/wp-json\/wp\/v2\/audit_category?post=6157"},{"taxonomy":"audit_type","embeddable":true,"href":"https:\/\/www.efk.admin.ch\/fr\/wp-json\/wp\/v2\/audit_type?post=6157"}],"curies":[{"name":"wp","href":"https:\/\/api.w.org\/{rel}","templated":true}]}}

Institutions de libre passage de la prévoyance professionnelle : avantages et risques pour les assurés et la Confédération

<p>Les avoirs de libre passage totalisent près de 50 milliards de francs, soit 7 % de l’ensemble des avoirs de la prévoyance professionnelle. Actuellement, ces avoirs sont gérés par 65 institutions de libre passage sur quelque deux millions de comptes et polices de libre passage. Le Contrôle fédéral des finances (CDF) a examiné dans quelle mesure ces institutions garantissent le maintien de la prévoyance ainsi que l’ampleur des risques financiers pour les titulaires des avoirs en question et pour la Confédération. À cette fin, il a mené un sondage représentatif afin de connaître également l’avis des titulaires des avoirs de libre passage.</p>

Les avoirs de libre passage, avoirs de la prévoyance,  institutions de libre passage,  le maintien de la prévoyance, risques financiers, les titulaires, sondage représentatif

<!-- This site is optimized with the Yoast SEO Premium plugin v27.4 (Yoast SEO v27.4) - https://yoast.com/product/yoast-seo-premium-wordpress/ -->
<title>Institutions de libre passage de la prévoyance professionnelle : avantages et risques pour les assurés et la Confédération - Contrôle fédéral des finances (CDF)</title>
<meta name="description" content="Institutions de libre passage de la prévoyance professionnelle : avantages et risques pour les assurés et la Confédération" />
<meta name="robots" content="index, follow, max-snippet:-1, max-image-preview:large, max-video-preview:-1" />
<link rel="canonical" href="https://www.efk.admin.ch/fr/audit/institutions-de-libre-passage-de-la-prevoyance-professionnelle-avantages-et-risques-pour-les-assures-et-la-confederation/" />
<meta property="og:locale" content="fr_FR" />
<meta property="og:type" content="article" />
<meta property="og:title" content="Institutions de libre passage de la prévoyance professionnelle : avantages et risques pour les assurés et la Confédération" />
<meta property="og:description" content="Institutions de libre passage de la prévoyance professionnelle : avantages et risques pour les assurés et la Confédération" />
<meta property="og:url" content="https://www.efk.admin.ch/fr/audit/institutions-de-libre-passage-de-la-prevoyance-professionnelle-avantages-et-risques-pour-les-assures-et-la-confederation/" />
<meta property="og:site_name" content="Contrôle fédéral des finances (CDF)" />
<meta property="article:modified_time" content="2024-03-21T16:52:17+00:00" />
<meta property="og:image" content="https://www.efk.admin.ch/wp-content/uploads/test/palais.jpg" />
	<meta property="og:image:width" content="750" />
	<meta property="og:image:height" content="500" />
	<meta property="og:image:type" content="image/jpeg" />
<meta name="twitter:card" content="summary_large_image" />
<meta name="twitter:label1" content="Durée de lecture estimée" />
	<meta name="twitter:data1" content="1 minute" />
<script type="application/ld+json" class="yoast-schema-graph">{"@context":"https:\/\/schema.org","@graph":[{"@type":"WebPage","@id":"https:\/\/www.efk.admin.ch\/fr\/audit\/institutions-de-libre-passage-de-la-prevoyance-professionnelle-avantages-et-risques-pour-les-assures-et-la-confederation\/","url":"https:\/\/www.efk.admin.ch\/fr\/audit\/institutions-de-libre-passage-de-la-prevoyance-professionnelle-avantages-et-risques-pour-les-assures-et-la-confederation\/","name":"Institutions de libre passage de la prévoyance professionnelle : avantages et risques pour les assurés et la Confédération - Contrôle fédéral des finances (CDF)","isPartOf":{"@id":"https:\/\/www.efk.admin.ch\/fr\/#website"},"datePublished":"2024-01-17T15:37:15+00:00","dateModified":"2024-03-21T16:52:17+00:00","description":"Institutions de libre passage de la prévoyance professionnelle : avantages et risques pour les assurés et la Confédération","breadcrumb":{"@id":"https:\/\/www.efk.admin.ch\/fr\/audit\/institutions-de-libre-passage-de-la-prevoyance-professionnelle-avantages-et-risques-pour-les-assures-et-la-confederation\/#breadcrumb"},"inLanguage":"fr-FR","potentialAction":[{"@type":"ReadAction","target":["https:\/\/www.efk.admin.ch\/fr\/audit\/institutions-de-libre-passage-de-la-prevoyance-professionnelle-avantages-et-risques-pour-les-assures-et-la-confederation\/"]}]},{"@type":"BreadcrumbList","@id":"https:\/\/www.efk.admin.ch\/fr\/audit\/institutions-de-libre-passage-de-la-prevoyance-professionnelle-avantages-et-risques-pour-les-assures-et-la-confederation\/#breadcrumb","itemListElement":[{"@type":"ListItem","position":1,"name":"Home","item":"https:\/\/www.efk.admin.ch\/fr\/"},{"@type":"ListItem","position":2,"name":"Rapport","item":"https:\/\/www.efk.admin.ch\/fr\/audit\/"},{"@type":"ListItem","position":3,"name":"Institutions de libre passage de la prévoyance professionnelle : avantages et risques pour les assurés et la Confédération"}]},{"@type":"WebSite","@id":"https:\/\/www.efk.admin.ch\/fr\/#website","url":"https:\/\/www.efk.admin.ch\/fr\/","name":"Informationen über das oberste Finanzaufsichtsorgan der Schweiz","description":"Le Contrôle fédéral des finances (CDF) est l'organe suprême de surveillance financière de la Confédération suisse.","publisher":{"@id":"https:\/\/www.efk.admin.ch\/fr\/#organization"},"alternateName":"EFK","potentialAction":[{"@type":"SearchAction","target":{"@type":"EntryPoint","urlTemplate":"https:\/\/www.efk.admin.ch\/fr\/?s={search_term_string}"},"query-input":{"@type":"PropertyValueSpecification","valueRequired":true,"valueName":"search_term_string"}}],"inLanguage":"fr-FR"},{"@type":"Organization","@id":"https:\/\/www.efk.admin.ch\/fr\/#organization","name":"Contrôle fédéral des finances (CDF)","alternateName":"EFK","url":"https:\/\/www.efk.admin.ch\/fr\/","logo":{"@type":"ImageObject","inLanguage":"fr-FR","@id":"https:\/\/www.efk.admin.ch\/fr\/#\/schema\/logo\/image\/","url":"https:\/\/www.efk.admin.ch\/wp-content\/uploads\/efk_cdf_logo_ohne_claim.png","contentUrl":"https:\/\/www.efk.admin.ch\/wp-content\/uploads\/efk_cdf_logo_ohne_claim.png","width":268,"height":258,"caption":"Contrôle fédéral des finances (CDF)"},"image":{"@id":"https:\/\/www.efk.admin.ch\/fr\/#\/schema\/logo\/image\/"},"sameAs":["https:\/\/www.instagram.com\/efk_cdf_sfao\/","https:\/\/www.youtube.com\/channel\/UCm-bXj227VE5sJzhB-ihdvw\/featured","https:\/\/www.linkedin.com\/company\/11081578\/"]}]}</script>
<!-- / Yoast SEO Premium plugin. -->

Institutions de libre passage de la prévoyance professionnelle : avantages et risques pour les assurés et la Confédération - Contrôle fédéral des finances (CDF)

Contrôle fédéral des finances (CDF)

Informationen über das oberste Finanzaufsichtsorgan der Schweiz

Le Contrôle fédéral des finances (CDF) est l'organe suprême de surveillance financière de la Confédération suisse.
