{"id":6060,"date":"2024-01-17T16:36:53","date_gmt":"2024-01-17T15:36:53","guid":{"rendered":"https:\/\/preview.efk.admin.ch\/prufung\/rentabilite-et-securite-de-linformatique-apres-lexternalisation-services-du-parlement\/"},"modified":"2024-02-28T14:43:48","modified_gmt":"2024-02-28T13:43:48","slug":"rentabilite-et-securite-de-linformatique-apres-lexternalisation-services-du-parlement","status":"publish","type":"audit","link":"https:\/\/www.efk.admin.ch\/fr\/audit\/rentabilite-et-securite-de-linformatique-apres-lexternalisation-services-du-parlement\/","title":{"rendered":"Rentabilit\u00e9 et s\u00e9curit\u00e9 de l\u2019informatique apr\u00e8s l\u2019externalisation"},"content":{"rendered":"\n<p>Le Contr\u00f4le f\u00e9d\u00e9ral des finances (CDF) a v\u00e9rifi\u00e9 la rentabilit\u00e9 et la s\u00e9curit\u00e9 de l\u2019informatique au sein des Services du Parlement apr\u00e8s l\u2019externalisation des secteurs suivants: r\u00e9seau, t\u00e9l\u00e9phonie, WIFI, serveurs des messageries et des syst\u00e8mes et base de donn\u00e9es de la plateforme de collaboration. Dans le cadre de ses \u00e9valuations et de ses constatations, le CDF fait la distinction entre le secteur informatique des parlementaires et celui des Services du Parlement.<\/p>\n","protected":false},"featured_media":0,"menu_order":0,"template":"","audit_category":[79],"audit_type":[52],"class_list":["post-6060","audit","type-audit","status-publish","hentry","audit_category-projets-informatiques","audit_type-audit-fr"],"acf":{"audit_lang":[{"lang":"d"}],"audit_numbers":[{"audit_number":"16591"}],"audit_office":7966,"audit_office_text":"","audit_date":"20180412","bgo":false,"keywords":"la rentabilit\u00e9, s\u00e9curit\u00e9, l\u2019externalisation des secteurs suivants: r\u00e9seau, t\u00e9l\u00e9phonie, WIFI, serveurs des messageries syst\u00e8mes et base de donn\u00e9es, plateforme de collaboration, le secteur informatique des parlementaires, Services du Parlement","audit_office_local":""},"yoast_head":"<!-- This site is optimized with the Yoast SEO Premium plugin v27.4 (Yoast SEO v27.4) - https:\/\/yoast.com\/product\/yoast-seo-premium-wordpress\/ -->\n<title>Rentabilit\u00e9 et s\u00e9curit\u00e9 de l\u2019informatique apr\u00e8s l\u2019externalisation - Contr\u00f4le f\u00e9d\u00e9ral des finances (CDF)<\/title>\n<meta name=\"description\" content=\"Rentabilit\u00e9 et s\u00e9curit\u00e9 de l\u2019informatique apr\u00e8s l\u2019externalisation\" \/>\n<meta name=\"robots\" content=\"index, follow, max-snippet:-1, max-image-preview:large, max-video-preview:-1\" \/>\n<link rel=\"canonical\" href=\"https:\/\/www.efk.admin.ch\/fr\/audit\/rentabilite-et-securite-de-linformatique-apres-lexternalisation-services-du-parlement\/\" \/>\n<meta property=\"og:locale\" content=\"fr_FR\" \/>\n<meta property=\"og:type\" content=\"article\" \/>\n<meta property=\"og:title\" content=\"Rentabilit\u00e9 et s\u00e9curit\u00e9 de l\u2019informatique apr\u00e8s l\u2019externalisation\" \/>\n<meta property=\"og:description\" content=\"Rentabilit\u00e9 et s\u00e9curit\u00e9 de l\u2019informatique apr\u00e8s l\u2019externalisation\" \/>\n<meta property=\"og:url\" content=\"https:\/\/www.efk.admin.ch\/fr\/audit\/rentabilite-et-securite-de-linformatique-apres-lexternalisation-services-du-parlement\/\" \/>\n<meta property=\"og:site_name\" content=\"Contr\u00f4le f\u00e9d\u00e9ral des finances (CDF)\" \/>\n<meta property=\"article:modified_time\" content=\"2024-02-28T13:43:48+00:00\" \/>\n<meta property=\"og:image\" content=\"https:\/\/www.efk.admin.ch\/wp-content\/uploads\/test\/palais.jpg\" \/>\n\t<meta property=\"og:image:width\" content=\"750\" \/>\n\t<meta property=\"og:image:height\" content=\"500\" \/>\n\t<meta property=\"og:image:type\" content=\"image\/jpeg\" \/>\n<meta name=\"twitter:card\" content=\"summary_large_image\" \/>\n<script type=\"application\/ld+json\" class=\"yoast-schema-graph\">{\"@context\":\"https:\\\/\\\/schema.org\",\"@graph\":[{\"@type\":\"WebPage\",\"@id\":\"https:\\\/\\\/www.efk.admin.ch\\\/fr\\\/audit\\\/rentabilite-et-securite-de-linformatique-apres-lexternalisation-services-du-parlement\\\/\",\"url\":\"https:\\\/\\\/www.efk.admin.ch\\\/fr\\\/audit\\\/rentabilite-et-securite-de-linformatique-apres-lexternalisation-services-du-parlement\\\/\",\"name\":\"Rentabilit\u00e9 et s\u00e9curit\u00e9 de l\u2019informatique apr\u00e8s l\u2019externalisation - Contr\u00f4le f\u00e9d\u00e9ral des finances (CDF)\",\"isPartOf\":{\"@id\":\"https:\\\/\\\/www.efk.admin.ch\\\/fr\\\/#website\"},\"datePublished\":\"2024-01-17T15:36:53+00:00\",\"dateModified\":\"2024-02-28T13:43:48+00:00\",\"description\":\"Rentabilit\u00e9 et s\u00e9curit\u00e9 de l\u2019informatique apr\u00e8s l\u2019externalisation\",\"breadcrumb\":{\"@id\":\"https:\\\/\\\/www.efk.admin.ch\\\/fr\\\/audit\\\/rentabilite-et-securite-de-linformatique-apres-lexternalisation-services-du-parlement\\\/#breadcrumb\"},\"inLanguage\":\"fr-FR\",\"potentialAction\":[{\"@type\":\"ReadAction\",\"target\":[\"https:\\\/\\\/www.efk.admin.ch\\\/fr\\\/audit\\\/rentabilite-et-securite-de-linformatique-apres-lexternalisation-services-du-parlement\\\/\"]}]},{\"@type\":\"BreadcrumbList\",\"@id\":\"https:\\\/\\\/www.efk.admin.ch\\\/fr\\\/audit\\\/rentabilite-et-securite-de-linformatique-apres-lexternalisation-services-du-parlement\\\/#breadcrumb\",\"itemListElement\":[{\"@type\":\"ListItem\",\"position\":1,\"name\":\"Home\",\"item\":\"https:\\\/\\\/www.efk.admin.ch\\\/fr\\\/\"},{\"@type\":\"ListItem\",\"position\":2,\"name\":\"Rapport\",\"item\":\"https:\\\/\\\/www.efk.admin.ch\\\/fr\\\/audit\\\/\"},{\"@type\":\"ListItem\",\"position\":3,\"name\":\"Rentabilit\u00e9 et s\u00e9curit\u00e9 de l\u2019informatique apr\u00e8s l\u2019externalisation\"}]},{\"@type\":\"WebSite\",\"@id\":\"https:\\\/\\\/www.efk.admin.ch\\\/fr\\\/#website\",\"url\":\"https:\\\/\\\/www.efk.admin.ch\\\/fr\\\/\",\"name\":\"Informationen \u00fcber das oberste Finanzaufsichtsorgan der Schweiz\",\"description\":\"Le Contr\u00f4le f\u00e9d\u00e9ral des finances (CDF) est l'organe supr\u00eame de surveillance financi\u00e8re de la Conf\u00e9d\u00e9ration suisse.\",\"publisher\":{\"@id\":\"https:\\\/\\\/www.efk.admin.ch\\\/fr\\\/#organization\"},\"alternateName\":\"EFK\",\"potentialAction\":[{\"@type\":\"SearchAction\",\"target\":{\"@type\":\"EntryPoint\",\"urlTemplate\":\"https:\\\/\\\/www.efk.admin.ch\\\/fr\\\/?s={search_term_string}\"},\"query-input\":{\"@type\":\"PropertyValueSpecification\",\"valueRequired\":true,\"valueName\":\"search_term_string\"}}],\"inLanguage\":\"fr-FR\"},{\"@type\":\"Organization\",\"@id\":\"https:\\\/\\\/www.efk.admin.ch\\\/fr\\\/#organization\",\"name\":\"Contr\u00f4le f\u00e9d\u00e9ral des finances (CDF)\",\"alternateName\":\"EFK\",\"url\":\"https:\\\/\\\/www.efk.admin.ch\\\/fr\\\/\",\"logo\":{\"@type\":\"ImageObject\",\"inLanguage\":\"fr-FR\",\"@id\":\"https:\\\/\\\/www.efk.admin.ch\\\/fr\\\/#\\\/schema\\\/logo\\\/image\\\/\",\"url\":\"https:\\\/\\\/www.efk.admin.ch\\\/wp-content\\\/uploads\\\/efk_cdf_logo_ohne_claim.png\",\"contentUrl\":\"https:\\\/\\\/www.efk.admin.ch\\\/wp-content\\\/uploads\\\/efk_cdf_logo_ohne_claim.png\",\"width\":268,\"height\":258,\"caption\":\"Contr\u00f4le f\u00e9d\u00e9ral des finances (CDF)\"},\"image\":{\"@id\":\"https:\\\/\\\/www.efk.admin.ch\\\/fr\\\/#\\\/schema\\\/logo\\\/image\\\/\"},\"sameAs\":[\"https:\\\/\\\/www.instagram.com\\\/efk_cdf_sfao\\\/\",\"https:\\\/\\\/www.youtube.com\\\/channel\\\/UCm-bXj227VE5sJzhB-ihdvw\\\/featured\",\"https:\\\/\\\/www.linkedin.com\\\/company\\\/11081578\\\/\"]}]}<\/script>\n<!-- \/ Yoast SEO Premium plugin. -->","yoast_head_json":{"title":"Rentabilit\u00e9 et s\u00e9curit\u00e9 de l\u2019informatique apr\u00e8s l\u2019externalisation - Contr\u00f4le f\u00e9d\u00e9ral des finances (CDF)","description":"Rentabilit\u00e9 et s\u00e9curit\u00e9 de l\u2019informatique apr\u00e8s l\u2019externalisation","robots":{"index":"index","follow":"follow","max-snippet":"max-snippet:-1","max-image-preview":"max-image-preview:large","max-video-preview":"max-video-preview:-1"},"canonical":"https:\/\/www.efk.admin.ch\/fr\/audit\/rentabilite-et-securite-de-linformatique-apres-lexternalisation-services-du-parlement\/","og_locale":"fr_FR","og_type":"article","og_title":"Rentabilit\u00e9 et s\u00e9curit\u00e9 de l\u2019informatique apr\u00e8s l\u2019externalisation","og_description":"Rentabilit\u00e9 et s\u00e9curit\u00e9 de l\u2019informatique apr\u00e8s l\u2019externalisation","og_url":"https:\/\/www.efk.admin.ch\/fr\/audit\/rentabilite-et-securite-de-linformatique-apres-lexternalisation-services-du-parlement\/","og_site_name":"Contr\u00f4le f\u00e9d\u00e9ral des finances (CDF)","article_modified_time":"2024-02-28T13:43:48+00:00","og_image":[{"width":750,"height":500,"url":"https:\/\/www.efk.admin.ch\/wp-content\/uploads\/test\/palais.jpg","type":"image\/jpeg"}],"twitter_card":"summary_large_image","schema":{"@context":"https:\/\/schema.org","@graph":[{"@type":"WebPage","@id":"https:\/\/www.efk.admin.ch\/fr\/audit\/rentabilite-et-securite-de-linformatique-apres-lexternalisation-services-du-parlement\/","url":"https:\/\/www.efk.admin.ch\/fr\/audit\/rentabilite-et-securite-de-linformatique-apres-lexternalisation-services-du-parlement\/","name":"Rentabilit\u00e9 et s\u00e9curit\u00e9 de l\u2019informatique apr\u00e8s l\u2019externalisation - Contr\u00f4le f\u00e9d\u00e9ral des finances (CDF)","isPartOf":{"@id":"https:\/\/www.efk.admin.ch\/fr\/#website"},"datePublished":"2024-01-17T15:36:53+00:00","dateModified":"2024-02-28T13:43:48+00:00","description":"Rentabilit\u00e9 et s\u00e9curit\u00e9 de l\u2019informatique apr\u00e8s l\u2019externalisation","breadcrumb":{"@id":"https:\/\/www.efk.admin.ch\/fr\/audit\/rentabilite-et-securite-de-linformatique-apres-lexternalisation-services-du-parlement\/#breadcrumb"},"inLanguage":"fr-FR","potentialAction":[{"@type":"ReadAction","target":["https:\/\/www.efk.admin.ch\/fr\/audit\/rentabilite-et-securite-de-linformatique-apres-lexternalisation-services-du-parlement\/"]}]},{"@type":"BreadcrumbList","@id":"https:\/\/www.efk.admin.ch\/fr\/audit\/rentabilite-et-securite-de-linformatique-apres-lexternalisation-services-du-parlement\/#breadcrumb","itemListElement":[{"@type":"ListItem","position":1,"name":"Home","item":"https:\/\/www.efk.admin.ch\/fr\/"},{"@type":"ListItem","position":2,"name":"Rapport","item":"https:\/\/www.efk.admin.ch\/fr\/audit\/"},{"@type":"ListItem","position":3,"name":"Rentabilit\u00e9 et s\u00e9curit\u00e9 de l\u2019informatique apr\u00e8s l\u2019externalisation"}]},{"@type":"WebSite","@id":"https:\/\/www.efk.admin.ch\/fr\/#website","url":"https:\/\/www.efk.admin.ch\/fr\/","name":"Informationen \u00fcber das oberste Finanzaufsichtsorgan der Schweiz","description":"Le Contr\u00f4le f\u00e9d\u00e9ral des finances (CDF) est l'organe supr\u00eame de surveillance financi\u00e8re de la Conf\u00e9d\u00e9ration suisse.","publisher":{"@id":"https:\/\/www.efk.admin.ch\/fr\/#organization"},"alternateName":"EFK","potentialAction":[{"@type":"SearchAction","target":{"@type":"EntryPoint","urlTemplate":"https:\/\/www.efk.admin.ch\/fr\/?s={search_term_string}"},"query-input":{"@type":"PropertyValueSpecification","valueRequired":true,"valueName":"search_term_string"}}],"inLanguage":"fr-FR"},{"@type":"Organization","@id":"https:\/\/www.efk.admin.ch\/fr\/#organization","name":"Contr\u00f4le f\u00e9d\u00e9ral des finances (CDF)","alternateName":"EFK","url":"https:\/\/www.efk.admin.ch\/fr\/","logo":{"@type":"ImageObject","inLanguage":"fr-FR","@id":"https:\/\/www.efk.admin.ch\/fr\/#\/schema\/logo\/image\/","url":"https:\/\/www.efk.admin.ch\/wp-content\/uploads\/efk_cdf_logo_ohne_claim.png","contentUrl":"https:\/\/www.efk.admin.ch\/wp-content\/uploads\/efk_cdf_logo_ohne_claim.png","width":268,"height":258,"caption":"Contr\u00f4le f\u00e9d\u00e9ral des finances (CDF)"},"image":{"@id":"https:\/\/www.efk.admin.ch\/fr\/#\/schema\/logo\/image\/"},"sameAs":["https:\/\/www.instagram.com\/efk_cdf_sfao\/","https:\/\/www.youtube.com\/channel\/UCm-bXj227VE5sJzhB-ihdvw\/featured","https:\/\/www.linkedin.com\/company\/11081578\/"]}]}},"_links":{"self":[{"href":"https:\/\/www.efk.admin.ch\/fr\/wp-json\/wp\/v2\/audit\/6060","targetHints":{"allow":["GET"]}}],"collection":[{"href":"https:\/\/www.efk.admin.ch\/fr\/wp-json\/wp\/v2\/audit"}],"about":[{"href":"https:\/\/www.efk.admin.ch\/fr\/wp-json\/wp\/v2\/types\/audit"}],"acf:post":[{"embeddable":true,"href":"https:\/\/www.efk.admin.ch\/fr\/wp-json\/wp\/v2\/office\/7966"}],"wp:attachment":[{"href":"https:\/\/www.efk.admin.ch\/fr\/wp-json\/wp\/v2\/media?parent=6060"}],"wp:term":[{"taxonomy":"audit_category","embeddable":true,"href":"https:\/\/www.efk.admin.ch\/fr\/wp-json\/wp\/v2\/audit_category?post=6060"},{"taxonomy":"audit_type","embeddable":true,"href":"https:\/\/www.efk.admin.ch\/fr\/wp-json\/wp\/v2\/audit_type?post=6060"}],"curies":[{"name":"wp","href":"https:\/\/api.w.org\/{rel}","templated":true}]}}

Rentabilité et sécurité de l’informatique après l’externalisation

<p>Le Contrôle fédéral des finances (CDF) a vérifié la rentabilité et la sécurité de l’informatique au sein des Services du Parlement après l’externalisation des secteurs suivants: réseau, téléphonie, WIFI, serveurs des messageries et des systèmes et base de données de la plateforme de collaboration. Dans le cadre de ses évaluations et de ses constatations, le CDF fait la distinction entre le secteur informatique des parlementaires et celui des Services du Parlement.</p>

la rentabilité, sécurité, l’externalisation des secteurs suivants: réseau, téléphonie, WIFI, serveurs des messageries systèmes et base de données, plateforme de collaboration, le secteur informatique des parlementaires, Services du Parlement

<!-- This site is optimized with the Yoast SEO Premium plugin v27.4 (Yoast SEO v27.4) - https://yoast.com/product/yoast-seo-premium-wordpress/ -->
<title>Rentabilité et sécurité de l’informatique après l’externalisation - Contrôle fédéral des finances (CDF)</title>
<meta name="description" content="Rentabilité et sécurité de l’informatique après l’externalisation" />
<meta name="robots" content="index, follow, max-snippet:-1, max-image-preview:large, max-video-preview:-1" />
<link rel="canonical" href="https://www.efk.admin.ch/fr/audit/rentabilite-et-securite-de-linformatique-apres-lexternalisation-services-du-parlement/" />
<meta property="og:locale" content="fr_FR" />
<meta property="og:type" content="article" />
<meta property="og:title" content="Rentabilité et sécurité de l’informatique après l’externalisation" />
<meta property="og:description" content="Rentabilité et sécurité de l’informatique après l’externalisation" />
<meta property="og:url" content="https://www.efk.admin.ch/fr/audit/rentabilite-et-securite-de-linformatique-apres-lexternalisation-services-du-parlement/" />
<meta property="og:site_name" content="Contrôle fédéral des finances (CDF)" />
<meta property="article:modified_time" content="2024-02-28T13:43:48+00:00" />
<meta property="og:image" content="https://www.efk.admin.ch/wp-content/uploads/test/palais.jpg" />
	<meta property="og:image:width" content="750" />
	<meta property="og:image:height" content="500" />
	<meta property="og:image:type" content="image/jpeg" />
<meta name="twitter:card" content="summary_large_image" />
<script type="application/ld+json" class="yoast-schema-graph">{"@context":"https:\/\/schema.org","@graph":[{"@type":"WebPage","@id":"https:\/\/www.efk.admin.ch\/fr\/audit\/rentabilite-et-securite-de-linformatique-apres-lexternalisation-services-du-parlement\/","url":"https:\/\/www.efk.admin.ch\/fr\/audit\/rentabilite-et-securite-de-linformatique-apres-lexternalisation-services-du-parlement\/","name":"Rentabilité et sécurité de l’informatique après l’externalisation - Contrôle fédéral des finances (CDF)","isPartOf":{"@id":"https:\/\/www.efk.admin.ch\/fr\/#website"},"datePublished":"2024-01-17T15:36:53+00:00","dateModified":"2024-02-28T13:43:48+00:00","description":"Rentabilité et sécurité de l’informatique après l’externalisation","breadcrumb":{"@id":"https:\/\/www.efk.admin.ch\/fr\/audit\/rentabilite-et-securite-de-linformatique-apres-lexternalisation-services-du-parlement\/#breadcrumb"},"inLanguage":"fr-FR","potentialAction":[{"@type":"ReadAction","target":["https:\/\/www.efk.admin.ch\/fr\/audit\/rentabilite-et-securite-de-linformatique-apres-lexternalisation-services-du-parlement\/"]}]},{"@type":"BreadcrumbList","@id":"https:\/\/www.efk.admin.ch\/fr\/audit\/rentabilite-et-securite-de-linformatique-apres-lexternalisation-services-du-parlement\/#breadcrumb","itemListElement":[{"@type":"ListItem","position":1,"name":"Home","item":"https:\/\/www.efk.admin.ch\/fr\/"},{"@type":"ListItem","position":2,"name":"Rapport","item":"https:\/\/www.efk.admin.ch\/fr\/audit\/"},{"@type":"ListItem","position":3,"name":"Rentabilité et sécurité de l’informatique après l’externalisation"}]},{"@type":"WebSite","@id":"https:\/\/www.efk.admin.ch\/fr\/#website","url":"https:\/\/www.efk.admin.ch\/fr\/","name":"Informationen über das oberste Finanzaufsichtsorgan der Schweiz","description":"Le Contrôle fédéral des finances (CDF) est l'organe suprême de surveillance financière de la Confédération suisse.","publisher":{"@id":"https:\/\/www.efk.admin.ch\/fr\/#organization"},"alternateName":"EFK","potentialAction":[{"@type":"SearchAction","target":{"@type":"EntryPoint","urlTemplate":"https:\/\/www.efk.admin.ch\/fr\/?s={search_term_string}"},"query-input":{"@type":"PropertyValueSpecification","valueRequired":true,"valueName":"search_term_string"}}],"inLanguage":"fr-FR"},{"@type":"Organization","@id":"https:\/\/www.efk.admin.ch\/fr\/#organization","name":"Contrôle fédéral des finances (CDF)","alternateName":"EFK","url":"https:\/\/www.efk.admin.ch\/fr\/","logo":{"@type":"ImageObject","inLanguage":"fr-FR","@id":"https:\/\/www.efk.admin.ch\/fr\/#\/schema\/logo\/image\/","url":"https:\/\/www.efk.admin.ch\/wp-content\/uploads\/efk_cdf_logo_ohne_claim.png","contentUrl":"https:\/\/www.efk.admin.ch\/wp-content\/uploads\/efk_cdf_logo_ohne_claim.png","width":268,"height":258,"caption":"Contrôle fédéral des finances (CDF)"},"image":{"@id":"https:\/\/www.efk.admin.ch\/fr\/#\/schema\/logo\/image\/"},"sameAs":["https:\/\/www.instagram.com\/efk_cdf_sfao\/","https:\/\/www.youtube.com\/channel\/UCm-bXj227VE5sJzhB-ihdvw\/featured","https:\/\/www.linkedin.com\/company\/11081578\/"]}]}</script>
<!-- / Yoast SEO Premium plugin. -->

Rentabilité et sécurité de l’informatique après l’externalisation - Contrôle fédéral des finances (CDF)

Contrôle fédéral des finances (CDF)

Informationen über das oberste Finanzaufsichtsorgan der Schweiz

Le Contrôle fédéral des finances (CDF) est l'organe suprême de surveillance financière de la Confédération suisse.
