{"id":5931,"date":"2024-01-17T16:36:12","date_gmt":"2024-01-17T15:36:12","guid":{"rendered":"https:\/\/preview.efk.admin.ch\/prufung\/examen-par-les-pairs-2020-du-controle-federal-des-finances-par-la-cour-des-comptes\/"},"modified":"2026-03-30T11:52:07","modified_gmt":"2026-03-30T09:52:07","slug":"examen-par-les-pairs-2020-du-controle-federal-des-finances-par-la-cour-des-comptes","status":"publish","type":"audit","link":"https:\/\/www.efk.admin.ch\/fr\/audit\/examen-par-les-pairs-2020-du-controle-federal-des-finances-par-la-cour-des-comptes\/","title":{"rendered":"Examen par les pairs 2020 du Contr\u00f4le f\u00e9d\u00e9ral des finances par la Cour des comptes"},"content":{"rendered":"\n<p>Le 23 septembre 2019, un protocole d\u2019accord a confi\u00e9 \u00e0 la Cour des comptes la revue par les pairs du Contr\u00f4le f\u00e9d\u00e9ral des finances (CDF). La derni\u00e8re revue de l\u2019institution sup\u00e9rieure de contr\u00f4le (ISC) suisse remonte \u00e0 2015 et a \u00e9t\u00e9 men\u00e9e par la Cour des comptes europ\u00e9enne (<em>European Court of Auditors,<\/em>\u00a0ECA). Celle-ci portait sur la strat\u00e9gie, la programmation et le contr\u00f4le qualit\u00e9 ; l\u2019int\u00e9gralit\u00e9 des recommandations a \u00e9t\u00e9 mise en place. Dans le prolongement de ce contr\u00f4le, afin de faire un bilan de ses forces et de ses faiblesses, le CDF a d\u00e9cid\u00e9 de se soumettre \u00e0 un nouvel examen par les pairs selon les normes internationales des institutions sup\u00e9rieures de contr\u00f4le des finances publiques (<em>International Standards of Supreme Audit Institutions,<\/em>\u00a0ISSAI). Plus pr\u00e9cis\u00e9ment, la revue porte sur les th\u00e8mes suivants, d\u00e9termin\u00e9s conjointement par le CDF et la Cour des comptes : l\u2019ind\u00e9pendance, la communication et la relation avec les parties prenantes ; l\u2019\u00e9thique, la transparence, l\u2019obligation de rendre compte et la bonne gouvernance ; l\u2019approche de l\u2019audit.<\/p>\n","protected":false},"featured_media":0,"menu_order":0,"template":"","audit_category":[70],"audit_type":[204],"class_list":["post-5931","audit","type-audit","status-publish","hentry","audit_category-divers","audit_type-peer-review-fr"],"acf":{"audit_lang":[{"lang":"f"}],"audit_numbers":[{"audit_number":"19511"}],"audit_office":null,"audit_office_text":"","audit_date":"20210302","bgo":false,"keywords":"revue, l\u2019institution sup\u00e9rieure de contr\u00f4le (ISC) suisse,l\u2019ind\u00e9pendance, la communication et la relation avec les parties prenantes, \u2019\u00e9thique, la transparence, l\u2019obligation de rendre compte , l\u2019approche de l\u2019audit","audit_office_local":""},"yoast_head":"<!-- This site is optimized with the Yoast SEO Premium plugin v27.4 (Yoast SEO v27.4) - https:\/\/yoast.com\/product\/yoast-seo-premium-wordpress\/ -->\n<title>Examen par les pairs 2020 du Contr\u00f4le f\u00e9d\u00e9ral des finances par la Cour des comptes - Contr\u00f4le f\u00e9d\u00e9ral des finances (CDF)<\/title>\n<meta name=\"description\" content=\"Examen par les pairs 2020 du Contr\u00f4le f\u00e9d\u00e9ral des finances par la Cour des comptes\" \/>\n<meta name=\"robots\" content=\"index, follow, max-snippet:-1, max-image-preview:large, max-video-preview:-1\" \/>\n<link rel=\"canonical\" href=\"https:\/\/www.efk.admin.ch\/fr\/audit\/examen-par-les-pairs-2020-du-controle-federal-des-finances-par-la-cour-des-comptes\/\" \/>\n<meta property=\"og:locale\" content=\"fr_FR\" \/>\n<meta property=\"og:type\" content=\"article\" \/>\n<meta property=\"og:title\" content=\"Examen par les pairs 2020 du Contr\u00f4le f\u00e9d\u00e9ral des finances par la Cour des comptes\" \/>\n<meta property=\"og:description\" content=\"Examen par les pairs 2020 du Contr\u00f4le f\u00e9d\u00e9ral des finances par la Cour des comptes\" \/>\n<meta property=\"og:url\" content=\"https:\/\/www.efk.admin.ch\/fr\/audit\/examen-par-les-pairs-2020-du-controle-federal-des-finances-par-la-cour-des-comptes\/\" \/>\n<meta property=\"og:site_name\" content=\"Contr\u00f4le f\u00e9d\u00e9ral des finances (CDF)\" \/>\n<meta property=\"article:modified_time\" content=\"2026-03-30T09:52:07+00:00\" \/>\n<meta property=\"og:image\" content=\"https:\/\/www.efk.admin.ch\/wp-content\/uploads\/test\/palais.jpg\" \/>\n\t<meta property=\"og:image:width\" content=\"750\" \/>\n\t<meta property=\"og:image:height\" content=\"500\" \/>\n\t<meta property=\"og:image:type\" content=\"image\/jpeg\" \/>\n<meta name=\"twitter:card\" content=\"summary_large_image\" \/>\n<meta name=\"twitter:label1\" content=\"Dur\u00e9e de lecture estim\u00e9e\" \/>\n\t<meta name=\"twitter:data1\" content=\"1 minute\" \/>\n<script type=\"application\/ld+json\" class=\"yoast-schema-graph\">{\"@context\":\"https:\\\/\\\/schema.org\",\"@graph\":[{\"@type\":\"WebPage\",\"@id\":\"https:\\\/\\\/www.efk.admin.ch\\\/fr\\\/audit\\\/examen-par-les-pairs-2020-du-controle-federal-des-finances-par-la-cour-des-comptes\\\/\",\"url\":\"https:\\\/\\\/www.efk.admin.ch\\\/fr\\\/audit\\\/examen-par-les-pairs-2020-du-controle-federal-des-finances-par-la-cour-des-comptes\\\/\",\"name\":\"Examen par les pairs 2020 du Contr\u00f4le f\u00e9d\u00e9ral des finances par la Cour des comptes - Contr\u00f4le f\u00e9d\u00e9ral des finances (CDF)\",\"isPartOf\":{\"@id\":\"https:\\\/\\\/www.efk.admin.ch\\\/fr\\\/#website\"},\"datePublished\":\"2024-01-17T15:36:12+00:00\",\"dateModified\":\"2026-03-30T09:52:07+00:00\",\"description\":\"Examen par les pairs 2020 du Contr\u00f4le f\u00e9d\u00e9ral des finances par la Cour des comptes\",\"breadcrumb\":{\"@id\":\"https:\\\/\\\/www.efk.admin.ch\\\/fr\\\/audit\\\/examen-par-les-pairs-2020-du-controle-federal-des-finances-par-la-cour-des-comptes\\\/#breadcrumb\"},\"inLanguage\":\"fr-FR\",\"potentialAction\":[{\"@type\":\"ReadAction\",\"target\":[\"https:\\\/\\\/www.efk.admin.ch\\\/fr\\\/audit\\\/examen-par-les-pairs-2020-du-controle-federal-des-finances-par-la-cour-des-comptes\\\/\"]}]},{\"@type\":\"BreadcrumbList\",\"@id\":\"https:\\\/\\\/www.efk.admin.ch\\\/fr\\\/audit\\\/examen-par-les-pairs-2020-du-controle-federal-des-finances-par-la-cour-des-comptes\\\/#breadcrumb\",\"itemListElement\":[{\"@type\":\"ListItem\",\"position\":1,\"name\":\"Home\",\"item\":\"https:\\\/\\\/www.efk.admin.ch\\\/fr\\\/\"},{\"@type\":\"ListItem\",\"position\":2,\"name\":\"Rapport\",\"item\":\"https:\\\/\\\/www.efk.admin.ch\\\/fr\\\/audit\\\/\"},{\"@type\":\"ListItem\",\"position\":3,\"name\":\"Examen par les pairs 2020 du Contr\u00f4le f\u00e9d\u00e9ral des finances par la Cour des comptes\"}]},{\"@type\":\"WebSite\",\"@id\":\"https:\\\/\\\/www.efk.admin.ch\\\/fr\\\/#website\",\"url\":\"https:\\\/\\\/www.efk.admin.ch\\\/fr\\\/\",\"name\":\"Informationen \u00fcber das oberste Finanzaufsichtsorgan der Schweiz\",\"description\":\"Le Contr\u00f4le f\u00e9d\u00e9ral des finances (CDF) est l'organe supr\u00eame de surveillance financi\u00e8re de la Conf\u00e9d\u00e9ration suisse.\",\"publisher\":{\"@id\":\"https:\\\/\\\/www.efk.admin.ch\\\/fr\\\/#organization\"},\"alternateName\":\"EFK\",\"potentialAction\":[{\"@type\":\"SearchAction\",\"target\":{\"@type\":\"EntryPoint\",\"urlTemplate\":\"https:\\\/\\\/www.efk.admin.ch\\\/fr\\\/?s={search_term_string}\"},\"query-input\":{\"@type\":\"PropertyValueSpecification\",\"valueRequired\":true,\"valueName\":\"search_term_string\"}}],\"inLanguage\":\"fr-FR\"},{\"@type\":\"Organization\",\"@id\":\"https:\\\/\\\/www.efk.admin.ch\\\/fr\\\/#organization\",\"name\":\"Contr\u00f4le f\u00e9d\u00e9ral des finances (CDF)\",\"alternateName\":\"EFK\",\"url\":\"https:\\\/\\\/www.efk.admin.ch\\\/fr\\\/\",\"logo\":{\"@type\":\"ImageObject\",\"inLanguage\":\"fr-FR\",\"@id\":\"https:\\\/\\\/www.efk.admin.ch\\\/fr\\\/#\\\/schema\\\/logo\\\/image\\\/\",\"url\":\"https:\\\/\\\/www.efk.admin.ch\\\/wp-content\\\/uploads\\\/efk_cdf_logo_ohne_claim.png\",\"contentUrl\":\"https:\\\/\\\/www.efk.admin.ch\\\/wp-content\\\/uploads\\\/efk_cdf_logo_ohne_claim.png\",\"width\":268,\"height\":258,\"caption\":\"Contr\u00f4le f\u00e9d\u00e9ral des finances (CDF)\"},\"image\":{\"@id\":\"https:\\\/\\\/www.efk.admin.ch\\\/fr\\\/#\\\/schema\\\/logo\\\/image\\\/\"},\"sameAs\":[\"https:\\\/\\\/www.instagram.com\\\/efk_cdf_sfao\\\/\",\"https:\\\/\\\/www.youtube.com\\\/channel\\\/UCm-bXj227VE5sJzhB-ihdvw\\\/featured\",\"https:\\\/\\\/www.linkedin.com\\\/company\\\/11081578\\\/\"]}]}<\/script>\n<!-- \/ Yoast SEO Premium plugin. -->","yoast_head_json":{"title":"Examen par les pairs 2020 du Contr\u00f4le f\u00e9d\u00e9ral des finances par la Cour des comptes - Contr\u00f4le f\u00e9d\u00e9ral des finances (CDF)","description":"Examen par les pairs 2020 du Contr\u00f4le f\u00e9d\u00e9ral des finances par la Cour des comptes","robots":{"index":"index","follow":"follow","max-snippet":"max-snippet:-1","max-image-preview":"max-image-preview:large","max-video-preview":"max-video-preview:-1"},"canonical":"https:\/\/www.efk.admin.ch\/fr\/audit\/examen-par-les-pairs-2020-du-controle-federal-des-finances-par-la-cour-des-comptes\/","og_locale":"fr_FR","og_type":"article","og_title":"Examen par les pairs 2020 du Contr\u00f4le f\u00e9d\u00e9ral des finances par la Cour des comptes","og_description":"Examen par les pairs 2020 du Contr\u00f4le f\u00e9d\u00e9ral des finances par la Cour des comptes","og_url":"https:\/\/www.efk.admin.ch\/fr\/audit\/examen-par-les-pairs-2020-du-controle-federal-des-finances-par-la-cour-des-comptes\/","og_site_name":"Contr\u00f4le f\u00e9d\u00e9ral des finances (CDF)","article_modified_time":"2026-03-30T09:52:07+00:00","og_image":[{"width":750,"height":500,"url":"https:\/\/www.efk.admin.ch\/wp-content\/uploads\/test\/palais.jpg","type":"image\/jpeg"}],"twitter_card":"summary_large_image","twitter_misc":{"Dur\u00e9e de lecture estim\u00e9e":"1 minute"},"schema":{"@context":"https:\/\/schema.org","@graph":[{"@type":"WebPage","@id":"https:\/\/www.efk.admin.ch\/fr\/audit\/examen-par-les-pairs-2020-du-controle-federal-des-finances-par-la-cour-des-comptes\/","url":"https:\/\/www.efk.admin.ch\/fr\/audit\/examen-par-les-pairs-2020-du-controle-federal-des-finances-par-la-cour-des-comptes\/","name":"Examen par les pairs 2020 du Contr\u00f4le f\u00e9d\u00e9ral des finances par la Cour des comptes - Contr\u00f4le f\u00e9d\u00e9ral des finances (CDF)","isPartOf":{"@id":"https:\/\/www.efk.admin.ch\/fr\/#website"},"datePublished":"2024-01-17T15:36:12+00:00","dateModified":"2026-03-30T09:52:07+00:00","description":"Examen par les pairs 2020 du Contr\u00f4le f\u00e9d\u00e9ral des finances par la Cour des comptes","breadcrumb":{"@id":"https:\/\/www.efk.admin.ch\/fr\/audit\/examen-par-les-pairs-2020-du-controle-federal-des-finances-par-la-cour-des-comptes\/#breadcrumb"},"inLanguage":"fr-FR","potentialAction":[{"@type":"ReadAction","target":["https:\/\/www.efk.admin.ch\/fr\/audit\/examen-par-les-pairs-2020-du-controle-federal-des-finances-par-la-cour-des-comptes\/"]}]},{"@type":"BreadcrumbList","@id":"https:\/\/www.efk.admin.ch\/fr\/audit\/examen-par-les-pairs-2020-du-controle-federal-des-finances-par-la-cour-des-comptes\/#breadcrumb","itemListElement":[{"@type":"ListItem","position":1,"name":"Home","item":"https:\/\/www.efk.admin.ch\/fr\/"},{"@type":"ListItem","position":2,"name":"Rapport","item":"https:\/\/www.efk.admin.ch\/fr\/audit\/"},{"@type":"ListItem","position":3,"name":"Examen par les pairs 2020 du Contr\u00f4le f\u00e9d\u00e9ral des finances par la Cour des comptes"}]},{"@type":"WebSite","@id":"https:\/\/www.efk.admin.ch\/fr\/#website","url":"https:\/\/www.efk.admin.ch\/fr\/","name":"Informationen \u00fcber das oberste Finanzaufsichtsorgan der Schweiz","description":"Le Contr\u00f4le f\u00e9d\u00e9ral des finances (CDF) est l'organe supr\u00eame de surveillance financi\u00e8re de la Conf\u00e9d\u00e9ration suisse.","publisher":{"@id":"https:\/\/www.efk.admin.ch\/fr\/#organization"},"alternateName":"EFK","potentialAction":[{"@type":"SearchAction","target":{"@type":"EntryPoint","urlTemplate":"https:\/\/www.efk.admin.ch\/fr\/?s={search_term_string}"},"query-input":{"@type":"PropertyValueSpecification","valueRequired":true,"valueName":"search_term_string"}}],"inLanguage":"fr-FR"},{"@type":"Organization","@id":"https:\/\/www.efk.admin.ch\/fr\/#organization","name":"Contr\u00f4le f\u00e9d\u00e9ral des finances (CDF)","alternateName":"EFK","url":"https:\/\/www.efk.admin.ch\/fr\/","logo":{"@type":"ImageObject","inLanguage":"fr-FR","@id":"https:\/\/www.efk.admin.ch\/fr\/#\/schema\/logo\/image\/","url":"https:\/\/www.efk.admin.ch\/wp-content\/uploads\/efk_cdf_logo_ohne_claim.png","contentUrl":"https:\/\/www.efk.admin.ch\/wp-content\/uploads\/efk_cdf_logo_ohne_claim.png","width":268,"height":258,"caption":"Contr\u00f4le f\u00e9d\u00e9ral des finances (CDF)"},"image":{"@id":"https:\/\/www.efk.admin.ch\/fr\/#\/schema\/logo\/image\/"},"sameAs":["https:\/\/www.instagram.com\/efk_cdf_sfao\/","https:\/\/www.youtube.com\/channel\/UCm-bXj227VE5sJzhB-ihdvw\/featured","https:\/\/www.linkedin.com\/company\/11081578\/"]}]}},"_links":{"self":[{"href":"https:\/\/www.efk.admin.ch\/fr\/wp-json\/wp\/v2\/audit\/5931","targetHints":{"allow":["GET"]}}],"collection":[{"href":"https:\/\/www.efk.admin.ch\/fr\/wp-json\/wp\/v2\/audit"}],"about":[{"href":"https:\/\/www.efk.admin.ch\/fr\/wp-json\/wp\/v2\/types\/audit"}],"wp:attachment":[{"href":"https:\/\/www.efk.admin.ch\/fr\/wp-json\/wp\/v2\/media?parent=5931"}],"wp:term":[{"taxonomy":"audit_category","embeddable":true,"href":"https:\/\/www.efk.admin.ch\/fr\/wp-json\/wp\/v2\/audit_category?post=5931"},{"taxonomy":"audit_type","embeddable":true,"href":"https:\/\/www.efk.admin.ch\/fr\/wp-json\/wp\/v2\/audit_type?post=5931"}],"curies":[{"name":"wp","href":"https:\/\/api.w.org\/{rel}","templated":true}]}}

Examen par les pairs 2020 du Contrôle fédéral des finances par la Cour des comptes

<p>Le 23 septembre 2019, un protocole d’accord a confié à la Cour des comptes la revue par les pairs du Contrôle fédéral des finances (CDF). La dernière revue de l’institution supérieure de contrôle (ISC) suisse remonte à 2015 et a été menée par la Cour des comptes européenne (<em>European Court of Auditors,</em> ECA). Celle-ci portait sur la stratégie, la programmation et le contrôle qualité ; l’intégralité des recommandations a été mise en place. Dans le prolongement de ce contrôle, afin de faire un bilan de ses forces et de ses faiblesses, le CDF a décidé de se soumettre à un nouvel examen par les pairs selon les normes internationales des institutions supérieures de contrôle des finances publiques (<em>International Standards of Supreme Audit Institutions,</em> ISSAI). Plus précisément, la revue porte sur les thèmes suivants, déterminés conjointement par le CDF et la Cour des comptes : l’indépendance, la communication et la relation avec les parties prenantes ; l’éthique, la transparence, l’obligation de rendre compte et la bonne gouvernance ; l’approche de l’audit.</p>

revue, l’institution supérieure de contrôle (ISC) suisse,l’indépendance, la communication et la relation avec les parties prenantes, ’éthique, la transparence, l’obligation de rendre compte , l’approche de l’audit

<!-- This site is optimized with the Yoast SEO Premium plugin v27.4 (Yoast SEO v27.4) - https://yoast.com/product/yoast-seo-premium-wordpress/ -->
<title>Examen par les pairs 2020 du Contrôle fédéral des finances par la Cour des comptes - Contrôle fédéral des finances (CDF)</title>
<meta name="description" content="Examen par les pairs 2020 du Contrôle fédéral des finances par la Cour des comptes" />
<meta name="robots" content="index, follow, max-snippet:-1, max-image-preview:large, max-video-preview:-1" />
<link rel="canonical" href="https://www.efk.admin.ch/fr/audit/examen-par-les-pairs-2020-du-controle-federal-des-finances-par-la-cour-des-comptes/" />
<meta property="og:locale" content="fr_FR" />
<meta property="og:type" content="article" />
<meta property="og:title" content="Examen par les pairs 2020 du Contrôle fédéral des finances par la Cour des comptes" />
<meta property="og:description" content="Examen par les pairs 2020 du Contrôle fédéral des finances par la Cour des comptes" />
<meta property="og:url" content="https://www.efk.admin.ch/fr/audit/examen-par-les-pairs-2020-du-controle-federal-des-finances-par-la-cour-des-comptes/" />
<meta property="og:site_name" content="Contrôle fédéral des finances (CDF)" />
<meta property="article:modified_time" content="2026-03-30T09:52:07+00:00" />
<meta property="og:image" content="https://www.efk.admin.ch/wp-content/uploads/test/palais.jpg" />
	<meta property="og:image:width" content="750" />
	<meta property="og:image:height" content="500" />
	<meta property="og:image:type" content="image/jpeg" />
<meta name="twitter:card" content="summary_large_image" />
<meta name="twitter:label1" content="Durée de lecture estimée" />
	<meta name="twitter:data1" content="1 minute" />
<script type="application/ld+json" class="yoast-schema-graph">{"@context":"https:\/\/schema.org","@graph":[{"@type":"WebPage","@id":"https:\/\/www.efk.admin.ch\/fr\/audit\/examen-par-les-pairs-2020-du-controle-federal-des-finances-par-la-cour-des-comptes\/","url":"https:\/\/www.efk.admin.ch\/fr\/audit\/examen-par-les-pairs-2020-du-controle-federal-des-finances-par-la-cour-des-comptes\/","name":"Examen par les pairs 2020 du Contrôle fédéral des finances par la Cour des comptes - Contrôle fédéral des finances (CDF)","isPartOf":{"@id":"https:\/\/www.efk.admin.ch\/fr\/#website"},"datePublished":"2024-01-17T15:36:12+00:00","dateModified":"2026-03-30T09:52:07+00:00","description":"Examen par les pairs 2020 du Contrôle fédéral des finances par la Cour des comptes","breadcrumb":{"@id":"https:\/\/www.efk.admin.ch\/fr\/audit\/examen-par-les-pairs-2020-du-controle-federal-des-finances-par-la-cour-des-comptes\/#breadcrumb"},"inLanguage":"fr-FR","potentialAction":[{"@type":"ReadAction","target":["https:\/\/www.efk.admin.ch\/fr\/audit\/examen-par-les-pairs-2020-du-controle-federal-des-finances-par-la-cour-des-comptes\/"]}]},{"@type":"BreadcrumbList","@id":"https:\/\/www.efk.admin.ch\/fr\/audit\/examen-par-les-pairs-2020-du-controle-federal-des-finances-par-la-cour-des-comptes\/#breadcrumb","itemListElement":[{"@type":"ListItem","position":1,"name":"Home","item":"https:\/\/www.efk.admin.ch\/fr\/"},{"@type":"ListItem","position":2,"name":"Rapport","item":"https:\/\/www.efk.admin.ch\/fr\/audit\/"},{"@type":"ListItem","position":3,"name":"Examen par les pairs 2020 du Contrôle fédéral des finances par la Cour des comptes"}]},{"@type":"WebSite","@id":"https:\/\/www.efk.admin.ch\/fr\/#website","url":"https:\/\/www.efk.admin.ch\/fr\/","name":"Informationen über das oberste Finanzaufsichtsorgan der Schweiz","description":"Le Contrôle fédéral des finances (CDF) est l'organe suprême de surveillance financière de la Confédération suisse.","publisher":{"@id":"https:\/\/www.efk.admin.ch\/fr\/#organization"},"alternateName":"EFK","potentialAction":[{"@type":"SearchAction","target":{"@type":"EntryPoint","urlTemplate":"https:\/\/www.efk.admin.ch\/fr\/?s={search_term_string}"},"query-input":{"@type":"PropertyValueSpecification","valueRequired":true,"valueName":"search_term_string"}}],"inLanguage":"fr-FR"},{"@type":"Organization","@id":"https:\/\/www.efk.admin.ch\/fr\/#organization","name":"Contrôle fédéral des finances (CDF)","alternateName":"EFK","url":"https:\/\/www.efk.admin.ch\/fr\/","logo":{"@type":"ImageObject","inLanguage":"fr-FR","@id":"https:\/\/www.efk.admin.ch\/fr\/#\/schema\/logo\/image\/","url":"https:\/\/www.efk.admin.ch\/wp-content\/uploads\/efk_cdf_logo_ohne_claim.png","contentUrl":"https:\/\/www.efk.admin.ch\/wp-content\/uploads\/efk_cdf_logo_ohne_claim.png","width":268,"height":258,"caption":"Contrôle fédéral des finances (CDF)"},"image":{"@id":"https:\/\/www.efk.admin.ch\/fr\/#\/schema\/logo\/image\/"},"sameAs":["https:\/\/www.instagram.com\/efk_cdf_sfao\/","https:\/\/www.youtube.com\/channel\/UCm-bXj227VE5sJzhB-ihdvw\/featured","https:\/\/www.linkedin.com\/company\/11081578\/"]}]}</script>
<!-- / Yoast SEO Premium plugin. -->

Examen par les pairs 2020 du Contrôle fédéral des finances par la Cour des comptes - Contrôle fédéral des finances (CDF)

Contrôle fédéral des finances (CDF)

Informationen über das oberste Finanzaufsichtsorgan der Schweiz

Le Contrôle fédéral des finances (CDF) est l'organe suprême de surveillance financière de la Confédération suisse.
