{"id":41409,"date":"2026-01-07T23:00:00","date_gmt":"2026-01-07T22:00:00","guid":{"rendered":"https:\/\/www.efk.admin.ch\/?post_type=audit&#038;p=41409"},"modified":"2026-01-05T14:17:52","modified_gmt":"2026-01-05T13:17:52","slug":"subventions-dans-le-domaine-de-la-prevention-de-la-violence","status":"publish","type":"audit","link":"https:\/\/www.efk.admin.ch\/fr\/audit\/subventions-dans-le-domaine-de-la-prevention-de-la-violence\/","title":{"rendered":"Subventions dans le domaine de la pr\u00e9vention de la violence"},"content":{"rendered":"\n<p>L\u2019art. 386 du code p\u00e9nal suisse constitue la base pour les aides financi\u00e8res de la Conf\u00e9d\u00e9ration qui soutiennent les mesures pr\u00e9ventives visant \u00e0 \u00e9viter les infractions et \u00e0 pr\u00e9venir la d\u00e9linquance. Au moment de l\u2019audit, les quatre unit\u00e9s administratives susmentionn\u00e9es s\u2019appuient sur cette base l\u00e9gale pour accorder des subventions dans sept domaines. Pour chacun de ces domaines, le Conseil f\u00e9d\u00e9ral \u00e9dicte une ordonnance qui fixe quels objectifs, contenus et types de mesures de pr\u00e9vention seront soutenus. En 2024, les quatre unit\u00e9s administratives ont approuv\u00e9 168 demandes et accord\u00e9 des subventions pour un total de pr\u00e8s de 13,2 millions de francs.<br><br>Le Contr\u00f4le f\u00e9d\u00e9ral des finances a examin\u00e9 l\u2019octroi des subventions. Il est parvenu \u00e0 une appr\u00e9ciation globale positive. Des changements s\u2019av\u00e8rent toutefois n\u00e9cessaires au sein de certaines unit\u00e9s administratives, ainsi que dans la collaboration entre les quatre unit\u00e9s.<\/p>\n","protected":false},"featured_media":0,"menu_order":0,"template":"","audit_category":[82],"audit_type":[123],"class_list":["post-41409","audit","type-audit","status-publish","hentry","audit_category-justice-et-police","audit_type-audit-de-subventions"],"acf":{"audit_lang":null,"audit_numbers":[{"audit_number":"25273"}],"audit_office":[7916,41064,7899,7907],"audit_office_text":"","audit_date":"20260107","bgo":false,"keywords":"","audit_office_local":"fedpol, SLR, BFEG, OFAS"},"yoast_head":"<!-- This site is optimized with the Yoast SEO Premium plugin v27.4 (Yoast SEO v27.4) - https:\/\/yoast.com\/product\/yoast-seo-premium-wordpress\/ -->\n<title>Subventions dans le domaine de la pr\u00e9vention de la violence - Contr\u00f4le f\u00e9d\u00e9ral des finances (CDF)<\/title>\n<meta name=\"description\" content=\"Subventions dans le domaine de la pr\u00e9vention de la violence\" \/>\n<meta name=\"robots\" content=\"index, follow, max-snippet:-1, max-image-preview:large, max-video-preview:-1\" \/>\n<link rel=\"canonical\" href=\"https:\/\/www.efk.admin.ch\/fr\/audit\/subventions-dans-le-domaine-de-la-prevention-de-la-violence\/\" \/>\n<meta property=\"og:locale\" content=\"fr_FR\" \/>\n<meta property=\"og:type\" content=\"article\" \/>\n<meta property=\"og:title\" content=\"Subventions dans le domaine de la pr\u00e9vention de la violence\" \/>\n<meta property=\"og:description\" content=\"Subventions dans le domaine de la pr\u00e9vention de la violence\" \/>\n<meta property=\"og:url\" content=\"https:\/\/www.efk.admin.ch\/fr\/audit\/subventions-dans-le-domaine-de-la-prevention-de-la-violence\/\" \/>\n<meta property=\"og:site_name\" content=\"Contr\u00f4le f\u00e9d\u00e9ral des finances (CDF)\" \/>\n<meta property=\"og:image\" content=\"https:\/\/www.efk.admin.ch\/wp-content\/uploads\/test\/palais.jpg\" \/>\n\t<meta property=\"og:image:width\" content=\"750\" \/>\n\t<meta property=\"og:image:height\" content=\"500\" \/>\n\t<meta property=\"og:image:type\" content=\"image\/jpeg\" \/>\n<meta name=\"twitter:card\" content=\"summary_large_image\" \/>\n<meta name=\"twitter:label1\" content=\"Dur\u00e9e de lecture estim\u00e9e\" \/>\n\t<meta name=\"twitter:data1\" content=\"1 minute\" \/>\n<script type=\"application\/ld+json\" class=\"yoast-schema-graph\">{\"@context\":\"https:\\\/\\\/schema.org\",\"@graph\":[{\"@type\":\"WebPage\",\"@id\":\"https:\\\/\\\/www.efk.admin.ch\\\/fr\\\/audit\\\/subventions-dans-le-domaine-de-la-prevention-de-la-violence\\\/\",\"url\":\"https:\\\/\\\/www.efk.admin.ch\\\/fr\\\/audit\\\/subventions-dans-le-domaine-de-la-prevention-de-la-violence\\\/\",\"name\":\"Subventions dans le domaine de la pr\u00e9vention de la violence - Contr\u00f4le f\u00e9d\u00e9ral des finances (CDF)\",\"isPartOf\":{\"@id\":\"https:\\\/\\\/www.efk.admin.ch\\\/fr\\\/#website\"},\"datePublished\":\"2026-01-07T22:00:00+00:00\",\"description\":\"Subventions dans le domaine de la pr\u00e9vention de la violence\",\"breadcrumb\":{\"@id\":\"https:\\\/\\\/www.efk.admin.ch\\\/fr\\\/audit\\\/subventions-dans-le-domaine-de-la-prevention-de-la-violence\\\/#breadcrumb\"},\"inLanguage\":\"fr-FR\",\"potentialAction\":[{\"@type\":\"ReadAction\",\"target\":[\"https:\\\/\\\/www.efk.admin.ch\\\/fr\\\/audit\\\/subventions-dans-le-domaine-de-la-prevention-de-la-violence\\\/\"]}]},{\"@type\":\"BreadcrumbList\",\"@id\":\"https:\\\/\\\/www.efk.admin.ch\\\/fr\\\/audit\\\/subventions-dans-le-domaine-de-la-prevention-de-la-violence\\\/#breadcrumb\",\"itemListElement\":[{\"@type\":\"ListItem\",\"position\":1,\"name\":\"Home\",\"item\":\"https:\\\/\\\/www.efk.admin.ch\\\/fr\\\/\"},{\"@type\":\"ListItem\",\"position\":2,\"name\":\"Rapport\",\"item\":\"https:\\\/\\\/www.efk.admin.ch\\\/fr\\\/audit\\\/\"},{\"@type\":\"ListItem\",\"position\":3,\"name\":\"Subventions dans le domaine de la pr\u00e9vention de la violence\"}]},{\"@type\":\"WebSite\",\"@id\":\"https:\\\/\\\/www.efk.admin.ch\\\/fr\\\/#website\",\"url\":\"https:\\\/\\\/www.efk.admin.ch\\\/fr\\\/\",\"name\":\"Informationen \u00fcber das oberste Finanzaufsichtsorgan der Schweiz\",\"description\":\"Le Contr\u00f4le f\u00e9d\u00e9ral des finances (CDF) est l'organe supr\u00eame de surveillance financi\u00e8re de la Conf\u00e9d\u00e9ration suisse.\",\"publisher\":{\"@id\":\"https:\\\/\\\/www.efk.admin.ch\\\/fr\\\/#organization\"},\"alternateName\":\"EFK\",\"potentialAction\":[{\"@type\":\"SearchAction\",\"target\":{\"@type\":\"EntryPoint\",\"urlTemplate\":\"https:\\\/\\\/www.efk.admin.ch\\\/fr\\\/?s={search_term_string}\"},\"query-input\":{\"@type\":\"PropertyValueSpecification\",\"valueRequired\":true,\"valueName\":\"search_term_string\"}}],\"inLanguage\":\"fr-FR\"},{\"@type\":\"Organization\",\"@id\":\"https:\\\/\\\/www.efk.admin.ch\\\/fr\\\/#organization\",\"name\":\"Contr\u00f4le f\u00e9d\u00e9ral des finances (CDF)\",\"alternateName\":\"EFK\",\"url\":\"https:\\\/\\\/www.efk.admin.ch\\\/fr\\\/\",\"logo\":{\"@type\":\"ImageObject\",\"inLanguage\":\"fr-FR\",\"@id\":\"https:\\\/\\\/www.efk.admin.ch\\\/fr\\\/#\\\/schema\\\/logo\\\/image\\\/\",\"url\":\"https:\\\/\\\/www.efk.admin.ch\\\/wp-content\\\/uploads\\\/efk_cdf_logo_ohne_claim.png\",\"contentUrl\":\"https:\\\/\\\/www.efk.admin.ch\\\/wp-content\\\/uploads\\\/efk_cdf_logo_ohne_claim.png\",\"width\":268,\"height\":258,\"caption\":\"Contr\u00f4le f\u00e9d\u00e9ral des finances (CDF)\"},\"image\":{\"@id\":\"https:\\\/\\\/www.efk.admin.ch\\\/fr\\\/#\\\/schema\\\/logo\\\/image\\\/\"},\"sameAs\":[\"https:\\\/\\\/www.instagram.com\\\/efk_cdf_sfao\\\/\",\"https:\\\/\\\/www.youtube.com\\\/channel\\\/UCm-bXj227VE5sJzhB-ihdvw\\\/featured\",\"https:\\\/\\\/www.linkedin.com\\\/company\\\/11081578\\\/\"]}]}<\/script>\n<!-- \/ Yoast SEO Premium plugin. -->","yoast_head_json":{"title":"Subventions dans le domaine de la pr\u00e9vention de la violence - Contr\u00f4le f\u00e9d\u00e9ral des finances (CDF)","description":"Subventions dans le domaine de la pr\u00e9vention de la violence","robots":{"index":"index","follow":"follow","max-snippet":"max-snippet:-1","max-image-preview":"max-image-preview:large","max-video-preview":"max-video-preview:-1"},"canonical":"https:\/\/www.efk.admin.ch\/fr\/audit\/subventions-dans-le-domaine-de-la-prevention-de-la-violence\/","og_locale":"fr_FR","og_type":"article","og_title":"Subventions dans le domaine de la pr\u00e9vention de la violence","og_description":"Subventions dans le domaine de la pr\u00e9vention de la violence","og_url":"https:\/\/www.efk.admin.ch\/fr\/audit\/subventions-dans-le-domaine-de-la-prevention-de-la-violence\/","og_site_name":"Contr\u00f4le f\u00e9d\u00e9ral des finances (CDF)","og_image":[{"width":750,"height":500,"url":"https:\/\/www.efk.admin.ch\/wp-content\/uploads\/test\/palais.jpg","type":"image\/jpeg"}],"twitter_card":"summary_large_image","twitter_misc":{"Dur\u00e9e de lecture estim\u00e9e":"1 minute"},"schema":{"@context":"https:\/\/schema.org","@graph":[{"@type":"WebPage","@id":"https:\/\/www.efk.admin.ch\/fr\/audit\/subventions-dans-le-domaine-de-la-prevention-de-la-violence\/","url":"https:\/\/www.efk.admin.ch\/fr\/audit\/subventions-dans-le-domaine-de-la-prevention-de-la-violence\/","name":"Subventions dans le domaine de la pr\u00e9vention de la violence - Contr\u00f4le f\u00e9d\u00e9ral des finances (CDF)","isPartOf":{"@id":"https:\/\/www.efk.admin.ch\/fr\/#website"},"datePublished":"2026-01-07T22:00:00+00:00","description":"Subventions dans le domaine de la pr\u00e9vention de la violence","breadcrumb":{"@id":"https:\/\/www.efk.admin.ch\/fr\/audit\/subventions-dans-le-domaine-de-la-prevention-de-la-violence\/#breadcrumb"},"inLanguage":"fr-FR","potentialAction":[{"@type":"ReadAction","target":["https:\/\/www.efk.admin.ch\/fr\/audit\/subventions-dans-le-domaine-de-la-prevention-de-la-violence\/"]}]},{"@type":"BreadcrumbList","@id":"https:\/\/www.efk.admin.ch\/fr\/audit\/subventions-dans-le-domaine-de-la-prevention-de-la-violence\/#breadcrumb","itemListElement":[{"@type":"ListItem","position":1,"name":"Home","item":"https:\/\/www.efk.admin.ch\/fr\/"},{"@type":"ListItem","position":2,"name":"Rapport","item":"https:\/\/www.efk.admin.ch\/fr\/audit\/"},{"@type":"ListItem","position":3,"name":"Subventions dans le domaine de la pr\u00e9vention de la violence"}]},{"@type":"WebSite","@id":"https:\/\/www.efk.admin.ch\/fr\/#website","url":"https:\/\/www.efk.admin.ch\/fr\/","name":"Informationen \u00fcber das oberste Finanzaufsichtsorgan der Schweiz","description":"Le Contr\u00f4le f\u00e9d\u00e9ral des finances (CDF) est l'organe supr\u00eame de surveillance financi\u00e8re de la Conf\u00e9d\u00e9ration suisse.","publisher":{"@id":"https:\/\/www.efk.admin.ch\/fr\/#organization"},"alternateName":"EFK","potentialAction":[{"@type":"SearchAction","target":{"@type":"EntryPoint","urlTemplate":"https:\/\/www.efk.admin.ch\/fr\/?s={search_term_string}"},"query-input":{"@type":"PropertyValueSpecification","valueRequired":true,"valueName":"search_term_string"}}],"inLanguage":"fr-FR"},{"@type":"Organization","@id":"https:\/\/www.efk.admin.ch\/fr\/#organization","name":"Contr\u00f4le f\u00e9d\u00e9ral des finances (CDF)","alternateName":"EFK","url":"https:\/\/www.efk.admin.ch\/fr\/","logo":{"@type":"ImageObject","inLanguage":"fr-FR","@id":"https:\/\/www.efk.admin.ch\/fr\/#\/schema\/logo\/image\/","url":"https:\/\/www.efk.admin.ch\/wp-content\/uploads\/efk_cdf_logo_ohne_claim.png","contentUrl":"https:\/\/www.efk.admin.ch\/wp-content\/uploads\/efk_cdf_logo_ohne_claim.png","width":268,"height":258,"caption":"Contr\u00f4le f\u00e9d\u00e9ral des finances (CDF)"},"image":{"@id":"https:\/\/www.efk.admin.ch\/fr\/#\/schema\/logo\/image\/"},"sameAs":["https:\/\/www.instagram.com\/efk_cdf_sfao\/","https:\/\/www.youtube.com\/channel\/UCm-bXj227VE5sJzhB-ihdvw\/featured","https:\/\/www.linkedin.com\/company\/11081578\/"]}]}},"_links":{"self":[{"href":"https:\/\/www.efk.admin.ch\/fr\/wp-json\/wp\/v2\/audit\/41409","targetHints":{"allow":["GET"]}}],"collection":[{"href":"https:\/\/www.efk.admin.ch\/fr\/wp-json\/wp\/v2\/audit"}],"about":[{"href":"https:\/\/www.efk.admin.ch\/fr\/wp-json\/wp\/v2\/types\/audit"}],"acf:post":[{"embeddable":true,"href":"https:\/\/www.efk.admin.ch\/fr\/wp-json\/wp\/v2\/office\/7907"},{"embeddable":true,"href":"https:\/\/www.efk.admin.ch\/fr\/wp-json\/wp\/v2\/office\/7899"},{"embeddable":true,"href":"https:\/\/www.efk.admin.ch\/fr\/wp-json\/wp\/v2\/office\/41064"},{"embeddable":true,"href":"https:\/\/www.efk.admin.ch\/fr\/wp-json\/wp\/v2\/office\/7916"}],"wp:attachment":[{"href":"https:\/\/www.efk.admin.ch\/fr\/wp-json\/wp\/v2\/media?parent=41409"}],"wp:term":[{"taxonomy":"audit_category","embeddable":true,"href":"https:\/\/www.efk.admin.ch\/fr\/wp-json\/wp\/v2\/audit_category?post=41409"},{"taxonomy":"audit_type","embeddable":true,"href":"https:\/\/www.efk.admin.ch\/fr\/wp-json\/wp\/v2\/audit_type?post=41409"}],"curies":[{"name":"wp","href":"https:\/\/api.w.org\/{rel}","templated":true}]}}

Subventions dans le domaine de la prévention de la violence

<p>L’art. 386 du code pénal suisse constitue la base pour les aides financières de la Confédération qui soutiennent les mesures préventives visant à éviter les infractions et à prévenir la délinquance. Au moment de l’audit, les quatre unités administratives susmentionnées s’appuient sur cette base légale pour accorder des subventions dans sept domaines. Pour chacun de ces domaines, le Conseil fédéral édicte une ordonnance qui fixe quels objectifs, contenus et types de mesures de prévention seront soutenus. En 2024, les quatre unités administratives ont approuvé 168 demandes et accordé des subventions pour un total de près de 13,2 millions de francs.<br><br>Le Contrôle fédéral des finances a examiné l’octroi des subventions. Il est parvenu à une appréciation globale positive. Des changements s’avèrent toutefois nécessaires au sein de certaines unités administratives, ainsi que dans la collaboration entre les quatre unités.</p>

<!-- This site is optimized with the Yoast SEO Premium plugin v27.4 (Yoast SEO v27.4) - https://yoast.com/product/yoast-seo-premium-wordpress/ -->
<title>Subventions dans le domaine de la prévention de la violence - Contrôle fédéral des finances (CDF)</title>
<meta name="description" content="Subventions dans le domaine de la prévention de la violence" />
<meta name="robots" content="index, follow, max-snippet:-1, max-image-preview:large, max-video-preview:-1" />
<link rel="canonical" href="https://www.efk.admin.ch/fr/audit/subventions-dans-le-domaine-de-la-prevention-de-la-violence/" />
<meta property="og:locale" content="fr_FR" />
<meta property="og:type" content="article" />
<meta property="og:title" content="Subventions dans le domaine de la prévention de la violence" />
<meta property="og:description" content="Subventions dans le domaine de la prévention de la violence" />
<meta property="og:url" content="https://www.efk.admin.ch/fr/audit/subventions-dans-le-domaine-de-la-prevention-de-la-violence/" />
<meta property="og:site_name" content="Contrôle fédéral des finances (CDF)" />
<meta property="og:image" content="https://www.efk.admin.ch/wp-content/uploads/test/palais.jpg" />
	<meta property="og:image:width" content="750" />
	<meta property="og:image:height" content="500" />
	<meta property="og:image:type" content="image/jpeg" />
<meta name="twitter:card" content="summary_large_image" />
<meta name="twitter:label1" content="Durée de lecture estimée" />
	<meta name="twitter:data1" content="1 minute" />
<script type="application/ld+json" class="yoast-schema-graph">{"@context":"https:\/\/schema.org","@graph":[{"@type":"WebPage","@id":"https:\/\/www.efk.admin.ch\/fr\/audit\/subventions-dans-le-domaine-de-la-prevention-de-la-violence\/","url":"https:\/\/www.efk.admin.ch\/fr\/audit\/subventions-dans-le-domaine-de-la-prevention-de-la-violence\/","name":"Subventions dans le domaine de la prévention de la violence - Contrôle fédéral des finances (CDF)","isPartOf":{"@id":"https:\/\/www.efk.admin.ch\/fr\/#website"},"datePublished":"2026-01-07T22:00:00+00:00","description":"Subventions dans le domaine de la prévention de la violence","breadcrumb":{"@id":"https:\/\/www.efk.admin.ch\/fr\/audit\/subventions-dans-le-domaine-de-la-prevention-de-la-violence\/#breadcrumb"},"inLanguage":"fr-FR","potentialAction":[{"@type":"ReadAction","target":["https:\/\/www.efk.admin.ch\/fr\/audit\/subventions-dans-le-domaine-de-la-prevention-de-la-violence\/"]}]},{"@type":"BreadcrumbList","@id":"https:\/\/www.efk.admin.ch\/fr\/audit\/subventions-dans-le-domaine-de-la-prevention-de-la-violence\/#breadcrumb","itemListElement":[{"@type":"ListItem","position":1,"name":"Home","item":"https:\/\/www.efk.admin.ch\/fr\/"},{"@type":"ListItem","position":2,"name":"Rapport","item":"https:\/\/www.efk.admin.ch\/fr\/audit\/"},{"@type":"ListItem","position":3,"name":"Subventions dans le domaine de la prévention de la violence"}]},{"@type":"WebSite","@id":"https:\/\/www.efk.admin.ch\/fr\/#website","url":"https:\/\/www.efk.admin.ch\/fr\/","name":"Informationen über das oberste Finanzaufsichtsorgan der Schweiz","description":"Le Contrôle fédéral des finances (CDF) est l'organe suprême de surveillance financière de la Confédération suisse.","publisher":{"@id":"https:\/\/www.efk.admin.ch\/fr\/#organization"},"alternateName":"EFK","potentialAction":[{"@type":"SearchAction","target":{"@type":"EntryPoint","urlTemplate":"https:\/\/www.efk.admin.ch\/fr\/?s={search_term_string}"},"query-input":{"@type":"PropertyValueSpecification","valueRequired":true,"valueName":"search_term_string"}}],"inLanguage":"fr-FR"},{"@type":"Organization","@id":"https:\/\/www.efk.admin.ch\/fr\/#organization","name":"Contrôle fédéral des finances (CDF)","alternateName":"EFK","url":"https:\/\/www.efk.admin.ch\/fr\/","logo":{"@type":"ImageObject","inLanguage":"fr-FR","@id":"https:\/\/www.efk.admin.ch\/fr\/#\/schema\/logo\/image\/","url":"https:\/\/www.efk.admin.ch\/wp-content\/uploads\/efk_cdf_logo_ohne_claim.png","contentUrl":"https:\/\/www.efk.admin.ch\/wp-content\/uploads\/efk_cdf_logo_ohne_claim.png","width":268,"height":258,"caption":"Contrôle fédéral des finances (CDF)"},"image":{"@id":"https:\/\/www.efk.admin.ch\/fr\/#\/schema\/logo\/image\/"},"sameAs":["https:\/\/www.instagram.com\/efk_cdf_sfao\/","https:\/\/www.youtube.com\/channel\/UCm-bXj227VE5sJzhB-ihdvw\/featured","https:\/\/www.linkedin.com\/company\/11081578\/"]}]}</script>
<!-- / Yoast SEO Premium plugin. -->

Subventions dans le domaine de la prévention de la violence - Contrôle fédéral des finances (CDF)

Contrôle fédéral des finances (CDF)

Informationen über das oberste Finanzaufsichtsorgan der Schweiz

Le Contrôle fédéral des finances (CDF) est l'organe suprême de surveillance financière de la Confédération suisse.
