{"id":35515,"date":"2025-01-13T23:00:00","date_gmt":"2025-01-13T22:00:00","guid":{"rendered":"https:\/\/www.efk.admin.ch\/?post_type=audit&#038;p=35515"},"modified":"2025-01-10T11:31:04","modified_gmt":"2025-01-10T10:31:04","slug":"couts-imputes-aux-fonds-de-compensation","status":"publish","type":"audit","link":"https:\/\/www.efk.admin.ch\/fr\/audit\/couts-imputes-aux-fonds-de-compensation\/","title":{"rendered":"Co\u00fbts imput\u00e9s aux fonds de compensation"},"content":{"rendered":"\n<p>L\u2019Office f\u00e9d\u00e9ral des assurances sociales (OFAS) est charg\u00e9 de la surveillance ainsi que de certaines t\u00e2ches d\u2019ex\u00e9cution dans le domaine des assurances sociales du 1er pilier. Les frais qui en d\u00e9coulent sont pris en charge par les fonds de compensation de l\u2019assurance-vieillesse et survivants, de l\u2019assurance-invalidit\u00e9 et du r\u00e9gime des allocations pour pertes de gain. En 2023, l\u2019OFAS a refactur\u00e9 des co\u00fbts \u00e0 hauteur de 21,8 millions de francs aux fonds de compensation, ce qui correspond \u00e0 plus de 29 % des d\u00e9penses courantes de l\u2019office.<br><br>Dans le cadre de la modernisation de la surveillance dans le 1er pilier entr\u00e9e en vigueur au 1er janvier 2024, les bases l\u00e9gales fixant la prise en charge des frais de l\u2019OFAS par les fonds de compensation ont \u00e9t\u00e9 uniformis\u00e9es et compl\u00e9t\u00e9es.<br><br>Suite \u00e0 une demande conjointe de l\u2019OFAS et de l\u2019Administration f\u00e9d\u00e9rale des finances (AFF), le Contr\u00f4le f\u00e9d\u00e9ral des finances (CDF) a examin\u00e9 l\u2019ad\u00e9quation des co\u00fbts refactur\u00e9s par l\u2019OFAS aux fonds de compensation. Les r\u00e9sultats montrent que ces co\u00fbts sont globalement conformes aux dispositions l\u00e9gales. Sur le plan de la transparence, le CDF rel\u00e8ve cependant un besoin de clarification relatifs aux co\u00fbts d\u2019exploitation de l\u2019informatique refactur\u00e9s jusqu\u2019en 2023, un manque de formalisation et d\u2019uniformit\u00e9 des processus appliqu\u00e9s pour d\u00e9terminer les co\u00fbts refacturables, une prise en compte incompl\u00e8te des charges de personnel, ainsi que la n\u00e9cessit\u00e9 de revoir les cl\u00e9s de r\u00e9partition appliqu\u00e9es pour les diff\u00e9rents fonds de compensation.<\/p>\n","protected":false},"featured_media":0,"menu_order":0,"template":"","audit_category":[35],"audit_type":[52],"class_list":["post-35515","audit","type-audit","status-publish","hentry","audit_category-assurances-sociales-et-prevoyance-vieillesse","audit_type-audit-fr"],"acf":{"audit_lang":null,"audit_numbers":[{"audit_number":"24610"}],"audit_office":[7907],"audit_office_text":"","audit_date":"20250113","bgo":false,"keywords":"","audit_office_local":""},"yoast_head":"<!-- This site is optimized with the Yoast SEO Premium plugin v27.4 (Yoast SEO v27.4) - https:\/\/yoast.com\/product\/yoast-seo-premium-wordpress\/ -->\n<title>Co\u00fbts imput\u00e9s aux fonds de compensation - Contr\u00f4le f\u00e9d\u00e9ral des finances (CDF)<\/title>\n<meta name=\"description\" content=\"Co\u00fbts imput\u00e9s aux fonds de compensation\" \/>\n<meta name=\"robots\" content=\"index, follow, max-snippet:-1, max-image-preview:large, max-video-preview:-1\" \/>\n<link rel=\"canonical\" href=\"https:\/\/www.efk.admin.ch\/fr\/audit\/couts-imputes-aux-fonds-de-compensation\/\" \/>\n<meta property=\"og:locale\" content=\"fr_FR\" \/>\n<meta property=\"og:type\" content=\"article\" \/>\n<meta property=\"og:title\" content=\"Co\u00fbts imput\u00e9s aux fonds de compensation\" \/>\n<meta property=\"og:description\" content=\"Co\u00fbts imput\u00e9s aux fonds de compensation\" \/>\n<meta property=\"og:url\" content=\"https:\/\/www.efk.admin.ch\/fr\/audit\/couts-imputes-aux-fonds-de-compensation\/\" \/>\n<meta property=\"og:site_name\" content=\"Contr\u00f4le f\u00e9d\u00e9ral des finances (CDF)\" \/>\n<meta property=\"og:image\" content=\"https:\/\/www.efk.admin.ch\/wp-content\/uploads\/test\/palais.jpg\" \/>\n\t<meta property=\"og:image:width\" content=\"750\" \/>\n\t<meta property=\"og:image:height\" content=\"500\" \/>\n\t<meta property=\"og:image:type\" content=\"image\/jpeg\" \/>\n<meta name=\"twitter:card\" content=\"summary_large_image\" \/>\n<meta name=\"twitter:label1\" content=\"Dur\u00e9e de lecture estim\u00e9e\" \/>\n\t<meta name=\"twitter:data1\" content=\"2 minutes\" \/>\n<script type=\"application\/ld+json\" class=\"yoast-schema-graph\">{\"@context\":\"https:\\\/\\\/schema.org\",\"@graph\":[{\"@type\":\"WebPage\",\"@id\":\"https:\\\/\\\/www.efk.admin.ch\\\/fr\\\/audit\\\/couts-imputes-aux-fonds-de-compensation\\\/\",\"url\":\"https:\\\/\\\/www.efk.admin.ch\\\/fr\\\/audit\\\/couts-imputes-aux-fonds-de-compensation\\\/\",\"name\":\"Co\u00fbts imput\u00e9s aux fonds de compensation - Contr\u00f4le f\u00e9d\u00e9ral des finances (CDF)\",\"isPartOf\":{\"@id\":\"https:\\\/\\\/www.efk.admin.ch\\\/fr\\\/#website\"},\"datePublished\":\"2025-01-13T22:00:00+00:00\",\"description\":\"Co\u00fbts imput\u00e9s aux fonds de compensation\",\"breadcrumb\":{\"@id\":\"https:\\\/\\\/www.efk.admin.ch\\\/fr\\\/audit\\\/couts-imputes-aux-fonds-de-compensation\\\/#breadcrumb\"},\"inLanguage\":\"fr-FR\",\"potentialAction\":[{\"@type\":\"ReadAction\",\"target\":[\"https:\\\/\\\/www.efk.admin.ch\\\/fr\\\/audit\\\/couts-imputes-aux-fonds-de-compensation\\\/\"]}]},{\"@type\":\"BreadcrumbList\",\"@id\":\"https:\\\/\\\/www.efk.admin.ch\\\/fr\\\/audit\\\/couts-imputes-aux-fonds-de-compensation\\\/#breadcrumb\",\"itemListElement\":[{\"@type\":\"ListItem\",\"position\":1,\"name\":\"Home\",\"item\":\"https:\\\/\\\/www.efk.admin.ch\\\/fr\\\/\"},{\"@type\":\"ListItem\",\"position\":2,\"name\":\"Rapport\",\"item\":\"https:\\\/\\\/www.efk.admin.ch\\\/fr\\\/audit\\\/\"},{\"@type\":\"ListItem\",\"position\":3,\"name\":\"Co\u00fbts imput\u00e9s aux fonds de compensation\"}]},{\"@type\":\"WebSite\",\"@id\":\"https:\\\/\\\/www.efk.admin.ch\\\/fr\\\/#website\",\"url\":\"https:\\\/\\\/www.efk.admin.ch\\\/fr\\\/\",\"name\":\"Informationen \u00fcber das oberste Finanzaufsichtsorgan der Schweiz\",\"description\":\"Le Contr\u00f4le f\u00e9d\u00e9ral des finances (CDF) est l'organe supr\u00eame de surveillance financi\u00e8re de la Conf\u00e9d\u00e9ration suisse.\",\"publisher\":{\"@id\":\"https:\\\/\\\/www.efk.admin.ch\\\/fr\\\/#organization\"},\"alternateName\":\"EFK\",\"potentialAction\":[{\"@type\":\"SearchAction\",\"target\":{\"@type\":\"EntryPoint\",\"urlTemplate\":\"https:\\\/\\\/www.efk.admin.ch\\\/fr\\\/?s={search_term_string}\"},\"query-input\":{\"@type\":\"PropertyValueSpecification\",\"valueRequired\":true,\"valueName\":\"search_term_string\"}}],\"inLanguage\":\"fr-FR\"},{\"@type\":\"Organization\",\"@id\":\"https:\\\/\\\/www.efk.admin.ch\\\/fr\\\/#organization\",\"name\":\"Contr\u00f4le f\u00e9d\u00e9ral des finances (CDF)\",\"alternateName\":\"EFK\",\"url\":\"https:\\\/\\\/www.efk.admin.ch\\\/fr\\\/\",\"logo\":{\"@type\":\"ImageObject\",\"inLanguage\":\"fr-FR\",\"@id\":\"https:\\\/\\\/www.efk.admin.ch\\\/fr\\\/#\\\/schema\\\/logo\\\/image\\\/\",\"url\":\"https:\\\/\\\/www.efk.admin.ch\\\/wp-content\\\/uploads\\\/efk_cdf_logo_ohne_claim.png\",\"contentUrl\":\"https:\\\/\\\/www.efk.admin.ch\\\/wp-content\\\/uploads\\\/efk_cdf_logo_ohne_claim.png\",\"width\":268,\"height\":258,\"caption\":\"Contr\u00f4le f\u00e9d\u00e9ral des finances (CDF)\"},\"image\":{\"@id\":\"https:\\\/\\\/www.efk.admin.ch\\\/fr\\\/#\\\/schema\\\/logo\\\/image\\\/\"},\"sameAs\":[\"https:\\\/\\\/www.instagram.com\\\/efk_cdf_sfao\\\/\",\"https:\\\/\\\/www.youtube.com\\\/channel\\\/UCm-bXj227VE5sJzhB-ihdvw\\\/featured\",\"https:\\\/\\\/www.linkedin.com\\\/company\\\/11081578\\\/\"]}]}<\/script>\n<!-- \/ Yoast SEO Premium plugin. -->","yoast_head_json":{"title":"Co\u00fbts imput\u00e9s aux fonds de compensation - Contr\u00f4le f\u00e9d\u00e9ral des finances (CDF)","description":"Co\u00fbts imput\u00e9s aux fonds de compensation","robots":{"index":"index","follow":"follow","max-snippet":"max-snippet:-1","max-image-preview":"max-image-preview:large","max-video-preview":"max-video-preview:-1"},"canonical":"https:\/\/www.efk.admin.ch\/fr\/audit\/couts-imputes-aux-fonds-de-compensation\/","og_locale":"fr_FR","og_type":"article","og_title":"Co\u00fbts imput\u00e9s aux fonds de compensation","og_description":"Co\u00fbts imput\u00e9s aux fonds de compensation","og_url":"https:\/\/www.efk.admin.ch\/fr\/audit\/couts-imputes-aux-fonds-de-compensation\/","og_site_name":"Contr\u00f4le f\u00e9d\u00e9ral des finances (CDF)","og_image":[{"width":750,"height":500,"url":"https:\/\/www.efk.admin.ch\/wp-content\/uploads\/test\/palais.jpg","type":"image\/jpeg"}],"twitter_card":"summary_large_image","twitter_misc":{"Dur\u00e9e de lecture estim\u00e9e":"2 minutes"},"schema":{"@context":"https:\/\/schema.org","@graph":[{"@type":"WebPage","@id":"https:\/\/www.efk.admin.ch\/fr\/audit\/couts-imputes-aux-fonds-de-compensation\/","url":"https:\/\/www.efk.admin.ch\/fr\/audit\/couts-imputes-aux-fonds-de-compensation\/","name":"Co\u00fbts imput\u00e9s aux fonds de compensation - Contr\u00f4le f\u00e9d\u00e9ral des finances (CDF)","isPartOf":{"@id":"https:\/\/www.efk.admin.ch\/fr\/#website"},"datePublished":"2025-01-13T22:00:00+00:00","description":"Co\u00fbts imput\u00e9s aux fonds de compensation","breadcrumb":{"@id":"https:\/\/www.efk.admin.ch\/fr\/audit\/couts-imputes-aux-fonds-de-compensation\/#breadcrumb"},"inLanguage":"fr-FR","potentialAction":[{"@type":"ReadAction","target":["https:\/\/www.efk.admin.ch\/fr\/audit\/couts-imputes-aux-fonds-de-compensation\/"]}]},{"@type":"BreadcrumbList","@id":"https:\/\/www.efk.admin.ch\/fr\/audit\/couts-imputes-aux-fonds-de-compensation\/#breadcrumb","itemListElement":[{"@type":"ListItem","position":1,"name":"Home","item":"https:\/\/www.efk.admin.ch\/fr\/"},{"@type":"ListItem","position":2,"name":"Rapport","item":"https:\/\/www.efk.admin.ch\/fr\/audit\/"},{"@type":"ListItem","position":3,"name":"Co\u00fbts imput\u00e9s aux fonds de compensation"}]},{"@type":"WebSite","@id":"https:\/\/www.efk.admin.ch\/fr\/#website","url":"https:\/\/www.efk.admin.ch\/fr\/","name":"Informationen \u00fcber das oberste Finanzaufsichtsorgan der Schweiz","description":"Le Contr\u00f4le f\u00e9d\u00e9ral des finances (CDF) est l'organe supr\u00eame de surveillance financi\u00e8re de la Conf\u00e9d\u00e9ration suisse.","publisher":{"@id":"https:\/\/www.efk.admin.ch\/fr\/#organization"},"alternateName":"EFK","potentialAction":[{"@type":"SearchAction","target":{"@type":"EntryPoint","urlTemplate":"https:\/\/www.efk.admin.ch\/fr\/?s={search_term_string}"},"query-input":{"@type":"PropertyValueSpecification","valueRequired":true,"valueName":"search_term_string"}}],"inLanguage":"fr-FR"},{"@type":"Organization","@id":"https:\/\/www.efk.admin.ch\/fr\/#organization","name":"Contr\u00f4le f\u00e9d\u00e9ral des finances (CDF)","alternateName":"EFK","url":"https:\/\/www.efk.admin.ch\/fr\/","logo":{"@type":"ImageObject","inLanguage":"fr-FR","@id":"https:\/\/www.efk.admin.ch\/fr\/#\/schema\/logo\/image\/","url":"https:\/\/www.efk.admin.ch\/wp-content\/uploads\/efk_cdf_logo_ohne_claim.png","contentUrl":"https:\/\/www.efk.admin.ch\/wp-content\/uploads\/efk_cdf_logo_ohne_claim.png","width":268,"height":258,"caption":"Contr\u00f4le f\u00e9d\u00e9ral des finances (CDF)"},"image":{"@id":"https:\/\/www.efk.admin.ch\/fr\/#\/schema\/logo\/image\/"},"sameAs":["https:\/\/www.instagram.com\/efk_cdf_sfao\/","https:\/\/www.youtube.com\/channel\/UCm-bXj227VE5sJzhB-ihdvw\/featured","https:\/\/www.linkedin.com\/company\/11081578\/"]}]}},"_links":{"self":[{"href":"https:\/\/www.efk.admin.ch\/fr\/wp-json\/wp\/v2\/audit\/35515","targetHints":{"allow":["GET"]}}],"collection":[{"href":"https:\/\/www.efk.admin.ch\/fr\/wp-json\/wp\/v2\/audit"}],"about":[{"href":"https:\/\/www.efk.admin.ch\/fr\/wp-json\/wp\/v2\/types\/audit"}],"acf:post":[{"embeddable":true,"href":"https:\/\/www.efk.admin.ch\/fr\/wp-json\/wp\/v2\/office\/7907"}],"wp:attachment":[{"href":"https:\/\/www.efk.admin.ch\/fr\/wp-json\/wp\/v2\/media?parent=35515"}],"wp:term":[{"taxonomy":"audit_category","embeddable":true,"href":"https:\/\/www.efk.admin.ch\/fr\/wp-json\/wp\/v2\/audit_category?post=35515"},{"taxonomy":"audit_type","embeddable":true,"href":"https:\/\/www.efk.admin.ch\/fr\/wp-json\/wp\/v2\/audit_type?post=35515"}],"curies":[{"name":"wp","href":"https:\/\/api.w.org\/{rel}","templated":true}]}}

Coûts imputés aux fonds de compensation

<p>L’Office fédéral des assurances sociales (OFAS) est chargé de la surveillance ainsi que de certaines tâches d’exécution dans le domaine des assurances sociales du 1er pilier. Les frais qui en découlent sont pris en charge par les fonds de compensation de l’assurance-vieillesse et survivants, de l’assurance-invalidité et du régime des allocations pour pertes de gain. En 2023, l’OFAS a refacturé des coûts à hauteur de 21,8 millions de francs aux fonds de compensation, ce qui correspond à plus de 29 % des dépenses courantes de l’office.<br><br>Dans le cadre de la modernisation de la surveillance dans le 1er pilier entrée en vigueur au 1er janvier 2024, les bases légales fixant la prise en charge des frais de l’OFAS par les fonds de compensation ont été uniformisées et complétées.<br><br>Suite à une demande conjointe de l’OFAS et de l’Administration fédérale des finances (AFF), le Contrôle fédéral des finances (CDF) a examiné l’adéquation des coûts refacturés par l’OFAS aux fonds de compensation. Les résultats montrent que ces coûts sont globalement conformes aux dispositions légales. Sur le plan de la transparence, le CDF relève cependant un besoin de clarification relatifs aux coûts d’exploitation de l’informatique refacturés jusqu’en 2023, un manque de formalisation et d’uniformité des processus appliqués pour déterminer les coûts refacturables, une prise en compte incomplète des charges de personnel, ainsi que la nécessité de revoir les clés de répartition appliquées pour les différents fonds de compensation.</p>

<!-- This site is optimized with the Yoast SEO Premium plugin v27.4 (Yoast SEO v27.4) - https://yoast.com/product/yoast-seo-premium-wordpress/ -->
<title>Coûts imputés aux fonds de compensation - Contrôle fédéral des finances (CDF)</title>
<meta name="description" content="Coûts imputés aux fonds de compensation" />
<meta name="robots" content="index, follow, max-snippet:-1, max-image-preview:large, max-video-preview:-1" />
<link rel="canonical" href="https://www.efk.admin.ch/fr/audit/couts-imputes-aux-fonds-de-compensation/" />
<meta property="og:locale" content="fr_FR" />
<meta property="og:type" content="article" />
<meta property="og:title" content="Coûts imputés aux fonds de compensation" />
<meta property="og:description" content="Coûts imputés aux fonds de compensation" />
<meta property="og:url" content="https://www.efk.admin.ch/fr/audit/couts-imputes-aux-fonds-de-compensation/" />
<meta property="og:site_name" content="Contrôle fédéral des finances (CDF)" />
<meta property="og:image" content="https://www.efk.admin.ch/wp-content/uploads/test/palais.jpg" />
	<meta property="og:image:width" content="750" />
	<meta property="og:image:height" content="500" />
	<meta property="og:image:type" content="image/jpeg" />
<meta name="twitter:card" content="summary_large_image" />
<meta name="twitter:label1" content="Durée de lecture estimée" />
	<meta name="twitter:data1" content="2 minutes" />
<script type="application/ld+json" class="yoast-schema-graph">{"@context":"https:\/\/schema.org","@graph":[{"@type":"WebPage","@id":"https:\/\/www.efk.admin.ch\/fr\/audit\/couts-imputes-aux-fonds-de-compensation\/","url":"https:\/\/www.efk.admin.ch\/fr\/audit\/couts-imputes-aux-fonds-de-compensation\/","name":"Coûts imputés aux fonds de compensation - Contrôle fédéral des finances (CDF)","isPartOf":{"@id":"https:\/\/www.efk.admin.ch\/fr\/#website"},"datePublished":"2025-01-13T22:00:00+00:00","description":"Coûts imputés aux fonds de compensation","breadcrumb":{"@id":"https:\/\/www.efk.admin.ch\/fr\/audit\/couts-imputes-aux-fonds-de-compensation\/#breadcrumb"},"inLanguage":"fr-FR","potentialAction":[{"@type":"ReadAction","target":["https:\/\/www.efk.admin.ch\/fr\/audit\/couts-imputes-aux-fonds-de-compensation\/"]}]},{"@type":"BreadcrumbList","@id":"https:\/\/www.efk.admin.ch\/fr\/audit\/couts-imputes-aux-fonds-de-compensation\/#breadcrumb","itemListElement":[{"@type":"ListItem","position":1,"name":"Home","item":"https:\/\/www.efk.admin.ch\/fr\/"},{"@type":"ListItem","position":2,"name":"Rapport","item":"https:\/\/www.efk.admin.ch\/fr\/audit\/"},{"@type":"ListItem","position":3,"name":"Coûts imputés aux fonds de compensation"}]},{"@type":"WebSite","@id":"https:\/\/www.efk.admin.ch\/fr\/#website","url":"https:\/\/www.efk.admin.ch\/fr\/","name":"Informationen über das oberste Finanzaufsichtsorgan der Schweiz","description":"Le Contrôle fédéral des finances (CDF) est l'organe suprême de surveillance financière de la Confédération suisse.","publisher":{"@id":"https:\/\/www.efk.admin.ch\/fr\/#organization"},"alternateName":"EFK","potentialAction":[{"@type":"SearchAction","target":{"@type":"EntryPoint","urlTemplate":"https:\/\/www.efk.admin.ch\/fr\/?s={search_term_string}"},"query-input":{"@type":"PropertyValueSpecification","valueRequired":true,"valueName":"search_term_string"}}],"inLanguage":"fr-FR"},{"@type":"Organization","@id":"https:\/\/www.efk.admin.ch\/fr\/#organization","name":"Contrôle fédéral des finances (CDF)","alternateName":"EFK","url":"https:\/\/www.efk.admin.ch\/fr\/","logo":{"@type":"ImageObject","inLanguage":"fr-FR","@id":"https:\/\/www.efk.admin.ch\/fr\/#\/schema\/logo\/image\/","url":"https:\/\/www.efk.admin.ch\/wp-content\/uploads\/efk_cdf_logo_ohne_claim.png","contentUrl":"https:\/\/www.efk.admin.ch\/wp-content\/uploads\/efk_cdf_logo_ohne_claim.png","width":268,"height":258,"caption":"Contrôle fédéral des finances (CDF)"},"image":{"@id":"https:\/\/www.efk.admin.ch\/fr\/#\/schema\/logo\/image\/"},"sameAs":["https:\/\/www.instagram.com\/efk_cdf_sfao\/","https:\/\/www.youtube.com\/channel\/UCm-bXj227VE5sJzhB-ihdvw\/featured","https:\/\/www.linkedin.com\/company\/11081578\/"]}]}</script>
<!-- / Yoast SEO Premium plugin. -->

Coûts imputés aux fonds de compensation - Contrôle fédéral des finances (CDF)

Contrôle fédéral des finances (CDF)

Informationen über das oberste Finanzaufsichtsorgan der Schweiz

Le Contrôle fédéral des finances (CDF) est l'organe suprême de surveillance financière de la Confédération suisse.
