{"id":25743,"date":"2024-03-12T17:54:06","date_gmt":"2024-03-12T16:54:06","guid":{"rendered":"https:\/\/preview.efk.admin.ch\/?post_type=audit&#038;p=25743"},"modified":"2024-03-21T18:52:44","modified_gmt":"2024-03-21T17:52:44","slug":"evaluation-de-la-mesure-de-lefficacite-de-la-collaboration-et-de-la-satisfaction","status":"publish","type":"audit","link":"https:\/\/www.efk.admin.ch\/fr\/audit\/evaluation-de-la-mesure-de-lefficacite-de-la-collaboration-et-de-la-satisfaction\/","title":{"rendered":"Evaluation de la mesure de l&#8217;efficacit\u00e9, de la collaboration et de la satisfaction"},"content":{"rendered":"\n<p>Le Contr\u00f4le f\u00e9d\u00e9ral des finances a proc\u00e9d\u00e9 \u00e0 une \u00e9valuation de Suisse Tourisme durant le premier semestre 2003. Celle-ci doit montrer comment Suisse Tourisme mesure les effets de son action et d\u00e9terminer si les rapports de causalit\u00e9 entre son activit\u00e9 et l\u2019am\u00e9lioration de la situation dans la branche du tourisme sont r\u00e9alistes. Il s\u2019agit en outre d\u2019examiner si Suisse Tourisme coordonne de mani\u00e8re appropri\u00e9e ses interventions sur le march\u00e9 avec les autres organismes de la Conf\u00e9d\u00e9ration int\u00e9ress\u00e9s \u00e0 l\u2019image de notre pays. Il importe \u00e9galement de v\u00e9rifier si les partenaires ainsi que les autres organisations et entreprises concern\u00e9es ou int\u00e9ress\u00e9es sont satisfaites des prestations offertes par Suisse Tourisme.<\/p>\n","protected":false},"featured_media":0,"menu_order":0,"template":"","audit_category":[88],"audit_type":[100],"class_list":["post-25743","audit","type-audit","status-publish","hentry","audit_category-economie-et-agriculture","audit_type-evaluation"],"acf":{"audit_lang":[{"lang":"d"}],"audit_numbers":[{"audit_number":"AAH"}],"audit_office":[8065],"audit_office_text":"","audit_date":"20040305","bgo":false,"keywords":"","audit_office_local":""},"yoast_head":"<!-- This site is optimized with the Yoast SEO Premium plugin v27.4 (Yoast SEO v27.4) - https:\/\/yoast.com\/product\/yoast-seo-premium-wordpress\/ -->\n<title>Evaluation de la mesure de l&#039;efficacit\u00e9, de la collaboration et de la satisfaction - Contr\u00f4le f\u00e9d\u00e9ral des finances (CDF)<\/title>\n<meta name=\"description\" content=\"Evaluation de la mesure de l&#039;efficacit\u00e9, de la collaboration et de la satisfaction\" \/>\n<meta name=\"robots\" content=\"index, follow, max-snippet:-1, max-image-preview:large, max-video-preview:-1\" \/>\n<link rel=\"canonical\" href=\"https:\/\/www.efk.admin.ch\/fr\/audit\/evaluation-de-la-mesure-de-lefficacite-de-la-collaboration-et-de-la-satisfaction\/\" \/>\n<meta property=\"og:locale\" content=\"fr_FR\" \/>\n<meta property=\"og:type\" content=\"article\" \/>\n<meta property=\"og:title\" content=\"Evaluation de la mesure de l&#039;efficacit\u00e9, de la collaboration et de la satisfaction\" \/>\n<meta property=\"og:description\" content=\"Evaluation de la mesure de l&#039;efficacit\u00e9, de la collaboration et de la satisfaction\" \/>\n<meta property=\"og:url\" content=\"https:\/\/www.efk.admin.ch\/fr\/audit\/evaluation-de-la-mesure-de-lefficacite-de-la-collaboration-et-de-la-satisfaction\/\" \/>\n<meta property=\"og:site_name\" content=\"Contr\u00f4le f\u00e9d\u00e9ral des finances (CDF)\" \/>\n<meta property=\"article:modified_time\" content=\"2024-03-21T17:52:44+00:00\" \/>\n<meta property=\"og:image\" content=\"https:\/\/www.efk.admin.ch\/wp-content\/uploads\/test\/palais.jpg\" \/>\n\t<meta property=\"og:image:width\" content=\"750\" \/>\n\t<meta property=\"og:image:height\" content=\"500\" \/>\n\t<meta property=\"og:image:type\" content=\"image\/jpeg\" \/>\n<meta name=\"twitter:card\" content=\"summary_large_image\" \/>\n<meta name=\"twitter:label1\" content=\"Dur\u00e9e de lecture estim\u00e9e\" \/>\n\t<meta name=\"twitter:data1\" content=\"1 minute\" \/>\n<script type=\"application\/ld+json\" class=\"yoast-schema-graph\">{\"@context\":\"https:\\\/\\\/schema.org\",\"@graph\":[{\"@type\":\"WebPage\",\"@id\":\"https:\\\/\\\/www.efk.admin.ch\\\/fr\\\/audit\\\/evaluation-de-la-mesure-de-lefficacite-de-la-collaboration-et-de-la-satisfaction\\\/\",\"url\":\"https:\\\/\\\/www.efk.admin.ch\\\/fr\\\/audit\\\/evaluation-de-la-mesure-de-lefficacite-de-la-collaboration-et-de-la-satisfaction\\\/\",\"name\":\"Evaluation de la mesure de l'efficacit\u00e9, de la collaboration et de la satisfaction - Contr\u00f4le f\u00e9d\u00e9ral des finances (CDF)\",\"isPartOf\":{\"@id\":\"https:\\\/\\\/www.efk.admin.ch\\\/fr\\\/#website\"},\"datePublished\":\"2024-03-12T16:54:06+00:00\",\"dateModified\":\"2024-03-21T17:52:44+00:00\",\"description\":\"Evaluation de la mesure de l'efficacit\u00e9, de la collaboration et de la satisfaction\",\"breadcrumb\":{\"@id\":\"https:\\\/\\\/www.efk.admin.ch\\\/fr\\\/audit\\\/evaluation-de-la-mesure-de-lefficacite-de-la-collaboration-et-de-la-satisfaction\\\/#breadcrumb\"},\"inLanguage\":\"fr-FR\",\"potentialAction\":[{\"@type\":\"ReadAction\",\"target\":[\"https:\\\/\\\/www.efk.admin.ch\\\/fr\\\/audit\\\/evaluation-de-la-mesure-de-lefficacite-de-la-collaboration-et-de-la-satisfaction\\\/\"]}]},{\"@type\":\"BreadcrumbList\",\"@id\":\"https:\\\/\\\/www.efk.admin.ch\\\/fr\\\/audit\\\/evaluation-de-la-mesure-de-lefficacite-de-la-collaboration-et-de-la-satisfaction\\\/#breadcrumb\",\"itemListElement\":[{\"@type\":\"ListItem\",\"position\":1,\"name\":\"Home\",\"item\":\"https:\\\/\\\/www.efk.admin.ch\\\/fr\\\/\"},{\"@type\":\"ListItem\",\"position\":2,\"name\":\"Rapport\",\"item\":\"https:\\\/\\\/www.efk.admin.ch\\\/fr\\\/audit\\\/\"},{\"@type\":\"ListItem\",\"position\":3,\"name\":\"Evaluation de la mesure de l&#8217;efficacit\u00e9, de la collaboration et de la satisfaction\"}]},{\"@type\":\"WebSite\",\"@id\":\"https:\\\/\\\/www.efk.admin.ch\\\/fr\\\/#website\",\"url\":\"https:\\\/\\\/www.efk.admin.ch\\\/fr\\\/\",\"name\":\"Informationen \u00fcber das oberste Finanzaufsichtsorgan der Schweiz\",\"description\":\"Le Contr\u00f4le f\u00e9d\u00e9ral des finances (CDF) est l'organe supr\u00eame de surveillance financi\u00e8re de la Conf\u00e9d\u00e9ration suisse.\",\"publisher\":{\"@id\":\"https:\\\/\\\/www.efk.admin.ch\\\/fr\\\/#organization\"},\"alternateName\":\"EFK\",\"potentialAction\":[{\"@type\":\"SearchAction\",\"target\":{\"@type\":\"EntryPoint\",\"urlTemplate\":\"https:\\\/\\\/www.efk.admin.ch\\\/fr\\\/?s={search_term_string}\"},\"query-input\":{\"@type\":\"PropertyValueSpecification\",\"valueRequired\":true,\"valueName\":\"search_term_string\"}}],\"inLanguage\":\"fr-FR\"},{\"@type\":\"Organization\",\"@id\":\"https:\\\/\\\/www.efk.admin.ch\\\/fr\\\/#organization\",\"name\":\"Contr\u00f4le f\u00e9d\u00e9ral des finances (CDF)\",\"alternateName\":\"EFK\",\"url\":\"https:\\\/\\\/www.efk.admin.ch\\\/fr\\\/\",\"logo\":{\"@type\":\"ImageObject\",\"inLanguage\":\"fr-FR\",\"@id\":\"https:\\\/\\\/www.efk.admin.ch\\\/fr\\\/#\\\/schema\\\/logo\\\/image\\\/\",\"url\":\"https:\\\/\\\/www.efk.admin.ch\\\/wp-content\\\/uploads\\\/efk_cdf_logo_ohne_claim.png\",\"contentUrl\":\"https:\\\/\\\/www.efk.admin.ch\\\/wp-content\\\/uploads\\\/efk_cdf_logo_ohne_claim.png\",\"width\":268,\"height\":258,\"caption\":\"Contr\u00f4le f\u00e9d\u00e9ral des finances (CDF)\"},\"image\":{\"@id\":\"https:\\\/\\\/www.efk.admin.ch\\\/fr\\\/#\\\/schema\\\/logo\\\/image\\\/\"},\"sameAs\":[\"https:\\\/\\\/www.instagram.com\\\/efk_cdf_sfao\\\/\",\"https:\\\/\\\/www.youtube.com\\\/channel\\\/UCm-bXj227VE5sJzhB-ihdvw\\\/featured\",\"https:\\\/\\\/www.linkedin.com\\\/company\\\/11081578\\\/\"]}]}<\/script>\n<!-- \/ Yoast SEO Premium plugin. -->","yoast_head_json":{"title":"Evaluation de la mesure de l'efficacit\u00e9, de la collaboration et de la satisfaction - Contr\u00f4le f\u00e9d\u00e9ral des finances (CDF)","description":"Evaluation de la mesure de l'efficacit\u00e9, de la collaboration et de la satisfaction","robots":{"index":"index","follow":"follow","max-snippet":"max-snippet:-1","max-image-preview":"max-image-preview:large","max-video-preview":"max-video-preview:-1"},"canonical":"https:\/\/www.efk.admin.ch\/fr\/audit\/evaluation-de-la-mesure-de-lefficacite-de-la-collaboration-et-de-la-satisfaction\/","og_locale":"fr_FR","og_type":"article","og_title":"Evaluation de la mesure de l'efficacit\u00e9, de la collaboration et de la satisfaction","og_description":"Evaluation de la mesure de l'efficacit\u00e9, de la collaboration et de la satisfaction","og_url":"https:\/\/www.efk.admin.ch\/fr\/audit\/evaluation-de-la-mesure-de-lefficacite-de-la-collaboration-et-de-la-satisfaction\/","og_site_name":"Contr\u00f4le f\u00e9d\u00e9ral des finances (CDF)","article_modified_time":"2024-03-21T17:52:44+00:00","og_image":[{"width":750,"height":500,"url":"https:\/\/www.efk.admin.ch\/wp-content\/uploads\/test\/palais.jpg","type":"image\/jpeg"}],"twitter_card":"summary_large_image","twitter_misc":{"Dur\u00e9e de lecture estim\u00e9e":"1 minute"},"schema":{"@context":"https:\/\/schema.org","@graph":[{"@type":"WebPage","@id":"https:\/\/www.efk.admin.ch\/fr\/audit\/evaluation-de-la-mesure-de-lefficacite-de-la-collaboration-et-de-la-satisfaction\/","url":"https:\/\/www.efk.admin.ch\/fr\/audit\/evaluation-de-la-mesure-de-lefficacite-de-la-collaboration-et-de-la-satisfaction\/","name":"Evaluation de la mesure de l'efficacit\u00e9, de la collaboration et de la satisfaction - Contr\u00f4le f\u00e9d\u00e9ral des finances (CDF)","isPartOf":{"@id":"https:\/\/www.efk.admin.ch\/fr\/#website"},"datePublished":"2024-03-12T16:54:06+00:00","dateModified":"2024-03-21T17:52:44+00:00","description":"Evaluation de la mesure de l'efficacit\u00e9, de la collaboration et de la satisfaction","breadcrumb":{"@id":"https:\/\/www.efk.admin.ch\/fr\/audit\/evaluation-de-la-mesure-de-lefficacite-de-la-collaboration-et-de-la-satisfaction\/#breadcrumb"},"inLanguage":"fr-FR","potentialAction":[{"@type":"ReadAction","target":["https:\/\/www.efk.admin.ch\/fr\/audit\/evaluation-de-la-mesure-de-lefficacite-de-la-collaboration-et-de-la-satisfaction\/"]}]},{"@type":"BreadcrumbList","@id":"https:\/\/www.efk.admin.ch\/fr\/audit\/evaluation-de-la-mesure-de-lefficacite-de-la-collaboration-et-de-la-satisfaction\/#breadcrumb","itemListElement":[{"@type":"ListItem","position":1,"name":"Home","item":"https:\/\/www.efk.admin.ch\/fr\/"},{"@type":"ListItem","position":2,"name":"Rapport","item":"https:\/\/www.efk.admin.ch\/fr\/audit\/"},{"@type":"ListItem","position":3,"name":"Evaluation de la mesure de l&#8217;efficacit\u00e9, de la collaboration et de la satisfaction"}]},{"@type":"WebSite","@id":"https:\/\/www.efk.admin.ch\/fr\/#website","url":"https:\/\/www.efk.admin.ch\/fr\/","name":"Informationen \u00fcber das oberste Finanzaufsichtsorgan der Schweiz","description":"Le Contr\u00f4le f\u00e9d\u00e9ral des finances (CDF) est l'organe supr\u00eame de surveillance financi\u00e8re de la Conf\u00e9d\u00e9ration suisse.","publisher":{"@id":"https:\/\/www.efk.admin.ch\/fr\/#organization"},"alternateName":"EFK","potentialAction":[{"@type":"SearchAction","target":{"@type":"EntryPoint","urlTemplate":"https:\/\/www.efk.admin.ch\/fr\/?s={search_term_string}"},"query-input":{"@type":"PropertyValueSpecification","valueRequired":true,"valueName":"search_term_string"}}],"inLanguage":"fr-FR"},{"@type":"Organization","@id":"https:\/\/www.efk.admin.ch\/fr\/#organization","name":"Contr\u00f4le f\u00e9d\u00e9ral des finances (CDF)","alternateName":"EFK","url":"https:\/\/www.efk.admin.ch\/fr\/","logo":{"@type":"ImageObject","inLanguage":"fr-FR","@id":"https:\/\/www.efk.admin.ch\/fr\/#\/schema\/logo\/image\/","url":"https:\/\/www.efk.admin.ch\/wp-content\/uploads\/efk_cdf_logo_ohne_claim.png","contentUrl":"https:\/\/www.efk.admin.ch\/wp-content\/uploads\/efk_cdf_logo_ohne_claim.png","width":268,"height":258,"caption":"Contr\u00f4le f\u00e9d\u00e9ral des finances (CDF)"},"image":{"@id":"https:\/\/www.efk.admin.ch\/fr\/#\/schema\/logo\/image\/"},"sameAs":["https:\/\/www.instagram.com\/efk_cdf_sfao\/","https:\/\/www.youtube.com\/channel\/UCm-bXj227VE5sJzhB-ihdvw\/featured","https:\/\/www.linkedin.com\/company\/11081578\/"]}]}},"_links":{"self":[{"href":"https:\/\/www.efk.admin.ch\/fr\/wp-json\/wp\/v2\/audit\/25743","targetHints":{"allow":["GET"]}}],"collection":[{"href":"https:\/\/www.efk.admin.ch\/fr\/wp-json\/wp\/v2\/audit"}],"about":[{"href":"https:\/\/www.efk.admin.ch\/fr\/wp-json\/wp\/v2\/types\/audit"}],"acf:post":[{"embeddable":true,"href":"https:\/\/www.efk.admin.ch\/fr\/wp-json\/wp\/v2\/office\/8065"}],"wp:attachment":[{"href":"https:\/\/www.efk.admin.ch\/fr\/wp-json\/wp\/v2\/media?parent=25743"}],"wp:term":[{"taxonomy":"audit_category","embeddable":true,"href":"https:\/\/www.efk.admin.ch\/fr\/wp-json\/wp\/v2\/audit_category?post=25743"},{"taxonomy":"audit_type","embeddable":true,"href":"https:\/\/www.efk.admin.ch\/fr\/wp-json\/wp\/v2\/audit_type?post=25743"}],"curies":[{"name":"wp","href":"https:\/\/api.w.org\/{rel}","templated":true}]}}

Evaluation de la mesure de l&#8217;efficacité, de la collaboration et de la satisfaction

<p>Le Contrôle fédéral des finances a procédé à une évaluation de Suisse Tourisme durant le premier semestre 2003. Celle-ci doit montrer comment Suisse Tourisme mesure les effets de son action et déterminer si les rapports de causalité entre son activité et l’amélioration de la situation dans la branche du tourisme sont réalistes. Il s’agit en outre d’examiner si Suisse Tourisme coordonne de manière appropriée ses interventions sur le marché avec les autres organismes de la Confédération intéressés à l’image de notre pays. Il importe également de vérifier si les partenaires ainsi que les autres organisations et entreprises concernées ou intéressées sont satisfaites des prestations offertes par Suisse Tourisme.</p>

<!-- This site is optimized with the Yoast SEO Premium plugin v27.4 (Yoast SEO v27.4) - https://yoast.com/product/yoast-seo-premium-wordpress/ -->
<title>Evaluation de la mesure de l&#039;efficacité, de la collaboration et de la satisfaction - Contrôle fédéral des finances (CDF)</title>
<meta name="description" content="Evaluation de la mesure de l&#039;efficacité, de la collaboration et de la satisfaction" />
<meta name="robots" content="index, follow, max-snippet:-1, max-image-preview:large, max-video-preview:-1" />
<link rel="canonical" href="https://www.efk.admin.ch/fr/audit/evaluation-de-la-mesure-de-lefficacite-de-la-collaboration-et-de-la-satisfaction/" />
<meta property="og:locale" content="fr_FR" />
<meta property="og:type" content="article" />
<meta property="og:title" content="Evaluation de la mesure de l&#039;efficacité, de la collaboration et de la satisfaction" />
<meta property="og:description" content="Evaluation de la mesure de l&#039;efficacité, de la collaboration et de la satisfaction" />
<meta property="og:url" content="https://www.efk.admin.ch/fr/audit/evaluation-de-la-mesure-de-lefficacite-de-la-collaboration-et-de-la-satisfaction/" />
<meta property="og:site_name" content="Contrôle fédéral des finances (CDF)" />
<meta property="article:modified_time" content="2024-03-21T17:52:44+00:00" />
<meta property="og:image" content="https://www.efk.admin.ch/wp-content/uploads/test/palais.jpg" />
	<meta property="og:image:width" content="750" />
	<meta property="og:image:height" content="500" />
	<meta property="og:image:type" content="image/jpeg" />
<meta name="twitter:card" content="summary_large_image" />
<meta name="twitter:label1" content="Durée de lecture estimée" />
	<meta name="twitter:data1" content="1 minute" />
<script type="application/ld+json" class="yoast-schema-graph">{"@context":"https:\/\/schema.org","@graph":[{"@type":"WebPage","@id":"https:\/\/www.efk.admin.ch\/fr\/audit\/evaluation-de-la-mesure-de-lefficacite-de-la-collaboration-et-de-la-satisfaction\/","url":"https:\/\/www.efk.admin.ch\/fr\/audit\/evaluation-de-la-mesure-de-lefficacite-de-la-collaboration-et-de-la-satisfaction\/","name":"Evaluation de la mesure de l'efficacité, de la collaboration et de la satisfaction - Contrôle fédéral des finances (CDF)","isPartOf":{"@id":"https:\/\/www.efk.admin.ch\/fr\/#website"},"datePublished":"2024-03-12T16:54:06+00:00","dateModified":"2024-03-21T17:52:44+00:00","description":"Evaluation de la mesure de l'efficacité, de la collaboration et de la satisfaction","breadcrumb":{"@id":"https:\/\/www.efk.admin.ch\/fr\/audit\/evaluation-de-la-mesure-de-lefficacite-de-la-collaboration-et-de-la-satisfaction\/#breadcrumb"},"inLanguage":"fr-FR","potentialAction":[{"@type":"ReadAction","target":["https:\/\/www.efk.admin.ch\/fr\/audit\/evaluation-de-la-mesure-de-lefficacite-de-la-collaboration-et-de-la-satisfaction\/"]}]},{"@type":"BreadcrumbList","@id":"https:\/\/www.efk.admin.ch\/fr\/audit\/evaluation-de-la-mesure-de-lefficacite-de-la-collaboration-et-de-la-satisfaction\/#breadcrumb","itemListElement":[{"@type":"ListItem","position":1,"name":"Home","item":"https:\/\/www.efk.admin.ch\/fr\/"},{"@type":"ListItem","position":2,"name":"Rapport","item":"https:\/\/www.efk.admin.ch\/fr\/audit\/"},{"@type":"ListItem","position":3,"name":"Evaluation de la mesure de l&#8217;efficacité, de la collaboration et de la satisfaction"}]},{"@type":"WebSite","@id":"https:\/\/www.efk.admin.ch\/fr\/#website","url":"https:\/\/www.efk.admin.ch\/fr\/","name":"Informationen über das oberste Finanzaufsichtsorgan der Schweiz","description":"Le Contrôle fédéral des finances (CDF) est l'organe suprême de surveillance financière de la Confédération suisse.","publisher":{"@id":"https:\/\/www.efk.admin.ch\/fr\/#organization"},"alternateName":"EFK","potentialAction":[{"@type":"SearchAction","target":{"@type":"EntryPoint","urlTemplate":"https:\/\/www.efk.admin.ch\/fr\/?s={search_term_string}"},"query-input":{"@type":"PropertyValueSpecification","valueRequired":true,"valueName":"search_term_string"}}],"inLanguage":"fr-FR"},{"@type":"Organization","@id":"https:\/\/www.efk.admin.ch\/fr\/#organization","name":"Contrôle fédéral des finances (CDF)","alternateName":"EFK","url":"https:\/\/www.efk.admin.ch\/fr\/","logo":{"@type":"ImageObject","inLanguage":"fr-FR","@id":"https:\/\/www.efk.admin.ch\/fr\/#\/schema\/logo\/image\/","url":"https:\/\/www.efk.admin.ch\/wp-content\/uploads\/efk_cdf_logo_ohne_claim.png","contentUrl":"https:\/\/www.efk.admin.ch\/wp-content\/uploads\/efk_cdf_logo_ohne_claim.png","width":268,"height":258,"caption":"Contrôle fédéral des finances (CDF)"},"image":{"@id":"https:\/\/www.efk.admin.ch\/fr\/#\/schema\/logo\/image\/"},"sameAs":["https:\/\/www.instagram.com\/efk_cdf_sfao\/","https:\/\/www.youtube.com\/channel\/UCm-bXj227VE5sJzhB-ihdvw\/featured","https:\/\/www.linkedin.com\/company\/11081578\/"]}]}</script>
<!-- / Yoast SEO Premium plugin. -->

Evaluation de la mesure de l'efficacité, de la collaboration et de la satisfaction - Contrôle fédéral des finances (CDF)

Evaluation de la mesure de l'efficacité, de la collaboration et de la satisfaction

Contrôle fédéral des finances (CDF)

Informationen über das oberste Finanzaufsichtsorgan der Schweiz

Le Contrôle fédéral des finances (CDF) est l'organe suprême de surveillance financière de la Confédération suisse.
